{"id":15826,"date":"2024-10-16T23:06:36","date_gmt":"2024-10-16T20:06:36","guid":{"rendered":"https:\/\/dolphinfix.com.tr\/eticaret?page_id=15826"},"modified":"2025-04-04T10:01:21","modified_gmt":"2025-04-04T07:01:21","slug":"belgelerimiz","status":"publish","type":"page","link":"https:\/\/dolphinfix.com.tr\/eticaret\/belgelerimiz\/","title":{"rendered":"Belgelerimiz"},"content":{"rendered":"\t\t<div data-elementor-type=\"wp-page\" data-elementor-id=\"15826\" class=\"elementor elementor-15826\">\n\t\t\t\t<div class=\"elementor-element elementor-element-26b36b7 e-flex e-con-boxed wd-section-disabled e-con e-parent\" data-id=\"26b36b7\" data-element_type=\"container\">\n\t\t\t\t\t<div class=\"e-con-inner\">\n\t\t\t\t<div class=\"elementor-element elementor-element-f10006a elementor-widget elementor-widget-wd_title\" data-id=\"f10006a\" data-element_type=\"widget\" data-widget_type=\"wd_title.default\">\n\t\t\t\t<div class=\"elementor-widget-container\">\n\t\t\t\t\t<div class=\"title-wrapper set-mb-s reset-last-child wd-title-color-default wd-title-style-default wd-title-size-default text-center\">\n\n\t\t\t\t\t\t\t<div class=\"title-subtitle subtitle-color-default subtitle-style-default wd-fontsize-xs\">\n\t\t\t\t\tCertificate of confomith of the factory production control\t\t\t\t<\/div>\n\t\t\t\n\t\t\t<div class=\"liner-continer\">\n\t\t\t\t<h4 class=\"woodmart-title-container title wd-fontsize-l\">CE BELGELER\u0130M\u0130Z<\/h4> \n\t\t\t\t\t\t\t<\/div>\n\n\t\t\t\t\t\t\t<div class=\"title-after_title set-cont-mb-s reset-last-child wd-fontsize-xs\">\n\t\t\t\t\t<p>\u00dcr\u00fcnlerimiz hakk\u0131nda daha detayl\u0131 bilgi sahibi olun<\/p>\t\t\t\t<\/div>\n\t\t\t\t\t<\/div>\n\t\t\t\t<\/div>\n\t\t\t\t<\/div>\n\t\t\t\t\t<\/div>\n\t\t\t\t<\/div>\n\t\t<div class=\"elementor-element elementor-element-824a9dd e-flex e-con-boxed wd-section-disabled e-con e-parent\" data-id=\"824a9dd\" data-element_type=\"container\">\n\t\t\t\t\t<div class=\"e-con-inner\">\n\t\t\t\t<div class=\"elementor-element elementor-element-1d171f1 gallery-spacing-custom elementor-widget elementor-widget-image-gallery\" data-id=\"1d171f1\" data-element_type=\"widget\" data-widget_type=\"image-gallery.default\">\n\t\t\t\t<div class=\"elementor-widget-container\">\n\t\t\t\t\t<div class=\"elementor-image-gallery\">\n\t\t\t\n\t\t<style type=\"text\/css\">\n\t\t\t#gallery-1 {\n\t\t\t\tmargin: auto;\n\t\t\t}\n\t\t\t#gallery-1 .gallery-item {\n\t\t\t\tfloat: left;\n\t\t\t\tmargin-top: 10px;\n\t\t\t\ttext-align: center;\n\t\t\t\twidth: 33%;\n\t\t\t}\n\t\t\t#gallery-1 img {\n\t\t\t\tborder: 2px solid #cfcfcf;\n\t\t\t}\n\t\t\t#gallery-1 .gallery-caption {\n\t\t\t\tmargin-left: 0;\n\t\t\t}\n\t\t\t\/* see gallery_shortcode() in wp-includes\/media.php *\/\n\t\t<\/style>\n\t\t<div id='gallery-1' class='gallery galleryid-15826 gallery-columns-3 gallery-size-full'><dl class='gallery-item'>\n\t\t\t<dt class='gallery-icon portrait'>\n\t\t\t\t<a data-elementor-open-lightbox=\"yes\" data-elementor-lightbox-slideshow=\"1d171f1\" data-elementor-lightbox-title=\"AKER KI\u0307MYA 1504-3 FUK UYGUNLUK BELGESI REV06-TR\" data-e-action-hash=\"#elementor-action%3Aaction%3Dlightbox%26settings%3DeyJpZCI6MTg2ODYsInVybCI6Imh0dHBzOlwvXC9kb2xwaGluZml4LmNvbS50clwvZXRpY2FyZXRcL3dwLWNvbnRlbnRcL3VwbG9hZHNcLzIwMjVcLzA0XC9BS0VSLUtJTVlBLTE1MDQtMy1GVUstVVlHVU5MVUstQkVMR0VTSS1SRVYwNi1UUi5qcGciLCJzbGlkZXNob3ciOiIxZDE3MWYxIn0%3D\" href='https:\/\/dolphinfix.com.tr\/eticaret\/wp-content\/uploads\/2025\/04\/AKER-KIMYA-1504-3-FUK-UYGUNLUK-BELGESI-REV06-TR.jpg'><img fetchpriority=\"high\" decoding=\"async\" width=\"1190\" height=\"1683\" src=\"https:\/\/dolphinfix.com.tr\/eticaret\/wp-content\/uploads\/2025\/04\/AKER-KIMYA-1504-3-FUK-UYGUNLUK-BELGESI-REV06-TR.jpg\" class=\"attachment-full size-full\" alt=\"\" srcset=\"https:\/\/dolphinfix.com.tr\/eticaret\/wp-content\/uploads\/2025\/04\/AKER-KIMYA-1504-3-FUK-UYGUNLUK-BELGESI-REV06-TR.jpg 1190w, https:\/\/dolphinfix.com.tr\/eticaret\/wp-content\/uploads\/2025\/04\/AKER-KIMYA-1504-3-FUK-UYGUNLUK-BELGESI-REV06-TR-212x300.jpg 212w, https:\/\/dolphinfix.com.tr\/eticaret\/wp-content\/uploads\/2025\/04\/AKER-KIMYA-1504-3-FUK-UYGUNLUK-BELGESI-REV06-TR-566x800.jpg 566w, https:\/\/dolphinfix.com.tr\/eticaret\/wp-content\/uploads\/2025\/04\/AKER-KIMYA-1504-3-FUK-UYGUNLUK-BELGESI-REV06-TR-768x1086.jpg 768w, https:\/\/dolphinfix.com.tr\/eticaret\/wp-content\/uploads\/2025\/04\/AKER-KIMYA-1504-3-FUK-UYGUNLUK-BELGESI-REV06-TR-1086x1536.jpg 1086w, https:\/\/dolphinfix.com.tr\/eticaret\/wp-content\/uploads\/2025\/04\/AKER-KIMYA-1504-3-FUK-UYGUNLUK-BELGESI-REV06-TR-860x1216.jpg 860w, https:\/\/dolphinfix.com.tr\/eticaret\/wp-content\/uploads\/2025\/04\/AKER-KIMYA-1504-3-FUK-UYGUNLUK-BELGESI-REV06-TR-430x608.jpg 430w, https:\/\/dolphinfix.com.tr\/eticaret\/wp-content\/uploads\/2025\/04\/AKER-KIMYA-1504-3-FUK-UYGUNLUK-BELGESI-REV06-TR-700x990.jpg 700w, https:\/\/dolphinfix.com.tr\/eticaret\/wp-content\/uploads\/2025\/04\/AKER-KIMYA-1504-3-FUK-UYGUNLUK-BELGESI-REV06-TR-150x212.jpg 150w\" sizes=\"(max-width: 1190px) 100vw, 1190px\" \/><\/a>\n\t\t\t<\/dt><\/dl><dl class='gallery-item'>\n\t\t\t<dt class='gallery-icon portrait'>\n\t\t\t\t<a data-elementor-open-lightbox=\"yes\" data-elementor-lightbox-slideshow=\"1d171f1\" data-elementor-lightbox-title=\"AKER KI\u0307MYA 1504-3 FUK UYGUNLUK BELGESI\u0307 REV06 -ENG\" data-e-action-hash=\"#elementor-action%3Aaction%3Dlightbox%26settings%3DeyJpZCI6MTg2ODcsInVybCI6Imh0dHBzOlwvXC9kb2xwaGluZml4LmNvbS50clwvZXRpY2FyZXRcL3dwLWNvbnRlbnRcL3VwbG9hZHNcLzIwMjVcLzA0XC9BS0VSLUtJTVlBLTE1MDQtMy1GVUstVVlHVU5MVUstQkVMR0VTSS1SRVYwNi1FTkcuanBnIiwic2xpZGVzaG93IjoiMWQxNzFmMSJ9\" href='https:\/\/dolphinfix.com.tr\/eticaret\/wp-content\/uploads\/2025\/04\/AKER-KIMYA-1504-3-FUK-UYGUNLUK-BELGESI-REV06-ENG.jpg'><img decoding=\"async\" width=\"1190\" height=\"1683\" src=\"https:\/\/dolphinfix.com.tr\/eticaret\/wp-content\/uploads\/2025\/04\/AKER-KIMYA-1504-3-FUK-UYGUNLUK-BELGESI-REV06-ENG.jpg\" class=\"attachment-full size-full\" alt=\"\" srcset=\"https:\/\/dolphinfix.com.tr\/eticaret\/wp-content\/uploads\/2025\/04\/AKER-KIMYA-1504-3-FUK-UYGUNLUK-BELGESI-REV06-ENG.jpg 1190w, https:\/\/dolphinfix.com.tr\/eticaret\/wp-content\/uploads\/2025\/04\/AKER-KIMYA-1504-3-FUK-UYGUNLUK-BELGESI-REV06-ENG-212x300.jpg 212w, https:\/\/dolphinfix.com.tr\/eticaret\/wp-content\/uploads\/2025\/04\/AKER-KIMYA-1504-3-FUK-UYGUNLUK-BELGESI-REV06-ENG-566x800.jpg 566w, https:\/\/dolphinfix.com.tr\/eticaret\/wp-content\/uploads\/2025\/04\/AKER-KIMYA-1504-3-FUK-UYGUNLUK-BELGESI-REV06-ENG-768x1086.jpg 768w, https:\/\/dolphinfix.com.tr\/eticaret\/wp-content\/uploads\/2025\/04\/AKER-KIMYA-1504-3-FUK-UYGUNLUK-BELGESI-REV06-ENG-1086x1536.jpg 1086w, https:\/\/dolphinfix.com.tr\/eticaret\/wp-content\/uploads\/2025\/04\/AKER-KIMYA-1504-3-FUK-UYGUNLUK-BELGESI-REV06-ENG-860x1216.jpg 860w, https:\/\/dolphinfix.com.tr\/eticaret\/wp-content\/uploads\/2025\/04\/AKER-KIMYA-1504-3-FUK-UYGUNLUK-BELGESI-REV06-ENG-430x608.jpg 430w, https:\/\/dolphinfix.com.tr\/eticaret\/wp-content\/uploads\/2025\/04\/AKER-KIMYA-1504-3-FUK-UYGUNLUK-BELGESI-REV06-ENG-700x990.jpg 700w, https:\/\/dolphinfix.com.tr\/eticaret\/wp-content\/uploads\/2025\/04\/AKER-KIMYA-1504-3-FUK-UYGUNLUK-BELGESI-REV06-ENG-150x212.jpg 150w\" sizes=\"(max-width: 1190px) 100vw, 1190px\" \/><\/a>\n\t\t\t<\/dt><\/dl><dl class='gallery-item'>\n\t\t\t<dt class='gallery-icon portrait'>\n\t\t\t\t<a data-elementor-open-lightbox=\"yes\" data-elementor-lightbox-slideshow=\"1d171f1\" data-elementor-lightbox-title=\"AKER KI\u0307MYA EN 1504-2 FUK UYGUNLUK BELGESI REV06-TR\" data-e-action-hash=\"#elementor-action%3Aaction%3Dlightbox%26settings%3DeyJpZCI6MTg2ODgsInVybCI6Imh0dHBzOlwvXC9kb2xwaGluZml4LmNvbS50clwvZXRpY2FyZXRcL3dwLWNvbnRlbnRcL3VwbG9hZHNcLzIwMjVcLzA0XC9BS0VSLUtJTVlBLUVOLTE1MDQtMi1GVUstVVlHVU5MVUstQkVMR0VTSS1SRVYwNi1UUi5qcGciLCJzbGlkZXNob3ciOiIxZDE3MWYxIn0%3D\" href='https:\/\/dolphinfix.com.tr\/eticaret\/wp-content\/uploads\/2025\/04\/AKER-KIMYA-EN-1504-2-FUK-UYGUNLUK-BELGESI-REV06-TR.jpg'><img decoding=\"async\" width=\"1190\" height=\"1683\" src=\"https:\/\/dolphinfix.com.tr\/eticaret\/wp-content\/uploads\/2025\/04\/AKER-KIMYA-EN-1504-2-FUK-UYGUNLUK-BELGESI-REV06-TR.jpg\" class=\"attachment-full size-full\" alt=\"\" srcset=\"https:\/\/dolphinfix.com.tr\/eticaret\/wp-content\/uploads\/2025\/04\/AKER-KIMYA-EN-1504-2-FUK-UYGUNLUK-BELGESI-REV06-TR.jpg 1190w, https:\/\/dolphinfix.com.tr\/eticaret\/wp-content\/uploads\/2025\/04\/AKER-KIMYA-EN-1504-2-FUK-UYGUNLUK-BELGESI-REV06-TR-212x300.jpg 212w, https:\/\/dolphinfix.com.tr\/eticaret\/wp-content\/uploads\/2025\/04\/AKER-KIMYA-EN-1504-2-FUK-UYGUNLUK-BELGESI-REV06-TR-566x800.jpg 566w, https:\/\/dolphinfix.com.tr\/eticaret\/wp-content\/uploads\/2025\/04\/AKER-KIMYA-EN-1504-2-FUK-UYGUNLUK-BELGESI-REV06-TR-768x1086.jpg 768w, https:\/\/dolphinfix.com.tr\/eticaret\/wp-content\/uploads\/2025\/04\/AKER-KIMYA-EN-1504-2-FUK-UYGUNLUK-BELGESI-REV06-TR-1086x1536.jpg 1086w, https:\/\/dolphinfix.com.tr\/eticaret\/wp-content\/uploads\/2025\/04\/AKER-KIMYA-EN-1504-2-FUK-UYGUNLUK-BELGESI-REV06-TR-860x1216.jpg 860w, https:\/\/dolphinfix.com.tr\/eticaret\/wp-content\/uploads\/2025\/04\/AKER-KIMYA-EN-1504-2-FUK-UYGUNLUK-BELGESI-REV06-TR-430x608.jpg 430w, https:\/\/dolphinfix.com.tr\/eticaret\/wp-content\/uploads\/2025\/04\/AKER-KIMYA-EN-1504-2-FUK-UYGUNLUK-BELGESI-REV06-TR-700x990.jpg 700w, https:\/\/dolphinfix.com.tr\/eticaret\/wp-content\/uploads\/2025\/04\/AKER-KIMYA-EN-1504-2-FUK-UYGUNLUK-BELGESI-REV06-TR-150x212.jpg 150w\" sizes=\"(max-width: 1190px) 100vw, 1190px\" \/><\/a>\n\t\t\t<\/dt><\/dl><br style=\"clear: both\" \/><dl class='gallery-item'>\n\t\t\t<dt class='gallery-icon portrait'>\n\t\t\t\t<a data-elementor-open-lightbox=\"yes\" data-elementor-lightbox-slideshow=\"1d171f1\" data-elementor-lightbox-title=\"AKER KI\u0307MYA EN 1504-2 FUK UYGUNLUK BELGESI\u0307 REV06 -ENG\" data-e-action-hash=\"#elementor-action%3Aaction%3Dlightbox%26settings%3DeyJpZCI6MTg2ODksInVybCI6Imh0dHBzOlwvXC9kb2xwaGluZml4LmNvbS50clwvZXRpY2FyZXRcL3dwLWNvbnRlbnRcL3VwbG9hZHNcLzIwMjVcLzA0XC9BS0VSLUtJTVlBLUVOLTE1MDQtMi1GVUstVVlHVU5MVUstQkVMR0VTSS1SRVYwNi1FTkcuanBnIiwic2xpZGVzaG93IjoiMWQxNzFmMSJ9\" href='https:\/\/dolphinfix.com.tr\/eticaret\/wp-content\/uploads\/2025\/04\/AKER-KIMYA-EN-1504-2-FUK-UYGUNLUK-BELGESI-REV06-ENG.jpg'><img loading=\"lazy\" decoding=\"async\" width=\"1190\" height=\"1683\" src=\"https:\/\/dolphinfix.com.tr\/eticaret\/wp-content\/uploads\/2025\/04\/AKER-KIMYA-EN-1504-2-FUK-UYGUNLUK-BELGESI-REV06-ENG.jpg\" class=\"attachment-full size-full\" alt=\"\" srcset=\"https:\/\/dolphinfix.com.tr\/eticaret\/wp-content\/uploads\/2025\/04\/AKER-KIMYA-EN-1504-2-FUK-UYGUNLUK-BELGESI-REV06-ENG.jpg 1190w, https:\/\/dolphinfix.com.tr\/eticaret\/wp-content\/uploads\/2025\/04\/AKER-KIMYA-EN-1504-2-FUK-UYGUNLUK-BELGESI-REV06-ENG-212x300.jpg 212w, https:\/\/dolphinfix.com.tr\/eticaret\/wp-content\/uploads\/2025\/04\/AKER-KIMYA-EN-1504-2-FUK-UYGUNLUK-BELGESI-REV06-ENG-566x800.jpg 566w, https:\/\/dolphinfix.com.tr\/eticaret\/wp-content\/uploads\/2025\/04\/AKER-KIMYA-EN-1504-2-FUK-UYGUNLUK-BELGESI-REV06-ENG-768x1086.jpg 768w, https:\/\/dolphinfix.com.tr\/eticaret\/wp-content\/uploads\/2025\/04\/AKER-KIMYA-EN-1504-2-FUK-UYGUNLUK-BELGESI-REV06-ENG-1086x1536.jpg 1086w, https:\/\/dolphinfix.com.tr\/eticaret\/wp-content\/uploads\/2025\/04\/AKER-KIMYA-EN-1504-2-FUK-UYGUNLUK-BELGESI-REV06-ENG-860x1216.jpg 860w, https:\/\/dolphinfix.com.tr\/eticaret\/wp-content\/uploads\/2025\/04\/AKER-KIMYA-EN-1504-2-FUK-UYGUNLUK-BELGESI-REV06-ENG-430x608.jpg 430w, https:\/\/dolphinfix.com.tr\/eticaret\/wp-content\/uploads\/2025\/04\/AKER-KIMYA-EN-1504-2-FUK-UYGUNLUK-BELGESI-REV06-ENG-700x990.jpg 700w, https:\/\/dolphinfix.com.tr\/eticaret\/wp-content\/uploads\/2025\/04\/AKER-KIMYA-EN-1504-2-FUK-UYGUNLUK-BELGESI-REV06-ENG-150x212.jpg 150w\" sizes=\"(max-width: 1190px) 100vw, 1190px\" \/><\/a>\n\t\t\t<\/dt><\/dl><dl class='gallery-item'>\n\t\t\t<dt class='gallery-icon portrait'>\n\t\t\t\t<a data-elementor-open-lightbox=\"yes\" data-elementor-lightbox-slideshow=\"1d171f1\" data-elementor-lightbox-title=\"AKER KI\u0307MYA EN 14891 FUK MUAYENE BELGESI\u0307 FORMU REV04 ENG\" data-e-action-hash=\"#elementor-action%3Aaction%3Dlightbox%26settings%3DeyJpZCI6MTg2OTAsInVybCI6Imh0dHBzOlwvXC9kb2xwaGluZml4LmNvbS50clwvZXRpY2FyZXRcL3dwLWNvbnRlbnRcL3VwbG9hZHNcLzIwMjVcLzA0XC9BS0VSLUtJTVlBLUVOLTE0ODkxLUZVSy1NVUFZRU5FLUJFTEdFU0ktRk9STVUtUkVWMDQtRU5HLmpwZyIsInNsaWRlc2hvdyI6IjFkMTcxZjEifQ%3D%3D\" href='https:\/\/dolphinfix.com.tr\/eticaret\/wp-content\/uploads\/2025\/04\/AKER-KIMYA-EN-14891-FUK-MUAYENE-BELGESI-FORMU-REV04-ENG.jpg'><img loading=\"lazy\" decoding=\"async\" width=\"1190\" height=\"1683\" src=\"https:\/\/dolphinfix.com.tr\/eticaret\/wp-content\/uploads\/2025\/04\/AKER-KIMYA-EN-14891-FUK-MUAYENE-BELGESI-FORMU-REV04-ENG.jpg\" class=\"attachment-full size-full\" alt=\"\" srcset=\"https:\/\/dolphinfix.com.tr\/eticaret\/wp-content\/uploads\/2025\/04\/AKER-KIMYA-EN-14891-FUK-MUAYENE-BELGESI-FORMU-REV04-ENG.jpg 1190w, https:\/\/dolphinfix.com.tr\/eticaret\/wp-content\/uploads\/2025\/04\/AKER-KIMYA-EN-14891-FUK-MUAYENE-BELGESI-FORMU-REV04-ENG-212x300.jpg 212w, https:\/\/dolphinfix.com.tr\/eticaret\/wp-content\/uploads\/2025\/04\/AKER-KIMYA-EN-14891-FUK-MUAYENE-BELGESI-FORMU-REV04-ENG-566x800.jpg 566w, https:\/\/dolphinfix.com.tr\/eticaret\/wp-content\/uploads\/2025\/04\/AKER-KIMYA-EN-14891-FUK-MUAYENE-BELGESI-FORMU-REV04-ENG-768x1086.jpg 768w, https:\/\/dolphinfix.com.tr\/eticaret\/wp-content\/uploads\/2025\/04\/AKER-KIMYA-EN-14891-FUK-MUAYENE-BELGESI-FORMU-REV04-ENG-1086x1536.jpg 1086w, https:\/\/dolphinfix.com.tr\/eticaret\/wp-content\/uploads\/2025\/04\/AKER-KIMYA-EN-14891-FUK-MUAYENE-BELGESI-FORMU-REV04-ENG-860x1216.jpg 860w, https:\/\/dolphinfix.com.tr\/eticaret\/wp-content\/uploads\/2025\/04\/AKER-KIMYA-EN-14891-FUK-MUAYENE-BELGESI-FORMU-REV04-ENG-430x608.jpg 430w, https:\/\/dolphinfix.com.tr\/eticaret\/wp-content\/uploads\/2025\/04\/AKER-KIMYA-EN-14891-FUK-MUAYENE-BELGESI-FORMU-REV04-ENG-700x990.jpg 700w, https:\/\/dolphinfix.com.tr\/eticaret\/wp-content\/uploads\/2025\/04\/AKER-KIMYA-EN-14891-FUK-MUAYENE-BELGESI-FORMU-REV04-ENG-150x212.jpg 150w\" sizes=\"(max-width: 1190px) 100vw, 1190px\" \/><\/a>\n\t\t\t<\/dt><\/dl><dl class='gallery-item'>\n\t\t\t<dt class='gallery-icon portrait'>\n\t\t\t\t<a data-elementor-open-lightbox=\"yes\" data-elementor-lightbox-slideshow=\"1d171f1\" data-elementor-lightbox-title=\"AKER KI\u0307MYA EN 14891 FUK MUAYENE BELGESI\u0307 FORMU REV04 TR\" data-e-action-hash=\"#elementor-action%3Aaction%3Dlightbox%26settings%3DeyJpZCI6MTg2OTEsInVybCI6Imh0dHBzOlwvXC9kb2xwaGluZml4LmNvbS50clwvZXRpY2FyZXRcL3dwLWNvbnRlbnRcL3VwbG9hZHNcLzIwMjVcLzA0XC9BS0VSLUtJTVlBLUVOLTE0ODkxLUZVSy1NVUFZRU5FLUJFTEdFU0ktRk9STVUtUkVWMDQtVFIuanBnIiwic2xpZGVzaG93IjoiMWQxNzFmMSJ9\" href='https:\/\/dolphinfix.com.tr\/eticaret\/wp-content\/uploads\/2025\/04\/AKER-KIMYA-EN-14891-FUK-MUAYENE-BELGESI-FORMU-REV04-TR.jpg'><img loading=\"lazy\" decoding=\"async\" width=\"1190\" height=\"1683\" src=\"https:\/\/dolphinfix.com.tr\/eticaret\/wp-content\/uploads\/2025\/04\/AKER-KIMYA-EN-14891-FUK-MUAYENE-BELGESI-FORMU-REV04-TR.jpg\" class=\"attachment-full size-full\" alt=\"\" srcset=\"https:\/\/dolphinfix.com.tr\/eticaret\/wp-content\/uploads\/2025\/04\/AKER-KIMYA-EN-14891-FUK-MUAYENE-BELGESI-FORMU-REV04-TR.jpg 1190w, https:\/\/dolphinfix.com.tr\/eticaret\/wp-content\/uploads\/2025\/04\/AKER-KIMYA-EN-14891-FUK-MUAYENE-BELGESI-FORMU-REV04-TR-212x300.jpg 212w, https:\/\/dolphinfix.com.tr\/eticaret\/wp-content\/uploads\/2025\/04\/AKER-KIMYA-EN-14891-FUK-MUAYENE-BELGESI-FORMU-REV04-TR-566x800.jpg 566w, https:\/\/dolphinfix.com.tr\/eticaret\/wp-content\/uploads\/2025\/04\/AKER-KIMYA-EN-14891-FUK-MUAYENE-BELGESI-FORMU-REV04-TR-768x1086.jpg 768w, https:\/\/dolphinfix.com.tr\/eticaret\/wp-content\/uploads\/2025\/04\/AKER-KIMYA-EN-14891-FUK-MUAYENE-BELGESI-FORMU-REV04-TR-1086x1536.jpg 1086w, https:\/\/dolphinfix.com.tr\/eticaret\/wp-content\/uploads\/2025\/04\/AKER-KIMYA-EN-14891-FUK-MUAYENE-BELGESI-FORMU-REV04-TR-860x1216.jpg 860w, https:\/\/dolphinfix.com.tr\/eticaret\/wp-content\/uploads\/2025\/04\/AKER-KIMYA-EN-14891-FUK-MUAYENE-BELGESI-FORMU-REV04-TR-430x608.jpg 430w, https:\/\/dolphinfix.com.tr\/eticaret\/wp-content\/uploads\/2025\/04\/AKER-KIMYA-EN-14891-FUK-MUAYENE-BELGESI-FORMU-REV04-TR-700x990.jpg 700w, https:\/\/dolphinfix.com.tr\/eticaret\/wp-content\/uploads\/2025\/04\/AKER-KIMYA-EN-14891-FUK-MUAYENE-BELGESI-FORMU-REV04-TR-150x212.jpg 150w\" sizes=\"(max-width: 1190px) 100vw, 1190px\" \/><\/a>\n\t\t\t<\/dt><\/dl><br style=\"clear: both\" \/>\n\t\t<\/div>\n\t\t<\/div>\n\t\t\t\t<\/div>\n\t\t\t\t<\/div>\n\t\t\t\t\t<\/div>\n\t\t\t\t<\/div>\n\t\t\t\t<\/div>\n\t\t","protected":false},"excerpt":{"rendered":"<p>Certificate of confomith of the factory production control CE BELGELER\u0130M\u0130Z \u00dcr\u00fcnlerimiz hakk\u0131nda daha detayl\u0131 bilgi sahibi olun<\/p>\n","protected":false},"author":1,"featured_media":0,"parent":0,"menu_order":0,"comment_status":"closed","ping_status":"closed","template":"","meta":{"_joinchat":[],"footnotes":""},"class_list":["post-15826","page","type-page","status-publish","hentry"],"yoast_head":"<!-- This site is optimized with the Yoast SEO Premium plugin v20.2.1 (Yoast SEO v20.2.1) - https:\/\/yoast.com\/wordpress\/plugins\/seo\/ -->\n<title>Belgelerimiz - Dolphinfix<\/title>\n<meta name=\"robots\" content=\"index, follow, max-snippet:-1, max-image-preview:large, max-video-preview:-1\" \/>\n<link rel=\"canonical\" href=\"https:\/\/dolphinfix.com.tr\/eticaret\/belgelerimiz\/\" \/>\n<meta property=\"og:locale\" content=\"tr_TR\" \/>\n<meta property=\"og:type\" content=\"article\" \/>\n<meta property=\"og:title\" content=\"Belgelerimiz\" \/>\n<meta property=\"og:description\" content=\"Certificate of confomith of the factory production control CE BELGELER\u0130M\u0130Z \u00dcr\u00fcnlerimiz hakk\u0131nda daha detayl\u0131 bilgi sahibi olun\" \/>\n<meta property=\"og:url\" content=\"https:\/\/dolphinfix.com.tr\/eticaret\/belgelerimiz\/\" \/>\n<meta property=\"og:site_name\" content=\"Dolphinfix\" \/>\n<meta property=\"article:modified_time\" content=\"2025-04-04T07:01:21+00:00\" \/>\n<meta property=\"og:image\" content=\"https:\/\/dolphinfix.com.tr\/eticaret\/wp-content\/uploads\/2025\/04\/AKER-KIMYA-1504-3-FUK-UYGUNLUK-BELGESI-REV06-TR.jpg\" \/>\n<meta name=\"twitter:card\" content=\"summary_large_image\" \/>\n<meta name=\"twitter:label1\" content=\"Tahmini okuma s\u00fcresi\" \/>\n\t<meta name=\"twitter:data1\" content=\"2 dakika\" \/>\n<script type=\"application\/ld+json\" class=\"yoast-schema-graph\">{\"@context\":\"https:\/\/schema.org\",\"@graph\":[{\"@type\":\"WebPage\",\"@id\":\"https:\/\/dolphinfix.com.tr\/eticaret\/belgelerimiz\/\",\"url\":\"https:\/\/dolphinfix.com.tr\/eticaret\/belgelerimiz\/\",\"name\":\"Belgelerimiz - Dolphinfix\",\"isPartOf\":{\"@id\":\"https:\/\/dolphinfix.com.tr\/eticaret\/#website\"},\"datePublished\":\"2024-10-16T20:06:36+00:00\",\"dateModified\":\"2025-04-04T07:01:21+00:00\",\"breadcrumb\":{\"@id\":\"https:\/\/dolphinfix.com.tr\/eticaret\/belgelerimiz\/#breadcrumb\"},\"inLanguage\":\"tr\",\"potentialAction\":[{\"@type\":\"ReadAction\",\"target\":[\"https:\/\/dolphinfix.com.tr\/eticaret\/belgelerimiz\/\"]}]},{\"@type\":\"BreadcrumbList\",\"@id\":\"https:\/\/dolphinfix.com.tr\/eticaret\/belgelerimiz\/#breadcrumb\",\"itemListElement\":[{\"@type\":\"ListItem\",\"position\":1,\"name\":\"Home\",\"item\":\"https:\/\/dolphinfix.com.tr\/eticaret\/\"},{\"@type\":\"ListItem\",\"position\":2,\"name\":\"Belgelerimiz\"}]},{\"@type\":\"WebSite\",\"@id\":\"https:\/\/dolphinfix.com.tr\/eticaret\/#website\",\"url\":\"https:\/\/dolphinfix.com.tr\/eticaret\/\",\"name\":\"Dolphinfix\",\"description\":\"\",\"potentialAction\":[{\"@type\":\"SearchAction\",\"target\":{\"@type\":\"EntryPoint\",\"urlTemplate\":\"https:\/\/dolphinfix.com.tr\/eticaret\/?s={search_term_string}\"},\"query-input\":\"required name=search_term_string\"}],\"inLanguage\":\"tr\"}]}<\/script>\n<!-- \/ Yoast SEO Premium plugin. -->","yoast_head_json":{"title":"Belgelerimiz - Dolphinfix","robots":{"index":"index","follow":"follow","max-snippet":"max-snippet:-1","max-image-preview":"max-image-preview:large","max-video-preview":"max-video-preview:-1"},"canonical":"https:\/\/dolphinfix.com.tr\/eticaret\/belgelerimiz\/","og_locale":"tr_TR","og_type":"article","og_title":"Belgelerimiz","og_description":"Certificate of confomith of the factory production control CE BELGELER\u0130M\u0130Z \u00dcr\u00fcnlerimiz hakk\u0131nda daha detayl\u0131 bilgi sahibi olun","og_url":"https:\/\/dolphinfix.com.tr\/eticaret\/belgelerimiz\/","og_site_name":"Dolphinfix","article_modified_time":"2025-04-04T07:01:21+00:00","og_image":[{"url":"https:\/\/dolphinfix.com.tr\/eticaret\/wp-content\/uploads\/2025\/04\/AKER-KIMYA-1504-3-FUK-UYGUNLUK-BELGESI-REV06-TR.jpg"}],"twitter_card":"summary_large_image","twitter_misc":{"Tahmini okuma s\u00fcresi":"2 dakika"},"schema":{"@context":"https:\/\/schema.org","@graph":[{"@type":"WebPage","@id":"https:\/\/dolphinfix.com.tr\/eticaret\/belgelerimiz\/","url":"https:\/\/dolphinfix.com.tr\/eticaret\/belgelerimiz\/","name":"Belgelerimiz - Dolphinfix","isPartOf":{"@id":"https:\/\/dolphinfix.com.tr\/eticaret\/#website"},"datePublished":"2024-10-16T20:06:36+00:00","dateModified":"2025-04-04T07:01:21+00:00","breadcrumb":{"@id":"https:\/\/dolphinfix.com.tr\/eticaret\/belgelerimiz\/#breadcrumb"},"inLanguage":"tr","potentialAction":[{"@type":"ReadAction","target":["https:\/\/dolphinfix.com.tr\/eticaret\/belgelerimiz\/"]}]},{"@type":"BreadcrumbList","@id":"https:\/\/dolphinfix.com.tr\/eticaret\/belgelerimiz\/#breadcrumb","itemListElement":[{"@type":"ListItem","position":1,"name":"Home","item":"https:\/\/dolphinfix.com.tr\/eticaret\/"},{"@type":"ListItem","position":2,"name":"Belgelerimiz"}]},{"@type":"WebSite","@id":"https:\/\/dolphinfix.com.tr\/eticaret\/#website","url":"https:\/\/dolphinfix.com.tr\/eticaret\/","name":"Dolphinfix","description":"","potentialAction":[{"@type":"SearchAction","target":{"@type":"EntryPoint","urlTemplate":"https:\/\/dolphinfix.com.tr\/eticaret\/?s={search_term_string}"},"query-input":"required name=search_term_string"}],"inLanguage":"tr"}]}},"_links":{"self":[{"href":"https:\/\/dolphinfix.com.tr\/eticaret\/wp-json\/wp\/v2\/pages\/15826","targetHints":{"allow":["GET"]}}],"collection":[{"href":"https:\/\/dolphinfix.com.tr\/eticaret\/wp-json\/wp\/v2\/pages"}],"about":[{"href":"https:\/\/dolphinfix.com.tr\/eticaret\/wp-json\/wp\/v2\/types\/page"}],"author":[{"embeddable":true,"href":"https:\/\/dolphinfix.com.tr\/eticaret\/wp-json\/wp\/v2\/users\/1"}],"replies":[{"embeddable":true,"href":"https:\/\/dolphinfix.com.tr\/eticaret\/wp-json\/wp\/v2\/comments?post=15826"}],"version-history":[{"count":14,"href":"https:\/\/dolphinfix.com.tr\/eticaret\/wp-json\/wp\/v2\/pages\/15826\/revisions"}],"predecessor-version":[{"id":18697,"href":"https:\/\/dolphinfix.com.tr\/eticaret\/wp-json\/wp\/v2\/pages\/15826\/revisions\/18697"}],"wp:attachment":[{"href":"https:\/\/dolphinfix.com.tr\/eticaret\/wp-json\/wp\/v2\/media?parent=15826"}],"curies":[{"name":"wp","href":"https:\/\/api.w.org\/{rel}","templated":true}]}}