{"id":16016,"date":"2024-10-19T18:16:22","date_gmt":"2024-10-19T15:16:22","guid":{"rendered":"https:\/\/dolphinfix.com.tr\/eticaret?post_type=product&#038;p=16016"},"modified":"2026-03-12T16:45:53","modified_gmt":"2026-03-12T13:45:53","slug":"add-600-kristalize-su-yalitim-beton-katkisi","status":"publish","type":"product","link":"https:\/\/dolphinfix.com.tr\/eticaret\/urun\/add-600-kristalize-su-yalitim-beton-katkisi\/","title":{"rendered":"ADD MIX ADD 600 &#8211; BETON SU GE\u00c7\u0130R\u0130MS\u0130ZL\u0130K KATKISI"},"content":{"rendered":"<h3><span style=\"color: #c61016;\">\u00dcR\u00dcN B\u0130LG\u0130LER\u0130 ;<\/span><\/h3>\n<p data-pm-slice=\"0 0 []\"><span style=\"color: #000000;\"><strong>TANIMI:<\/strong> ADD 600, Kullan\u0131ma haz\u0131r, hidrofobik, kapiler etkili, kristalize \u00f6zellikli toz su ge\u00e7irimsizlik beton katk\u0131s\u0131d\u0131r.<\/span><\/p>\n<p><span style=\"color: #000000;\"><strong>KULLANIM ALANLARI<\/strong><\/span><br \/>\n<span style=\"color: #000000;\">\u2022Yeni yap\u0131lar\u0131n yeralt\u0131nda kalan betonlar\u0131n\u0131n imalat\u0131nda,<\/span><br \/>\n<span style=\"color: #000000;\">\u2022Su deposu ve rezervuarlarda, t\u00fcnel, iskele, limanlarda,<\/span><br \/>\n<span style=\"color: #000000;\">\u2022Bodrum, istinat duvar\u0131 ve t\u00fcm betonlarda,<\/span><br \/>\n<span style=\"color: #000000;\">\u2022Beton d\u00f6k\u00fcm imalatlar\u0131nda.<\/span><\/p>\n<p><span style=\"color: #000000;\"><strong>\u00dcR\u00dcN \u00d6ZELL\u0130KLER\u0130<\/strong><\/span><br \/>\n<span style=\"color: #000000;\">\u2022Kullan\u0131ma haz\u0131rd\u0131r.<\/span><br \/>\n<span style=\"color: #000000;\">\u2022Katalitik kimyasal reaksiyon \u00f6zelli\u011fi ile beton i\u00e7inde her y\u00f6ne da\u011f\u0131larak mevcut g\u00f6zenekleri ve Kapiler bo\u015fluklar\u0131 doldurur. Bu \u00f6zelli\u011fi ile ba\u015fta su olmak<\/span><br \/>\n<span style=\"color: #000000;\">\u00fczere betona zarar verebilecek di\u011fer s\u0131valar\u0131n betonun i\u00e7ine girmesini \u00f6nler.<\/span><br \/>\n<span style=\"color: #000000;\">\u2022Betonun i\u00e7indeki donat\u0131y\u0131 korozyon etkilere kar\u015f\u0131 korur.<\/span><br \/>\n<span style=\"color: #000000;\">\u2022Agresif kimyasallara kar\u015f\u0131 dayan\u0131kl\u0131d\u0131r.<\/span><br \/>\n<span style=\"color: #000000;\">\u2022Toksik madde i\u00e7ermez<\/span><br \/>\n<span style=\"color: #000000;\">\u2022Betonun nefes almas\u0131n\u0131 sa\u011flar.<\/span><br \/>\n<span style=\"color: #000000;\">\u2022\u00c7e\u015fitli uygulamalara g\u00f6re daha pratik ve ekonomiktir.<\/span><br \/>\n<span style=\"color: #000000;\">\u2022Hacim art\u0131\u015f\u0131 sa\u011flar ve k\u0131lcal \u00e7atlaklar\u0131n \u00f6rt\u00fclmesinde \u00f6nemli rol oynar.<\/span><br \/>\n<span style=\"color: #000000;\">\u2022Harca ak\u0131c\u0131l\u0131k vererek kal\u0131plarda bo\u015fluk olu\u015fmas\u0131n\u0131 engeller<\/span><br \/>\n<span style=\"color: #000000;\">\u2022Nemli y\u00fczeylere uygulanabilir.<\/span><br \/>\n<span style=\"color: #000000;\">\u2022Tu\u011fla ve ta\u015f kaplama har\u00e7lar\u0131nda i\u015flenebilirli\u011fi art\u0131r\u0131r.<\/span><\/p>\n<p><span style=\"color: #000000;\"><strong>TEKN\u0130K \u00d6ZELL\u0130KLER<\/strong><\/span><br \/>\n<span style=\"color: #000000;\">Kimyasal Bile\u015fim: \u00c7imento, silis kum ve organik bile\u015fikler<\/span><br \/>\n<span style=\"color: #000000;\">Renk: A\u00e7\u0131k Gri<\/span><br \/>\n<span style=\"color: #000000;\">G\u00f6r\u00fcn\u00fcm: Toz<\/span><br \/>\n<span style=\"color: #000000;\">\u00d6zellik: Su ge\u00e7irimsizlik Katk\u0131s\u0131<\/span><br \/>\n<span style=\"color: #000000;\">PH: 12-14<\/span><br \/>\n<span style=\"color: #000000;\">Klor\u00fcr \u0130\u00e7eri\u011fi: &lt;0,1%<\/span><br \/>\n<span style=\"color: #000000;\">U\u00e7ucu Organik Bile\u015fik: Yok<\/span><br \/>\n<span style=\"color: #000000;\">\u0130\u015fleme derinli\u011fi: S\u0131n\u0131f I : &lt; 10 mm<\/span><br \/>\n<span style=\"color: #000000;\">Su Emme ve Alkali deneyi direnci: &lt; %10<\/span><\/p>\n<p><span style=\"color: #000000;\"><strong>UYGULAMA Y\u00d6NTEM\u0130<\/strong><\/span><br \/>\n<span style=\"color: #000000;\">ADD 600, \u00c7imento a\u011f\u0131rl\u0131\u011f\u0131n\u0131n %2-3 kadar kullan\u0131lmal\u0131d\u0131r. 1 m\u00b3 beton kar\u0131\u015f\u0131m\u0131 i\u00e7in asgar\u00ee 6 Kg az\u00e2mi 12 Kg kullan\u0131lmal\u0131d\u0131r.<\/span><\/p>\n<p><span style=\"color: #000000;\"><strong>D\u0130KKAT ED\u0130LMES\u0130 GEREKEN HUSUSLAR<\/strong><\/span><br \/>\n<span style=\"color: #000000;\">\u2022ADD 600 uygulanacak beton kar\u0131\u015f\u0131m \u0131s\u0131s\u0131 4\u00b0C \u00fczerinde olmal\u0131d\u0131r.<\/span><br \/>\n<span style=\"color: #000000;\">\u2022Homojen bir kar\u0131\u015f\u0131m elde etmek i\u00e7in iyice kar\u0131\u015ft\u0131\u011f\u0131ndan emin olun.<\/span><br \/>\n<span style=\"color: #000000;\">\u2022ADD 600, DOLPHINF\u0130X \u00fcr\u00fcnleriyle uyumludur. Farkl\u0131 \u00fcr\u00fcnlerle uyumlulu\u011fu ispatlamak i\u00e7in \u00f6n test gerekmektedir.<\/span><br \/>\n<span style=\"color: #000000;\">\u2022Daha fazla bilgi ve yard\u0131m i\u00e7in l\u00fctfen Dolphinfix Teknik Servis ile ileti\u015fime ge\u00e7iniz.<\/span><\/p>\n<p><span style=\"color: #000000;\"><strong>\u00a0AMBALAJ<\/strong><\/span><br \/>\n<span style=\"color: #000000;\">15 Kg Kraft Torba<\/span><\/p>\n<p><span style=\"color: #000000;\"><strong>RAF \u00d6MR\u00dc<\/strong><\/span><br \/>\n<span style=\"color: #000000;\">Orijinal, hasar g\u00f6rmemi\u015f ve a\u00e7\u0131lmam\u0131\u015f ambalaj\u0131nda \u00fcretim tarihi itibariyle 12 ay kullan\u0131labilir.<\/span><\/p>\n","protected":false},"excerpt":{"rendered":"<p><span style=\"color: #000000;\"><a style=\"color: #000000;\" href=\"https:\/\/dolphinfix.com.tr\/eticaret\/wp-content\/uploads\/2025\/04\/ADD-MIX-ADD-600-TDS.pdf\" target=\"_blank\" rel=\"noopener\">TDS Belgesini \u0130ndirmek \u0130\u00e7in T\u0131klay\u0131n\u0131z<br \/>\n<\/a><\/span><span style=\"color: #000000;\"><a style=\"color: #000000;\" href=\"#\" target=\"_blank\" rel=\"noopener\">CE Belgesini \u0130ndirmek \u0130\u00e7in T\u0131klay\u0131n\u0131z<br \/>\n<\/a><\/span><\/p>\n","protected":false},"featured_media":16140,"comment_status":"open","ping_status":"closed","template":"","meta":{"_joinchat":[]},"product_cat":[89,133],"product_tag":[663,656,654,661,659,666,660,667,668,657,665,655,664,662,658],"class_list":{"0":"post-16016","1":"product","2":"type-product","3":"status-publish","4":"has-post-thumbnail","6":"product_cat-beton-katkilari","7":"product_cat-beton-su-gecirimsizlik-katkilari","8":"product_tag-beton-dayaniklilik-artirici","9":"product_tag-beton-katki-malzemesi","10":"product_tag-beton-su-gecirmezlik-katkisi","11":"product_tag-cimento-katkisi","12":"product_tag-dayanikli-beton","13":"product_tag-enerji-tasarruflu-beton","14":"product_tag-insaat-katki-malzemesi","15":"product_tag-kolay-uygulanabilir-beton-katkisi","16":"product_tag-profesyonel-insaat-malzemesi","17":"product_tag-su-gecirmez-beton","18":"product_tag-su-yalitim-katki-maddesi","19":"product_tag-su-yalitim-katkisi","20":"product_tag-uzun-omurlu-beton","21":"product_tag-yapi-malzemeleri","22":"product_tag-yuksek-performansli-beton-katkisi","24":"first","25":"instock","26":"taxable","27":"shipping-taxable","28":"purchasable","29":"product-type-variable"},"yoast_head":"<!-- This site is optimized with the Yoast SEO Premium plugin v20.2.1 (Yoast SEO v20.2.1) - https:\/\/yoast.com\/wordpress\/plugins\/seo\/ -->\n<title>ADD 600 Kristalize Beton Su Yal\u0131t\u0131m Katk\u0131s\u0131 | Su Ge\u00e7irimsizlik<\/title>\n<meta name=\"description\" content=\"ADD 600 kristalize beton katk\u0131s\u0131, kapiler bo\u015fluklar\u0131 doldurarak su ge\u00e7irimsizlik sa\u011flar. Bodrum, su deposu ve yeralt\u0131 betonlar\u0131nda y\u00fcksek koruma sunar.\" \/>\n<meta name=\"robots\" content=\"index, follow, max-snippet:-1, max-image-preview:large, max-video-preview:-1\" \/>\n<link rel=\"canonical\" href=\"https:\/\/dolphinfix.com.tr\/eticaret\/urun\/add-600-kristalize-su-yalitim-beton-katkisi\/\" \/>\n<meta property=\"og:locale\" content=\"tr_TR\" \/>\n<meta property=\"og:type\" content=\"article\" \/>\n<meta property=\"og:title\" content=\"ADD MIX ADD 600 - BETON SU GE\u00c7\u0130R\u0130MS\u0130ZL\u0130K KATKISI\" \/>\n<meta property=\"og:description\" content=\"ADD 600 kristalize beton katk\u0131s\u0131, kapiler bo\u015fluklar\u0131 doldurarak su ge\u00e7irimsizlik sa\u011flar. Bodrum, su deposu ve yeralt\u0131 betonlar\u0131nda y\u00fcksek koruma sunar.\" \/>\n<meta property=\"og:url\" content=\"https:\/\/dolphinfix.com.tr\/eticaret\/urun\/add-600-kristalize-su-yalitim-beton-katkisi\/\" \/>\n<meta property=\"og:site_name\" content=\"Dolphinfix\" \/>\n<meta property=\"article:modified_time\" content=\"2026-03-12T13:45:53+00:00\" \/>\n<meta property=\"og:image\" content=\"https:\/\/dolphinfix.com.tr\/eticaret\/wp-content\/uploads\/2024\/10\/600.png\" \/>\n\t<meta property=\"og:image:width\" content=\"1000\" \/>\n\t<meta property=\"og:image:height\" content=\"1000\" \/>\n\t<meta property=\"og:image:type\" content=\"image\/png\" \/>\n<meta name=\"twitter:card\" content=\"summary_large_image\" \/>\n<meta name=\"twitter:label1\" content=\"Tahmini okuma s\u00fcresi\" \/>\n\t<meta name=\"twitter:data1\" content=\"2 dakika\" \/>\n<script type=\"application\/ld+json\" class=\"yoast-schema-graph\">{\"@context\":\"https:\/\/schema.org\",\"@graph\":[{\"@type\":\"WebPage\",\"@id\":\"https:\/\/dolphinfix.com.tr\/eticaret\/urun\/add-600-kristalize-su-yalitim-beton-katkisi\/\",\"url\":\"https:\/\/dolphinfix.com.tr\/eticaret\/urun\/add-600-kristalize-su-yalitim-beton-katkisi\/\",\"name\":\"ADD 600 Kristalize Beton Su Yal\u0131t\u0131m Katk\u0131s\u0131 | Su Ge\u00e7irimsizlik\",\"isPartOf\":{\"@id\":\"https:\/\/dolphinfix.com.tr\/eticaret\/#website\"},\"datePublished\":\"2024-10-19T15:16:22+00:00\",\"dateModified\":\"2026-03-12T13:45:53+00:00\",\"description\":\"ADD 600 kristalize beton katk\u0131s\u0131, kapiler bo\u015fluklar\u0131 doldurarak su ge\u00e7irimsizlik sa\u011flar. Bodrum, su deposu ve yeralt\u0131 betonlar\u0131nda y\u00fcksek koruma sunar.\",\"breadcrumb\":{\"@id\":\"https:\/\/dolphinfix.com.tr\/eticaret\/urun\/add-600-kristalize-su-yalitim-beton-katkisi\/#breadcrumb\"},\"inLanguage\":\"tr\",\"potentialAction\":[{\"@type\":\"ReadAction\",\"target\":[\"https:\/\/dolphinfix.com.tr\/eticaret\/urun\/add-600-kristalize-su-yalitim-beton-katkisi\/\"]}]},{\"@type\":\"BreadcrumbList\",\"@id\":\"https:\/\/dolphinfix.com.tr\/eticaret\/urun\/add-600-kristalize-su-yalitim-beton-katkisi\/#breadcrumb\",\"itemListElement\":[{\"@type\":\"ListItem\",\"position\":1,\"name\":\"Home\",\"item\":\"https:\/\/dolphinfix.com.tr\/eticaret\/\"},{\"@type\":\"ListItem\",\"position\":2,\"name\":\"Market\",\"item\":\"https:\/\/dolphinfix.com.tr\/eticaret\/market\/\"},{\"@type\":\"ListItem\",\"position\":3,\"name\":\"ADD MIX ADD 600 &#8211; BETON SU GE\u00c7\u0130R\u0130MS\u0130ZL\u0130K KATKISI\"}]},{\"@type\":\"WebSite\",\"@id\":\"https:\/\/dolphinfix.com.tr\/eticaret\/#website\",\"url\":\"https:\/\/dolphinfix.com.tr\/eticaret\/\",\"name\":\"Dolphinfix\",\"description\":\"\",\"potentialAction\":[{\"@type\":\"SearchAction\",\"target\":{\"@type\":\"EntryPoint\",\"urlTemplate\":\"https:\/\/dolphinfix.com.tr\/eticaret\/?s={search_term_string}\"},\"query-input\":\"required name=search_term_string\"}],\"inLanguage\":\"tr\"}]}<\/script>\n<!-- \/ Yoast SEO Premium plugin. -->","yoast_head_json":{"title":"ADD 600 Kristalize Beton Su Yal\u0131t\u0131m Katk\u0131s\u0131 | Su Ge\u00e7irimsizlik","description":"ADD 600 kristalize beton katk\u0131s\u0131, kapiler bo\u015fluklar\u0131 doldurarak su ge\u00e7irimsizlik sa\u011flar. Bodrum, su deposu ve yeralt\u0131 betonlar\u0131nda y\u00fcksek koruma sunar.","robots":{"index":"index","follow":"follow","max-snippet":"max-snippet:-1","max-image-preview":"max-image-preview:large","max-video-preview":"max-video-preview:-1"},"canonical":"https:\/\/dolphinfix.com.tr\/eticaret\/urun\/add-600-kristalize-su-yalitim-beton-katkisi\/","og_locale":"tr_TR","og_type":"article","og_title":"ADD MIX ADD 600 - BETON SU GE\u00c7\u0130R\u0130MS\u0130ZL\u0130K KATKISI","og_description":"ADD 600 kristalize beton katk\u0131s\u0131, kapiler bo\u015fluklar\u0131 doldurarak su ge\u00e7irimsizlik sa\u011flar. Bodrum, su deposu ve yeralt\u0131 betonlar\u0131nda y\u00fcksek koruma sunar.","og_url":"https:\/\/dolphinfix.com.tr\/eticaret\/urun\/add-600-kristalize-su-yalitim-beton-katkisi\/","og_site_name":"Dolphinfix","article_modified_time":"2026-03-12T13:45:53+00:00","og_image":[{"width":1000,"height":1000,"url":"https:\/\/dolphinfix.com.tr\/eticaret\/wp-content\/uploads\/2024\/10\/600.png","type":"image\/png"}],"twitter_card":"summary_large_image","twitter_misc":{"Tahmini okuma s\u00fcresi":"2 dakika"},"schema":{"@context":"https:\/\/schema.org","@graph":[{"@type":"WebPage","@id":"https:\/\/dolphinfix.com.tr\/eticaret\/urun\/add-600-kristalize-su-yalitim-beton-katkisi\/","url":"https:\/\/dolphinfix.com.tr\/eticaret\/urun\/add-600-kristalize-su-yalitim-beton-katkisi\/","name":"ADD 600 Kristalize Beton Su Yal\u0131t\u0131m Katk\u0131s\u0131 | Su Ge\u00e7irimsizlik","isPartOf":{"@id":"https:\/\/dolphinfix.com.tr\/eticaret\/#website"},"datePublished":"2024-10-19T15:16:22+00:00","dateModified":"2026-03-12T13:45:53+00:00","description":"ADD 600 kristalize beton katk\u0131s\u0131, kapiler bo\u015fluklar\u0131 doldurarak su ge\u00e7irimsizlik sa\u011flar. Bodrum, su deposu ve yeralt\u0131 betonlar\u0131nda y\u00fcksek koruma sunar.","breadcrumb":{"@id":"https:\/\/dolphinfix.com.tr\/eticaret\/urun\/add-600-kristalize-su-yalitim-beton-katkisi\/#breadcrumb"},"inLanguage":"tr","potentialAction":[{"@type":"ReadAction","target":["https:\/\/dolphinfix.com.tr\/eticaret\/urun\/add-600-kristalize-su-yalitim-beton-katkisi\/"]}]},{"@type":"BreadcrumbList","@id":"https:\/\/dolphinfix.com.tr\/eticaret\/urun\/add-600-kristalize-su-yalitim-beton-katkisi\/#breadcrumb","itemListElement":[{"@type":"ListItem","position":1,"name":"Home","item":"https:\/\/dolphinfix.com.tr\/eticaret\/"},{"@type":"ListItem","position":2,"name":"Market","item":"https:\/\/dolphinfix.com.tr\/eticaret\/market\/"},{"@type":"ListItem","position":3,"name":"ADD MIX ADD 600 &#8211; BETON SU GE\u00c7\u0130R\u0130MS\u0130ZL\u0130K KATKISI"}]},{"@type":"WebSite","@id":"https:\/\/dolphinfix.com.tr\/eticaret\/#website","url":"https:\/\/dolphinfix.com.tr\/eticaret\/","name":"Dolphinfix","description":"","potentialAction":[{"@type":"SearchAction","target":{"@type":"EntryPoint","urlTemplate":"https:\/\/dolphinfix.com.tr\/eticaret\/?s={search_term_string}"},"query-input":"required name=search_term_string"}],"inLanguage":"tr"}]}},"_links":{"self":[{"href":"https:\/\/dolphinfix.com.tr\/eticaret\/wp-json\/wp\/v2\/product\/16016","targetHints":{"allow":["GET"]}}],"collection":[{"href":"https:\/\/dolphinfix.com.tr\/eticaret\/wp-json\/wp\/v2\/product"}],"about":[{"href":"https:\/\/dolphinfix.com.tr\/eticaret\/wp-json\/wp\/v2\/types\/product"}],"replies":[{"embeddable":true,"href":"https:\/\/dolphinfix.com.tr\/eticaret\/wp-json\/wp\/v2\/comments?post=16016"}],"version-history":[{"count":6,"href":"https:\/\/dolphinfix.com.tr\/eticaret\/wp-json\/wp\/v2\/product\/16016\/revisions"}],"predecessor-version":[{"id":19417,"href":"https:\/\/dolphinfix.com.tr\/eticaret\/wp-json\/wp\/v2\/product\/16016\/revisions\/19417"}],"wp:featuredmedia":[{"embeddable":true,"href":"https:\/\/dolphinfix.com.tr\/eticaret\/wp-json\/wp\/v2\/media\/16140"}],"wp:attachment":[{"href":"https:\/\/dolphinfix.com.tr\/eticaret\/wp-json\/wp\/v2\/media?parent=16016"}],"wp:term":[{"taxonomy":"product_cat","embeddable":true,"href":"https:\/\/dolphinfix.com.tr\/eticaret\/wp-json\/wp\/v2\/product_cat?post=16016"},{"taxonomy":"product_tag","embeddable":true,"href":"https:\/\/dolphinfix.com.tr\/eticaret\/wp-json\/wp\/v2\/product_tag?post=16016"}],"curies":[{"name":"wp","href":"https:\/\/api.w.org\/{rel}","templated":true}]}}