{"id":16072,"date":"2024-10-19T22:34:22","date_gmt":"2024-10-19T19:34:22","guid":{"rendered":"https:\/\/dolphinfix.com.tr\/eticaret?post_type=product&#038;p=16072"},"modified":"2026-03-12T17:03:52","modified_gmt":"2026-03-12T14:03:52","slug":"ltx-620-akrilik-aderans-artirici-beton-katkisi","status":"publish","type":"product","link":"https:\/\/dolphinfix.com.tr\/eticaret\/urun\/ltx-620-akrilik-aderans-artirici-beton-katkisi\/","title":{"rendered":"LATEKS LTX 620 &#8211; ADERANS ARTTIRICI VE SU GE\u00c7\u0130R\u0130MS\u0130ZL\u0130K BETON KATKISI"},"content":{"rendered":"<p><span style=\"color: #ff0000;\"><strong>Not:Bu \u00fcr\u00fcnden 200 kg sat\u0131n almak istemeniz halinde whatsapp hatt\u0131ndan k\u0131sa yola t\u0131klayarak ula\u015fabilirsiniz.<\/strong><\/span><\/p>\n<h3><span style=\"color: #c61016;\">\u00dcR\u00dcN B\u0130LG\u0130LER\u0130 ;<\/span><\/h3>\n<p data-pm-slice=\"0 0 []\"><span style=\"color: #000000;\"><strong>TANIMI:<\/strong> LTX 620, Akrilik dispersiyon esasl\u0131, astar olarak aderans art\u0131r\u0131c\u0131, su ge\u00e7irimsizlik sa\u011flamak i\u00e7in \u00e7imento ve kire\u00e7 esasl\u0131 s\u0131va, \u015fap ve beton katk\u0131s\u0131d\u0131r.<\/span><\/p>\n<p><span style=\"color: #000000;\"><strong>KULLANIM ALANLARI<\/strong><\/span><br \/>\n<span style=\"color: #000000;\">\u2022\u0130\u00e7 ve d\u0131\u015f mekanlarda uygulanan s\u0131va har\u00e7lar\u0131nda,<\/span><br \/>\n<span style=\"color: #000000;\">\u2022\u015eap uygulamalar\u0131nda aderans\u0131 art\u0131mak i\u00e7in astar olarak,<\/span><br \/>\n<span style=\"color: #000000;\">\u2022Eski beton \u00fczerine yeni beton uygulamas\u0131nda yap\u0131\u015fmay\u0131 art\u0131rmak i\u00e7in ge\u00e7i\u015f astar\u0131 olarak ,<\/span><br \/>\n<span style=\"color: #000000;\">\u2022Serpme s\u0131va haz\u0131rlamak i\u00e7in katk\u0131 olarak,<\/span><br \/>\n<span style=\"color: #000000;\">\u2022Bozuk beton y\u00fczeylerinin s\u0131va ve \u015fap\u0131 tamir edilmesi i\u00e7in haz\u0131rlanan harca katk\u0131 olarak,<\/span><\/p>\n<p><span style=\"color: #000000;\"><strong>\u00dcR\u00dcN \u00d6ZELL\u0130KLER\u0130<\/strong><\/span><br \/>\n<span style=\"color: #000000;\">\u2022Su ge\u00e7irimsizli\u011fi art\u0131r\u0131r.<\/span><br \/>\n<span style=\"color: #000000;\">\u2022Emici y\u00fczeylerin emicili\u011fini azalt\u0131r.<\/span><br \/>\n<span style=\"color: #000000;\">\u2022Y\u00fcksek yap\u0131\u015fma ve esneklik kazand\u0131r\u0131r.<\/span><br \/>\n<span style=\"color: #000000;\">\u2022Har\u00e7ta \u00e7atlak olu\u015fmas\u0131n\u0131 engeller,<\/span><br \/>\n<span style=\"color: #000000;\">\u2022A\u015f\u0131nmaya kar\u015f\u0131 dayan\u0131m kazand\u0131r\u0131r.<\/span><br \/>\n<span style=\"color: #000000;\">\u2022Harc\u0131n yap\u0131s\u0131nda kal\u0131c\u0131 ve g\u00fc\u00e7l\u00fc bir ba\u011f olu\u015fturur.<\/span><br \/>\n<span style=\"color: #000000;\">\u2022Klor ge\u00e7irimsizli\u011fini art\u0131r\u0131r.<\/span><br \/>\n<span style=\"color: #000000;\">\u2022\u0130\u015flenebilirlik \u00f6zelli\u011fini art\u0131r\u0131r.<\/span><\/p>\n<p><span style=\"color: #000000;\"><strong>TEKN\u0130K \u00d6ZELL\u0130KLER<\/strong><\/span><br \/>\n<span style=\"color: #000000;\">Kimyasal Bile\u015fim: Akrilik Em\u00fclsiyon<\/span><br \/>\n<span style=\"color: #000000;\">Renk: Beyaz<\/span><br \/>\n<span style=\"color: #000000;\">G\u00f6r\u00fcn\u00fcm: S\u0131v\u0131<\/span><br \/>\n<span style=\"color: #000000;\">Yo\u011funluk: 1,02 \u00b1 0,01 Kg\/Lt<\/span><br \/>\n<span style=\"color: #000000;\">PH: 7-9<\/span><br \/>\n<span style=\"color: #000000;\">Kap \u00d6mr\u00fc: 1 saat<\/span><\/p>\n<p><span style=\"color: #000000;\"><strong>UYGULAMA Y\u00d6NTEM\u0130<\/strong><\/span><br \/>\n<span style=\"color: #000000;\">BETONLAR ARASI GE\u00c7\u0130\u015e ASTARI Eski ve yeni beton aras\u0131nda aderans\u0131 art\u0131rmak i\u00e7in haz\u0131rlanacak ge\u00e7i\u015f astar\u0131: 2 kg \u00e7imento, 3 kg di\u015fli kum (0-3 mm) 1.25 kg LTX 620 ve 1 kg su ile kar\u0131\u015ft\u0131r\u0131n. 2 mm kal\u0131nl\u0131kta f\u0131r\u00e7a ile uygulay\u0131n. Uygulanan kar\u0131\u015f\u0131m kurumadan yeni betonu d\u00f6k\u00fcn. S\u0131va Har\u00e7lar\u0131nda su oran\u0131n\u0131n % 1,5 \u2013 2\u2019 si kadar LTX 620 harca kat\u0131lmal\u0131d\u0131r. Serpme har\u00e7 yap\u0131m\u0131nda su miktar\u0131n\u0131n % 4 \u2013 5\u2019i kadar LTX 620 harca kat\u0131lmas\u0131 yeterli olur.<\/span><\/p>\n<p><span style=\"color: #000000;\"><strong>D\u0130KKAT ED\u0130LMES\u0130 GEREKEN HUSUSLAR<\/strong><\/span><br \/>\n<span style=\"color: #000000;\">\u2022Astar kurumadan beton, \u015fap ve s\u0131va uygulanmal\u0131d\u0131r. Astar\u0131n kurumas\u0131 durumunda uygulamaya ba\u015flamadan yeniden astar uygulamas\u0131 yap\u0131lmal\u0131d\u0131r.<\/span><br \/>\n<span style=\"color: #000000;\">\u2022LTX 620 tek ba\u015f\u0131na astar olarak kullanmay\u0131n, mutlaka \u00e7imento ve kum ile kar\u0131\u015ft\u0131r\u0131n\u0131z.<\/span><br \/>\n<span style=\"color: #000000;\">\u2022Serpme har\u00e7 uygulamas\u0131nda y\u00fczeyin suya doygun hale gelmesine dikkat edin. Y\u00fczeyde serbest su olmamal\u0131d\u0131r.<\/span><br \/>\n<span style=\"color: #000000;\">\u2022Daha fazla bilgi ve yard\u0131m i\u00e7in l\u00fctfen Dolphinfix Teknik Servis ile ileti\u015fime ge\u00e7iniz.<\/span><\/p>\n<p><span style=\"color: #000000;\"><strong>AMBALAJ<\/strong><\/span><br \/>\n<span style=\"color: #000000;\">10 ve 30 kg plastik bidonlarda.<\/span><\/p>\n<p><span style=\"color: #000000;\"><strong>RAF \u00d6MR\u00dc<\/strong><\/span><br \/>\n<span style=\"color: #000000;\">Orijinal, hasar g\u00f6rmemi\u015f ve a\u00e7\u0131lmam\u0131\u015f ambalaj\u0131nda \u00fcretim tarihi itibariyle 12 ay kullan\u0131labilir.<\/span><\/p>\n","protected":false},"excerpt":{"rendered":"<p><span style=\"color: #000000;\"><a style=\"color: #000000;\" href=\"https:\/\/dolphinfix.com.tr\/eticaret\/wp-content\/uploads\/2025\/04\/LATEX-ADERANS-ARTTIRICI-VE-SU-GECIRIMSIZLIK-BEYTON-KATKISI-LTX-620-TDS.pdf\" target=\"_blank\" rel=\"noopener\">TDS Belgesini \u0130ndirmek \u0130\u00e7in T\u0131klay\u0131n\u0131z<\/a><\/span><br \/>\n<span style=\"color: #000000;\"><a style=\"color: #000000;\" href=\"https:\/\/dolphinfix.com.tr\/eticaret\/wp-content\/uploads\/2025\/03\/AKER-KIMYA-EN-1504-2-FUK-UYGUNLUK-BELGESI-REV06-TR.pdf\" target=\"_blank\" rel=\"noopener\">CE Belgesini \u0130ndirmek \u0130\u00e7in T\u0131klay\u0131n\u0131z<\/a><\/span><\/p>\n","protected":false},"featured_media":16145,"comment_status":"open","ping_status":"closed","template":"","meta":{"_joinchat":[]},"product_cat":[89,133],"product_tag":[743,680,734,656,654,659,666,660,667,668,655,664,662,744,658],"class_list":{"0":"post-16072","1":"product","2":"type-product","3":"status-publish","4":"has-post-thumbnail","6":"product_cat-beton-katkilari","7":"product_cat-beton-su-gecirimsizlik-katkilari","8":"product_tag-aderans-arttirici-katki","9":"product_tag-beton-guclendirici","10":"product_tag-beton-karisim-katkisi","11":"product_tag-beton-katki-malzemesi","12":"product_tag-beton-su-gecirmezlik-katkisi","13":"product_tag-dayanikli-beton","14":"product_tag-enerji-tasarruflu-beton","15":"product_tag-insaat-katki-malzemesi","16":"product_tag-kolay-uygulanabilir-beton-katkisi","17":"product_tag-profesyonel-insaat-malzemesi","18":"product_tag-su-yalitim-katkisi","19":"product_tag-uzun-omurlu-beton","20":"product_tag-yapi-malzemeleri","21":"product_tag-yapisma-arttirici-beton-katkisi","22":"product_tag-yuksek-performansli-beton-katkisi","24":"first","25":"instock","26":"taxable","27":"shipping-taxable","28":"purchasable","29":"product-type-variable"},"yoast_head":"<!-- This site is optimized with the Yoast SEO Premium plugin v20.2.1 (Yoast SEO v20.2.1) - https:\/\/yoast.com\/wordpress\/plugins\/seo\/ -->\n<title>LTX 620 Akrilik Aderans Art\u0131r\u0131c\u0131 Beton Katk\u0131s\u0131<\/title>\n<meta name=\"description\" content=\"LTX 620 akrilik aderans art\u0131r\u0131c\u0131 katk\u0131, beton, \u015fap ve s\u0131valarda yap\u0131\u015fmay\u0131 g\u00fc\u00e7lendirir, su ge\u00e7irimsizlik sa\u011flar ve \u00e7atlak olu\u015fumunu azaltarak dayan\u0131m\u0131 art\u0131r\u0131r.\" \/>\n<meta name=\"robots\" content=\"index, follow, max-snippet:-1, max-image-preview:large, max-video-preview:-1\" \/>\n<link rel=\"canonical\" href=\"https:\/\/dolphinfix.com.tr\/eticaret\/urun\/ltx-620-akrilik-aderans-artirici-beton-katkisi\/\" \/>\n<meta property=\"og:locale\" content=\"tr_TR\" \/>\n<meta property=\"og:type\" content=\"article\" \/>\n<meta property=\"og:title\" content=\"LATEKS LTX 620 - ADERANS ARTTIRICI VE SU GE\u00c7\u0130R\u0130MS\u0130ZL\u0130K BETON KATKISI\" \/>\n<meta property=\"og:description\" content=\"LTX 620 akrilik aderans art\u0131r\u0131c\u0131 katk\u0131, beton, \u015fap ve s\u0131valarda yap\u0131\u015fmay\u0131 g\u00fc\u00e7lendirir, su ge\u00e7irimsizlik sa\u011flar ve \u00e7atlak olu\u015fumunu azaltarak dayan\u0131m\u0131 art\u0131r\u0131r.\" \/>\n<meta property=\"og:url\" content=\"https:\/\/dolphinfix.com.tr\/eticaret\/urun\/ltx-620-akrilik-aderans-artirici-beton-katkisi\/\" \/>\n<meta property=\"og:site_name\" content=\"Dolphinfix\" \/>\n<meta property=\"article:modified_time\" content=\"2026-03-12T14:03:52+00:00\" \/>\n<meta property=\"og:image\" content=\"https:\/\/dolphinfix.com.tr\/eticaret\/wp-content\/uploads\/2024\/10\/620.png\" \/>\n\t<meta property=\"og:image:width\" content=\"1000\" \/>\n\t<meta property=\"og:image:height\" content=\"1000\" \/>\n\t<meta property=\"og:image:type\" content=\"image\/png\" \/>\n<meta name=\"twitter:card\" content=\"summary_large_image\" \/>\n<meta name=\"twitter:label1\" content=\"Tahmini okuma s\u00fcresi\" \/>\n\t<meta name=\"twitter:data1\" content=\"2 dakika\" \/>\n<script type=\"application\/ld+json\" class=\"yoast-schema-graph\">{\"@context\":\"https:\/\/schema.org\",\"@graph\":[{\"@type\":\"WebPage\",\"@id\":\"https:\/\/dolphinfix.com.tr\/eticaret\/urun\/ltx-620-akrilik-aderans-artirici-beton-katkisi\/\",\"url\":\"https:\/\/dolphinfix.com.tr\/eticaret\/urun\/ltx-620-akrilik-aderans-artirici-beton-katkisi\/\",\"name\":\"LTX 620 Akrilik Aderans Art\u0131r\u0131c\u0131 Beton Katk\u0131s\u0131\",\"isPartOf\":{\"@id\":\"https:\/\/dolphinfix.com.tr\/eticaret\/#website\"},\"datePublished\":\"2024-10-19T19:34:22+00:00\",\"dateModified\":\"2026-03-12T14:03:52+00:00\",\"description\":\"LTX 620 akrilik aderans art\u0131r\u0131c\u0131 katk\u0131, beton, \u015fap ve s\u0131valarda yap\u0131\u015fmay\u0131 g\u00fc\u00e7lendirir, su ge\u00e7irimsizlik sa\u011flar ve \u00e7atlak olu\u015fumunu azaltarak dayan\u0131m\u0131 art\u0131r\u0131r.\",\"breadcrumb\":{\"@id\":\"https:\/\/dolphinfix.com.tr\/eticaret\/urun\/ltx-620-akrilik-aderans-artirici-beton-katkisi\/#breadcrumb\"},\"inLanguage\":\"tr\",\"potentialAction\":[{\"@type\":\"ReadAction\",\"target\":[\"https:\/\/dolphinfix.com.tr\/eticaret\/urun\/ltx-620-akrilik-aderans-artirici-beton-katkisi\/\"]}]},{\"@type\":\"BreadcrumbList\",\"@id\":\"https:\/\/dolphinfix.com.tr\/eticaret\/urun\/ltx-620-akrilik-aderans-artirici-beton-katkisi\/#breadcrumb\",\"itemListElement\":[{\"@type\":\"ListItem\",\"position\":1,\"name\":\"Home\",\"item\":\"https:\/\/dolphinfix.com.tr\/eticaret\/\"},{\"@type\":\"ListItem\",\"position\":2,\"name\":\"Market\",\"item\":\"https:\/\/dolphinfix.com.tr\/eticaret\/market\/\"},{\"@type\":\"ListItem\",\"position\":3,\"name\":\"LATEKS LTX 620 &#8211; ADERANS ARTTIRICI VE SU GE\u00c7\u0130R\u0130MS\u0130ZL\u0130K BETON KATKISI\"}]},{\"@type\":\"WebSite\",\"@id\":\"https:\/\/dolphinfix.com.tr\/eticaret\/#website\",\"url\":\"https:\/\/dolphinfix.com.tr\/eticaret\/\",\"name\":\"Dolphinfix\",\"description\":\"\",\"potentialAction\":[{\"@type\":\"SearchAction\",\"target\":{\"@type\":\"EntryPoint\",\"urlTemplate\":\"https:\/\/dolphinfix.com.tr\/eticaret\/?s={search_term_string}\"},\"query-input\":\"required name=search_term_string\"}],\"inLanguage\":\"tr\"}]}<\/script>\n<!-- \/ Yoast SEO Premium plugin. -->","yoast_head_json":{"title":"LTX 620 Akrilik Aderans Art\u0131r\u0131c\u0131 Beton Katk\u0131s\u0131","description":"LTX 620 akrilik aderans art\u0131r\u0131c\u0131 katk\u0131, beton, \u015fap ve s\u0131valarda yap\u0131\u015fmay\u0131 g\u00fc\u00e7lendirir, su ge\u00e7irimsizlik sa\u011flar ve \u00e7atlak olu\u015fumunu azaltarak dayan\u0131m\u0131 art\u0131r\u0131r.","robots":{"index":"index","follow":"follow","max-snippet":"max-snippet:-1","max-image-preview":"max-image-preview:large","max-video-preview":"max-video-preview:-1"},"canonical":"https:\/\/dolphinfix.com.tr\/eticaret\/urun\/ltx-620-akrilik-aderans-artirici-beton-katkisi\/","og_locale":"tr_TR","og_type":"article","og_title":"LATEKS LTX 620 - ADERANS ARTTIRICI VE SU GE\u00c7\u0130R\u0130MS\u0130ZL\u0130K BETON KATKISI","og_description":"LTX 620 akrilik aderans art\u0131r\u0131c\u0131 katk\u0131, beton, \u015fap ve s\u0131valarda yap\u0131\u015fmay\u0131 g\u00fc\u00e7lendirir, su ge\u00e7irimsizlik sa\u011flar ve \u00e7atlak olu\u015fumunu azaltarak dayan\u0131m\u0131 art\u0131r\u0131r.","og_url":"https:\/\/dolphinfix.com.tr\/eticaret\/urun\/ltx-620-akrilik-aderans-artirici-beton-katkisi\/","og_site_name":"Dolphinfix","article_modified_time":"2026-03-12T14:03:52+00:00","og_image":[{"width":1000,"height":1000,"url":"https:\/\/dolphinfix.com.tr\/eticaret\/wp-content\/uploads\/2024\/10\/620.png","type":"image\/png"}],"twitter_card":"summary_large_image","twitter_misc":{"Tahmini okuma s\u00fcresi":"2 dakika"},"schema":{"@context":"https:\/\/schema.org","@graph":[{"@type":"WebPage","@id":"https:\/\/dolphinfix.com.tr\/eticaret\/urun\/ltx-620-akrilik-aderans-artirici-beton-katkisi\/","url":"https:\/\/dolphinfix.com.tr\/eticaret\/urun\/ltx-620-akrilik-aderans-artirici-beton-katkisi\/","name":"LTX 620 Akrilik Aderans Art\u0131r\u0131c\u0131 Beton Katk\u0131s\u0131","isPartOf":{"@id":"https:\/\/dolphinfix.com.tr\/eticaret\/#website"},"datePublished":"2024-10-19T19:34:22+00:00","dateModified":"2026-03-12T14:03:52+00:00","description":"LTX 620 akrilik aderans art\u0131r\u0131c\u0131 katk\u0131, beton, \u015fap ve s\u0131valarda yap\u0131\u015fmay\u0131 g\u00fc\u00e7lendirir, su ge\u00e7irimsizlik sa\u011flar ve \u00e7atlak olu\u015fumunu azaltarak dayan\u0131m\u0131 art\u0131r\u0131r.","breadcrumb":{"@id":"https:\/\/dolphinfix.com.tr\/eticaret\/urun\/ltx-620-akrilik-aderans-artirici-beton-katkisi\/#breadcrumb"},"inLanguage":"tr","potentialAction":[{"@type":"ReadAction","target":["https:\/\/dolphinfix.com.tr\/eticaret\/urun\/ltx-620-akrilik-aderans-artirici-beton-katkisi\/"]}]},{"@type":"BreadcrumbList","@id":"https:\/\/dolphinfix.com.tr\/eticaret\/urun\/ltx-620-akrilik-aderans-artirici-beton-katkisi\/#breadcrumb","itemListElement":[{"@type":"ListItem","position":1,"name":"Home","item":"https:\/\/dolphinfix.com.tr\/eticaret\/"},{"@type":"ListItem","position":2,"name":"Market","item":"https:\/\/dolphinfix.com.tr\/eticaret\/market\/"},{"@type":"ListItem","position":3,"name":"LATEKS LTX 620 &#8211; ADERANS ARTTIRICI VE SU GE\u00c7\u0130R\u0130MS\u0130ZL\u0130K BETON KATKISI"}]},{"@type":"WebSite","@id":"https:\/\/dolphinfix.com.tr\/eticaret\/#website","url":"https:\/\/dolphinfix.com.tr\/eticaret\/","name":"Dolphinfix","description":"","potentialAction":[{"@type":"SearchAction","target":{"@type":"EntryPoint","urlTemplate":"https:\/\/dolphinfix.com.tr\/eticaret\/?s={search_term_string}"},"query-input":"required name=search_term_string"}],"inLanguage":"tr"}]}},"_links":{"self":[{"href":"https:\/\/dolphinfix.com.tr\/eticaret\/wp-json\/wp\/v2\/product\/16072","targetHints":{"allow":["GET"]}}],"collection":[{"href":"https:\/\/dolphinfix.com.tr\/eticaret\/wp-json\/wp\/v2\/product"}],"about":[{"href":"https:\/\/dolphinfix.com.tr\/eticaret\/wp-json\/wp\/v2\/types\/product"}],"replies":[{"embeddable":true,"href":"https:\/\/dolphinfix.com.tr\/eticaret\/wp-json\/wp\/v2\/comments?post=16072"}],"version-history":[{"count":10,"href":"https:\/\/dolphinfix.com.tr\/eticaret\/wp-json\/wp\/v2\/product\/16072\/revisions"}],"predecessor-version":[{"id":18956,"href":"https:\/\/dolphinfix.com.tr\/eticaret\/wp-json\/wp\/v2\/product\/16072\/revisions\/18956"}],"wp:featuredmedia":[{"embeddable":true,"href":"https:\/\/dolphinfix.com.tr\/eticaret\/wp-json\/wp\/v2\/media\/16145"}],"wp:attachment":[{"href":"https:\/\/dolphinfix.com.tr\/eticaret\/wp-json\/wp\/v2\/media?parent=16072"}],"wp:term":[{"taxonomy":"product_cat","embeddable":true,"href":"https:\/\/dolphinfix.com.tr\/eticaret\/wp-json\/wp\/v2\/product_cat?post=16072"},{"taxonomy":"product_tag","embeddable":true,"href":"https:\/\/dolphinfix.com.tr\/eticaret\/wp-json\/wp\/v2\/product_tag?post=16072"}],"curies":[{"name":"wp","href":"https:\/\/api.w.org\/{rel}","templated":true}]}}