{"id":16193,"date":"2024-10-23T16:14:16","date_gmt":"2024-10-23T13:14:16","guid":{"rendered":"https:\/\/dolphinfix.com.tr\/eticaret?post_type=product&#038;p=16193"},"modified":"2026-03-13T07:46:29","modified_gmt":"2026-03-13T04:46:29","slug":"ak-903-beton-kur-malzemesi-su-bazli-akrilik-emulsiyon","status":"publish","type":"product","link":"https:\/\/dolphinfix.com.tr\/eticaret\/urun\/ak-903-beton-kur-malzemesi-su-bazli-akrilik-emulsiyon\/","title":{"rendered":"903 AK &#8211; SU BAZLI BETON K\u00dcR MALZEMES\u0130"},"content":{"rendered":"<h3><span style=\"color: #c61016;\">\u00dcR\u00dcN B\u0130LG\u0130LER\u0130 ;<\/span><\/h3>\n<p><span style=\"color: #000000;\"><strong>TANIMI :<\/strong> AK 903, Beton ve sap y\u00fczeyler i\u00e7in geli\u015ftirilmi\u015f su bazl\u0131 akrilik em\u00fclsiyon esasl\u0131 k\u00fcr malzemesidir.<\/span><\/p>\n<p><strong><span style=\"color: #000000;\">KULLANIM ALANLARI;<\/span><\/strong><br \/>\n<span style=\"color: #000000;\">\u2022T\u00fcm beton y\u00fczeylerde,<\/span><br \/>\n<span style=\"color: #000000;\">\u2022\u00d6zel yay\u0131lan saplarda,<\/span><br \/>\n<span style=\"color: #000000;\">\u2022Y\u00fczey sertlestirici beton y\u00fczeylerde,<\/span><br \/>\n<span style=\"color: #000000;\">\u2022Beton yollarda,<\/span><br \/>\n<span style=\"color: #000000;\">\u2022Beton sahalarda,<\/span><br \/>\n<span style=\"color: #000000;\">\u2022Kanal betonlar\u0131nda,<\/span><\/p>\n<p><span style=\"color: #000000;\"><strong>\u00dcR\u00dcN \u00d6ZELL\u0130KLER\u0130 ;\u00a0<\/strong><\/span><br \/>\n<span style=\"color: #000000;\">\u2022Uyguland\u0131g\u0131 y\u00fczey \u00fczerinde bir film tabakas\u0131 olusturur, beton ve sap \u00fczerindeki g\u00f6zenekleri t\u0131kar, malzeme i\u00e7indeki kar\u0131st\u0131rma suyunun d\u0131sar\u0131 \u00e7\u0131kmas\u0131n\u0131 \u00f6nleyerek su kayb\u0131n\u0131 engeller.<\/span><br \/>\n<span style=\"color: #000000;\">\u2022\u00dcr\u00fcn\u00fcn normal s\u00fcrede priz almas\u0131na yard\u0131mc\u0131 olur.<\/span><\/p>\n<p><span style=\"color: #000000;\"><strong>TEKN\u0130K \u00d6ZELL\u0130KLER<\/strong><\/span><br \/>\n<span style=\"color: #000000;\">\u0130\u00e7eri\u011fi: Akrilik Em\u00fclsiyon<\/span><br \/>\n<span style=\"color: #000000;\">Renk: Beyaz S\u0131v\u0131<\/span><br \/>\n<span style=\"color: #000000;\">Yo\u011funluk: 1,10 \u00b1 0,02 (g\/cm\u00b3 )<\/span><br \/>\n<span style=\"color: #000000;\">\u00d6zellik: Tozuma \u00f6nleyici, y\u00fczey koruyucu, Parlat\u0131c\u0131<\/span><br \/>\n<span style=\"color: #000000;\">Sarfiyat: 100- 200 gr\/ m\u00b2<\/span><\/p>\n<p><span style=\"color: #000000;\"><strong>UYGULAMA B\u0130LG\u0130S\u0130 :<\/strong> T\u00fcketim miktar\u0131 alt zeminin durumuna bagl\u0131 olarak 100- 200 gr\/ m\u00b2 \u2018dir. AK 903\u2019\u00fc brton y\u00fczeye p\u00fcsk\u00fcrterek<\/span><br \/>\n<span style=\"color: #000000;\">tekd\u00fcze bir y\u00fczey elde edilmesi i\u00e7in \u00f6nemlidir. A\u00e7\u0131k alanlarda uygulama y\u00fczeyi 24 saat korunmal\u0131d\u0131r. Kal\u0131pl\u0131 betonlar\u0131n kal\u0131b\u0131n\u0131n s\u00f6k\u00fclmesinden sonra parlakl\u0131g\u0131 kaybolan y\u00fczeylere s\u00fcr\u00fclebilir.<\/span><\/p>\n<p><span style=\"color: #000000;\"><strong>AMBALAJ :<\/strong>\u00a030 Kg Plastik Bidon<\/span><\/p>\n<p><span style=\"color: #000000;\"><strong>RAF \u00d6MR\u00dc :<\/strong> Orijinal, hasar g\u00f6rmemis ve a\u00e7\u0131lmam\u0131s ambalaj\u0131nda \u00fcretim tarihi itibariyle 12 ay kullan\u0131labilir.<\/span><\/p>\n<p><span style=\"color: #000000;\"><strong>SARF\u0130YAT :<\/strong> 100- 200 gr\/ m\u00b2<\/span><\/p>\n<p><span style=\"color: #000000;\"><strong>DEPOLAMA SARTLARI :<\/strong> +5 \u00b0C ve 30\u00b0C aral\u0131g\u0131nda muhafaza edilmelidir. Dondan,nemden ve direkt g\u00fcnes \u0131s\u0131ndan korunmal\u0131d\u0131r.<\/span><\/p>\n<p><span style=\"color: #000000;\"><em>\u00dcr\u00fcn Teknik \u00f6zellikleri ve di\u011fer bilgiler i\u00e7in tds belgesini indirmenizi rica ederiz.<\/em><\/span><\/p>\n","protected":false},"excerpt":{"rendered":"<p><span style=\"color: #000000;\"><a style=\"color: #000000;\" href=\"https:\/\/dolphinfix.com.tr\/eticaret\/wp-content\/uploads\/2025\/04\/BETON-KURU-903-AK-TDS.pdf\" target=\"_blank\" rel=\"noopener\">TDS Belgesini \u0130ndirmek \u0130\u00e7in T\u0131klay\u0131n\u0131z<br \/>\n<\/a><\/span><span style=\"color: #000000;\"><a style=\"color: #000000;\" href=\"#\" target=\"_blank\" rel=\"noopener\">CE Belgesini \u0130ndirmek \u0130\u00e7in T\u0131klay\u0131n\u0131z<br \/>\n<\/a><\/span><\/p>\n","protected":false},"featured_media":16195,"comment_status":"open","ping_status":"closed","template":"","meta":{"_joinchat":[]},"product_cat":[141,90],"product_tag":[663,680,806,811,785,659,809,807,675,810,808,805,664,662,697],"class_list":{"0":"post-16193","1":"product","2":"type-product","3":"status-publish","4":"has-post-thumbnail","6":"product_cat-beton-kuru","7":"product_cat-zemin-cozumleri","8":"product_tag-beton-dayaniklilik-artirici","9":"product_tag-beton-guclendirici","10":"product_tag-beton-kur-katkisi","11":"product_tag-beton-yuzey-bakimi","12":"product_tag-beton-yuzey-koruyucu","13":"product_tag-dayanikli-beton","14":"product_tag-hizlandirici-beton-katkisi","15":"product_tag-hizli-kur-alan-beton","16":"product_tag-insaat-malzemesi","17":"product_tag-kolay-uygulanabilir-beton-kur","18":"product_tag-profesyonel-beton-uygulamasi","19":"product_tag-su-bazli-beton-kur-malzemesi","20":"product_tag-uzun-omurlu-beton","21":"product_tag-yapi-malzemeleri","22":"product_tag-yuksek-performansli-beton","24":"first","25":"instock","26":"taxable","27":"shipping-taxable","28":"purchasable","29":"product-type-variable"},"yoast_head":"<!-- This site is optimized with the Yoast SEO Premium plugin v20.2.1 (Yoast SEO v20.2.1) - https:\/\/yoast.com\/wordpress\/plugins\/seo\/ -->\n<title>AK 903 Beton K\u00fcr Malzemesi | Su Bazl\u0131 Akrilik Beton K\u00fcrleme<\/title>\n<meta name=\"description\" content=\"AK 903 su bazl\u0131 akrilik beton k\u00fcr malzemesi; beton ve \u015fap y\u00fczeylerde su kayb\u0131n\u0131 \u00f6nler, dayan\u0131m\u0131 art\u0131r\u0131r ve y\u00fczey korumas\u0131 sa\u011flar. Beton yollar, sahalar ve kanal betonlar\u0131 i\u00e7in idealdir.\" \/>\n<meta name=\"robots\" content=\"index, follow, max-snippet:-1, max-image-preview:large, max-video-preview:-1\" \/>\n<link rel=\"canonical\" href=\"https:\/\/dolphinfix.com.tr\/eticaret\/urun\/ak-903-beton-kur-malzemesi-su-bazli-akrilik-emulsiyon\/\" \/>\n<meta property=\"og:locale\" content=\"tr_TR\" \/>\n<meta property=\"og:type\" content=\"article\" \/>\n<meta property=\"og:title\" content=\"903 AK - SU BAZLI BETON K\u00dcR MALZEMES\u0130\" \/>\n<meta property=\"og:description\" content=\"AK 903 su bazl\u0131 akrilik beton k\u00fcr malzemesi; beton ve \u015fap y\u00fczeylerde su kayb\u0131n\u0131 \u00f6nler, dayan\u0131m\u0131 art\u0131r\u0131r ve y\u00fczey korumas\u0131 sa\u011flar. Beton yollar, sahalar ve kanal betonlar\u0131 i\u00e7in idealdir.\" \/>\n<meta property=\"og:url\" content=\"https:\/\/dolphinfix.com.tr\/eticaret\/urun\/ak-903-beton-kur-malzemesi-su-bazli-akrilik-emulsiyon\/\" \/>\n<meta property=\"og:site_name\" content=\"Dolphinfix\" \/>\n<meta property=\"article:modified_time\" content=\"2026-03-13T04:46:29+00:00\" \/>\n<meta property=\"og:image\" content=\"https:\/\/dolphinfix.com.tr\/eticaret\/wp-content\/uploads\/2024\/10\/903.png\" \/>\n\t<meta property=\"og:image:width\" content=\"1000\" \/>\n\t<meta property=\"og:image:height\" content=\"1000\" \/>\n\t<meta property=\"og:image:type\" content=\"image\/png\" \/>\n<meta name=\"twitter:card\" content=\"summary_large_image\" \/>\n<meta name=\"twitter:label1\" content=\"Tahmini okuma s\u00fcresi\" \/>\n\t<meta name=\"twitter:data1\" content=\"2 dakika\" \/>\n<script type=\"application\/ld+json\" class=\"yoast-schema-graph\">{\"@context\":\"https:\/\/schema.org\",\"@graph\":[{\"@type\":\"WebPage\",\"@id\":\"https:\/\/dolphinfix.com.tr\/eticaret\/urun\/ak-903-beton-kur-malzemesi-su-bazli-akrilik-emulsiyon\/\",\"url\":\"https:\/\/dolphinfix.com.tr\/eticaret\/urun\/ak-903-beton-kur-malzemesi-su-bazli-akrilik-emulsiyon\/\",\"name\":\"AK 903 Beton K\u00fcr Malzemesi | Su Bazl\u0131 Akrilik Beton K\u00fcrleme\",\"isPartOf\":{\"@id\":\"https:\/\/dolphinfix.com.tr\/eticaret\/#website\"},\"datePublished\":\"2024-10-23T13:14:16+00:00\",\"dateModified\":\"2026-03-13T04:46:29+00:00\",\"description\":\"AK 903 su bazl\u0131 akrilik beton k\u00fcr malzemesi; beton ve \u015fap y\u00fczeylerde su kayb\u0131n\u0131 \u00f6nler, dayan\u0131m\u0131 art\u0131r\u0131r ve y\u00fczey korumas\u0131 sa\u011flar. Beton yollar, sahalar ve kanal betonlar\u0131 i\u00e7in idealdir.\",\"breadcrumb\":{\"@id\":\"https:\/\/dolphinfix.com.tr\/eticaret\/urun\/ak-903-beton-kur-malzemesi-su-bazli-akrilik-emulsiyon\/#breadcrumb\"},\"inLanguage\":\"tr\",\"potentialAction\":[{\"@type\":\"ReadAction\",\"target\":[\"https:\/\/dolphinfix.com.tr\/eticaret\/urun\/ak-903-beton-kur-malzemesi-su-bazli-akrilik-emulsiyon\/\"]}]},{\"@type\":\"BreadcrumbList\",\"@id\":\"https:\/\/dolphinfix.com.tr\/eticaret\/urun\/ak-903-beton-kur-malzemesi-su-bazli-akrilik-emulsiyon\/#breadcrumb\",\"itemListElement\":[{\"@type\":\"ListItem\",\"position\":1,\"name\":\"Home\",\"item\":\"https:\/\/dolphinfix.com.tr\/eticaret\/\"},{\"@type\":\"ListItem\",\"position\":2,\"name\":\"Market\",\"item\":\"https:\/\/dolphinfix.com.tr\/eticaret\/market\/\"},{\"@type\":\"ListItem\",\"position\":3,\"name\":\"903 AK &#8211; SU BAZLI BETON K\u00dcR MALZEMES\u0130\"}]},{\"@type\":\"WebSite\",\"@id\":\"https:\/\/dolphinfix.com.tr\/eticaret\/#website\",\"url\":\"https:\/\/dolphinfix.com.tr\/eticaret\/\",\"name\":\"Dolphinfix\",\"description\":\"\",\"potentialAction\":[{\"@type\":\"SearchAction\",\"target\":{\"@type\":\"EntryPoint\",\"urlTemplate\":\"https:\/\/dolphinfix.com.tr\/eticaret\/?s={search_term_string}\"},\"query-input\":\"required name=search_term_string\"}],\"inLanguage\":\"tr\"}]}<\/script>\n<!-- \/ Yoast SEO Premium plugin. -->","yoast_head_json":{"title":"AK 903 Beton K\u00fcr Malzemesi | Su Bazl\u0131 Akrilik Beton K\u00fcrleme","description":"AK 903 su bazl\u0131 akrilik beton k\u00fcr malzemesi; beton ve \u015fap y\u00fczeylerde su kayb\u0131n\u0131 \u00f6nler, dayan\u0131m\u0131 art\u0131r\u0131r ve y\u00fczey korumas\u0131 sa\u011flar. Beton yollar, sahalar ve kanal betonlar\u0131 i\u00e7in idealdir.","robots":{"index":"index","follow":"follow","max-snippet":"max-snippet:-1","max-image-preview":"max-image-preview:large","max-video-preview":"max-video-preview:-1"},"canonical":"https:\/\/dolphinfix.com.tr\/eticaret\/urun\/ak-903-beton-kur-malzemesi-su-bazli-akrilik-emulsiyon\/","og_locale":"tr_TR","og_type":"article","og_title":"903 AK - SU BAZLI BETON K\u00dcR MALZEMES\u0130","og_description":"AK 903 su bazl\u0131 akrilik beton k\u00fcr malzemesi; beton ve \u015fap y\u00fczeylerde su kayb\u0131n\u0131 \u00f6nler, dayan\u0131m\u0131 art\u0131r\u0131r ve y\u00fczey korumas\u0131 sa\u011flar. Beton yollar, sahalar ve kanal betonlar\u0131 i\u00e7in idealdir.","og_url":"https:\/\/dolphinfix.com.tr\/eticaret\/urun\/ak-903-beton-kur-malzemesi-su-bazli-akrilik-emulsiyon\/","og_site_name":"Dolphinfix","article_modified_time":"2026-03-13T04:46:29+00:00","og_image":[{"width":1000,"height":1000,"url":"https:\/\/dolphinfix.com.tr\/eticaret\/wp-content\/uploads\/2024\/10\/903.png","type":"image\/png"}],"twitter_card":"summary_large_image","twitter_misc":{"Tahmini okuma s\u00fcresi":"2 dakika"},"schema":{"@context":"https:\/\/schema.org","@graph":[{"@type":"WebPage","@id":"https:\/\/dolphinfix.com.tr\/eticaret\/urun\/ak-903-beton-kur-malzemesi-su-bazli-akrilik-emulsiyon\/","url":"https:\/\/dolphinfix.com.tr\/eticaret\/urun\/ak-903-beton-kur-malzemesi-su-bazli-akrilik-emulsiyon\/","name":"AK 903 Beton K\u00fcr Malzemesi | Su Bazl\u0131 Akrilik Beton K\u00fcrleme","isPartOf":{"@id":"https:\/\/dolphinfix.com.tr\/eticaret\/#website"},"datePublished":"2024-10-23T13:14:16+00:00","dateModified":"2026-03-13T04:46:29+00:00","description":"AK 903 su bazl\u0131 akrilik beton k\u00fcr malzemesi; beton ve \u015fap y\u00fczeylerde su kayb\u0131n\u0131 \u00f6nler, dayan\u0131m\u0131 art\u0131r\u0131r ve y\u00fczey korumas\u0131 sa\u011flar. Beton yollar, sahalar ve kanal betonlar\u0131 i\u00e7in idealdir.","breadcrumb":{"@id":"https:\/\/dolphinfix.com.tr\/eticaret\/urun\/ak-903-beton-kur-malzemesi-su-bazli-akrilik-emulsiyon\/#breadcrumb"},"inLanguage":"tr","potentialAction":[{"@type":"ReadAction","target":["https:\/\/dolphinfix.com.tr\/eticaret\/urun\/ak-903-beton-kur-malzemesi-su-bazli-akrilik-emulsiyon\/"]}]},{"@type":"BreadcrumbList","@id":"https:\/\/dolphinfix.com.tr\/eticaret\/urun\/ak-903-beton-kur-malzemesi-su-bazli-akrilik-emulsiyon\/#breadcrumb","itemListElement":[{"@type":"ListItem","position":1,"name":"Home","item":"https:\/\/dolphinfix.com.tr\/eticaret\/"},{"@type":"ListItem","position":2,"name":"Market","item":"https:\/\/dolphinfix.com.tr\/eticaret\/market\/"},{"@type":"ListItem","position":3,"name":"903 AK &#8211; SU BAZLI BETON K\u00dcR MALZEMES\u0130"}]},{"@type":"WebSite","@id":"https:\/\/dolphinfix.com.tr\/eticaret\/#website","url":"https:\/\/dolphinfix.com.tr\/eticaret\/","name":"Dolphinfix","description":"","potentialAction":[{"@type":"SearchAction","target":{"@type":"EntryPoint","urlTemplate":"https:\/\/dolphinfix.com.tr\/eticaret\/?s={search_term_string}"},"query-input":"required name=search_term_string"}],"inLanguage":"tr"}]}},"_links":{"self":[{"href":"https:\/\/dolphinfix.com.tr\/eticaret\/wp-json\/wp\/v2\/product\/16193","targetHints":{"allow":["GET"]}}],"collection":[{"href":"https:\/\/dolphinfix.com.tr\/eticaret\/wp-json\/wp\/v2\/product"}],"about":[{"href":"https:\/\/dolphinfix.com.tr\/eticaret\/wp-json\/wp\/v2\/types\/product"}],"replies":[{"embeddable":true,"href":"https:\/\/dolphinfix.com.tr\/eticaret\/wp-json\/wp\/v2\/comments?post=16193"}],"version-history":[{"count":7,"href":"https:\/\/dolphinfix.com.tr\/eticaret\/wp-json\/wp\/v2\/product\/16193\/revisions"}],"predecessor-version":[{"id":19023,"href":"https:\/\/dolphinfix.com.tr\/eticaret\/wp-json\/wp\/v2\/product\/16193\/revisions\/19023"}],"wp:featuredmedia":[{"embeddable":true,"href":"https:\/\/dolphinfix.com.tr\/eticaret\/wp-json\/wp\/v2\/media\/16195"}],"wp:attachment":[{"href":"https:\/\/dolphinfix.com.tr\/eticaret\/wp-json\/wp\/v2\/media?parent=16193"}],"wp:term":[{"taxonomy":"product_cat","embeddable":true,"href":"https:\/\/dolphinfix.com.tr\/eticaret\/wp-json\/wp\/v2\/product_cat?post=16193"},{"taxonomy":"product_tag","embeddable":true,"href":"https:\/\/dolphinfix.com.tr\/eticaret\/wp-json\/wp\/v2\/product_tag?post=16193"}],"curies":[{"name":"wp","href":"https:\/\/api.w.org\/{rel}","templated":true}]}}