{"id":16237,"date":"2024-10-25T15:50:13","date_gmt":"2024-10-25T12:50:13","guid":{"rendered":"https:\/\/dolphinfix.com.tr\/eticaret?post_type=product&#038;p=16237"},"modified":"2026-03-12T23:34:51","modified_gmt":"2026-03-12T20:34:51","slug":"therm-004-seffaf-akrilik-yuzey-astari","status":"publish","type":"product","link":"https:\/\/dolphinfix.com.tr\/eticaret\/urun\/therm-004-seffaf-akrilik-yuzey-astari\/","title":{"rendered":"THERM 004 ASTAR &#8211; THERM ASTAR"},"content":{"rendered":"<h3><span style=\"color: #c61016;\">\u00dcR\u00dcN B\u0130LG\u0130LER\u0130 ;<\/span><\/h3>\n<p data-pm-slice=\"0 0 []\"><span style=\"color: #000000;\"><strong>TANIMI:<\/strong> Therm 004 astar, Stren akrilik em\u00fclsiyon re\u00e7ine esasl\u0131d\u0131r. \u015eeffaf yap\u0131s\u0131yla d\u00e2hili ve harici ama\u00e7larla kullan\u0131lan bir y\u00fczey astar\u0131d\u0131r. Bu \u00fcr\u00fcn, y\u00fczeylerin<\/span><br \/>\n<span style=\"color: #000000;\">astarlanmas\u0131 i\u00e7in etkili bir \u00e7\u00f6z\u00fcm sunar ve sonraki kaplama i\u015flemlerine haz\u0131rl\u0131k sa\u011flar. Dayan\u0131kl\u0131 form\u00fcl\u00fc sayesinde, y\u00fczeyleri korur ve kaplama i\u015flemlerinin<\/span><br \/>\n<span style=\"color: #000000;\">uzun \u00f6m\u00fcrl\u00fc olmas\u0131n\u0131 destekler.<\/span><\/p>\n<p data-pm-slice=\"0 0 []\"><span style=\"color: #000000;\"><strong>\u00dcR\u00dcN \u00d6ZELL\u0130KLER\u0130<\/strong><\/span><br \/>\n<span style=\"color: #000000;\">Therm 004 astar, \u0131s\u0131 yal\u0131t\u0131m uygulamalar\u0131nda kullan\u0131lmadan \u00f6nce y\u00fczeyin haz\u0131rlanmas\u0131n\u0131 sa\u011flar. Bu sayede \u0131s\u0131 yal\u0131t\u0131m malzemesinin daha etkili bir<\/span><br \/>\n<span style=\"color: #000000;\">\u015fekilde uygulanmas\u0131na olanak tan\u0131r. \u00d6zel form\u00fclasyonu sayesinde su ge\u00e7irmez \u00f6zellik sa\u011flar. Bu \u00f6zellik, y\u00fczeyin su emicili\u011fini \u00f6nler ve<\/span><br \/>\n<span style=\"color: #000000;\">malzemenin y\u00fczey ile b\u00fct\u00fcnle\u015fmesini kolayla\u015ft\u0131r\u0131r. B\u00f6ylece uygulama s\u0131ras\u0131nda suyun n\u00fcfuz etmesini engeller ve \u00fcr\u00fcn\u00fcn performans\u0131n\u0131 art\u0131r\u0131r. Sarfiyat<\/span><br \/>\n<span style=\"color: #000000;\">azaltma y\u00fcksek kaplama g\u00fcc\u00fcne sahip olan Therm 004 Astar, sarfiyat\u0131 azaltarak uygulama maliyetlerini d\u00fc\u015f\u00fcr\u00fcr. Bu \u00f6zelli\u011fi sayesinde ekonomik bir \u00e7\u00f6z\u00fcm<\/span><br \/>\n<span style=\"color: #000000;\">sunar ve i\u015f\u00e7ilik maliyetlerini minimize eder.<\/span><\/p>\n<p><span style=\"color: #000000;\"><strong>KULLANIM ALANLARI<\/strong><\/span><br \/>\n<span style=\"color: #000000;\">D\u0131\u015f cephelerde; beton, tu\u011fla, \u00e7imento bazl\u0131 s\u0131va, gaz beton vb y\u00fczeylerde boya \u00f6ncesi kullan\u0131l\u0131r.<\/span><\/p>\n<p><span style=\"color: #000000;\"><strong>TEKN\u0130K \u00d6ZELL\u0130KLER<\/strong><\/span><br \/>\n<span style=\"color: #000000;\">Parlakl\u0131k : Parlak<\/span><br \/>\n<span style=\"color: #000000;\">Renk : \u015eeffaf<\/span><br \/>\n<span style=\"color: #000000;\">Kat\u0131 Madde : % 25\u00b12 (A\u011f\u0131rl\u0131k\u00e7a)<\/span><br \/>\n<span style=\"color: #000000;\">Yo\u011funluk : 1,01 gr\/cm\u00b3<\/span><br \/>\n<span style=\"color: #000000;\">Uygulama : Rulo ya da f\u0131r\u00e7a<\/span><br \/>\n<span style=\"color: #000000;\">Alevlenme Noktas\u0131 : 150 \u00b0C- 200 \u00b0C<\/span><br \/>\n<span style=\"color: #000000;\">+20\u00b0C (\u00b12\u00baC) hava s\u0131cakl\u0131\u011f\u0131 ve %50 \u00b15 ba\u011f\u0131l nem ko\u015fullar\u0131nda elde edilmi\u015ftir. Y\u00fcksek s\u0131cakl\u0131klar s\u00fcreleri k\u0131salt\u0131r, d\u00fc\u015f\u00fck s\u0131cakl\u0131klar uzat\u0131r.<\/span><\/p>\n<p><span style=\"color: #000000;\"><strong>UYGULAMA<\/strong><\/span><br \/>\n<span style=\"color: #000000;\">Y\u00fczey; k\u00fcr\u00fcn\u00fc alm\u0131\u015f, kuru ve sa\u011flam olmal\u0131d\u0131r. Yap\u0131\u015fmay\u0131 \u00f6nleyecek ya\u011f, gres, kir, boya, tuz kusmas\u0131 gibi kal\u0131nt\u0131lardan ar\u0131nd\u0131r\u0131lmal\u0131d\u0131r. Astar inceltme yap\u0131lmadan y\u00fczeye f\u0131r\u00e7a veya rulo ile uygulanabilir. Astar uygulama ve kuruma s\u00fcreleri i\u00e7erisinde y\u00fczey dondan korunmal\u0131d\u0131r.<\/span><\/p>\n<p><span style=\"color: #000000;\"><strong>SARF\u0130YAT<\/strong><\/span><br \/>\n<span style=\"color: #000000;\">Uygulama yap\u0131lacak y\u00fczeyin cinsine, emicili\u011fine ve yap\u0131s\u0131na g\u00f6re tek katta 1 litre ile 5-7 m2 alan boyanabilir.<\/span><\/p>\n<p><span style=\"color: #000000;\"><strong>KURUMA S\u00dcRES\u0130 (20\u00b0C, %65 HR\u2019de):<\/strong><\/span><br \/>\n<span style=\"color: #000000;\">Dokunma kurumas\u0131: 60 dakika,<\/span><br \/>\n<span style=\"color: #000000;\">\u0130kinci kat uygulamas\u0131: 4-6 Saat<\/span><br \/>\n<span style=\"color: #000000;\">Son kuruma: 24 saat (daha y\u00fcksek ba\u011f\u0131l nem ve d\u00fc\u015f\u00fck s\u0131cakl\u0131kta kuruma s\u00fcresi uzayabilir).<\/span><\/p>\n<p><span style=\"color: #000000;\"><strong>AMBALAJ<\/strong><\/span><br \/>\n<span style=\"color: #000000;\">18 LT PLAST\u0130K KOVA<\/span><\/p>\n","protected":false},"excerpt":{"rendered":"<p><span style=\"color: #000000;\"><a style=\"color: #000000;\" href=\"https:\/\/dolphinfix.com.tr\/eticaret\/wp-content\/uploads\/2025\/04\/THERM-004-ASTAR-TDS.pdf\" target=\"_blank\" rel=\"noopener\">TDS Belgesini \u0130ndirmek \u0130\u00e7in T\u0131klay\u0131n\u0131z<br \/>\n<\/a><\/span><span style=\"color: #000000;\"><a style=\"color: #000000;\" href=\"#\" target=\"_blank\" rel=\"noopener\">CE Belgesini \u0130ndirmek \u0130\u00e7in T\u0131klay\u0131n\u0131z<\/a><\/span><\/p>\n","protected":false},"featured_media":16239,"comment_status":"open","ping_status":"closed","template":"","meta":{"_joinchat":[]},"product_cat":[87,125],"product_tag":[837,843,845,842,844,839,778,846,775,841,840,848,777,838,847],"class_list":{"0":"post-16237","1":"product","2":"type-product","3":"status-publish","4":"has-post-thumbnail","6":"product_cat-isi-yalitimi","7":"product_cat-mantolama","8":"product_tag-astar","9":"product_tag-cati-ve-teras-astari","10":"product_tag-dayanikli-yalitim-astari","11":"product_tag-dis-cephe-astari","12":"product_tag-enerji-tasarruflu-astar","13":"product_tag-isi-yalitim-astari","14":"product_tag-kolay-uygulanabilir-astar","15":"product_tag-nefes-alan-astar","16":"product_tag-profesyonel-uygulama-astari","17":"product_tag-ses-yalitim-astari","18":"product_tag-su-yalitim-astari","19":"product_tag-therm-astar-urunu","20":"product_tag-uzun-omurlu-astar","21":"product_tag-yalitim-astari","22":"product_tag-yuksek-performansli-yalitim-astari","24":"first","25":"instock","26":"taxable","27":"shipping-taxable","28":"purchasable","29":"product-type-variable"},"yoast_head":"<!-- This site is optimized with the Yoast SEO Premium plugin v20.2.1 (Yoast SEO v20.2.1) - https:\/\/yoast.com\/wordpress\/plugins\/seo\/ -->\n<title>Therm 004 Astar | \u015eeffaf Akrilik D\u0131\u015f Cephe ve Boya \u00d6ncesi Y\u00fczey Astar\u0131<\/title>\n<meta name=\"description\" content=\"Therm 004 astar; akrilik em\u00fclsiyon esasl\u0131, \u015feffaf yap\u0131l\u0131 d\u0131\u015f cephe y\u00fczey astar\u0131d\u0131r. Boya ve \u0131s\u0131 yal\u0131t\u0131m uygulamalar\u0131 \u00f6ncesi aderans\u0131 art\u0131r\u0131r, su emicili\u011fini azalt\u0131r ve uzun \u00f6m\u00fcrl\u00fc kaplama sa\u011flar.\" \/>\n<meta name=\"robots\" content=\"index, follow, max-snippet:-1, max-image-preview:large, max-video-preview:-1\" \/>\n<link rel=\"canonical\" href=\"https:\/\/dolphinfix.com.tr\/eticaret\/urun\/therm-004-seffaf-akrilik-yuzey-astari\/\" \/>\n<meta property=\"og:locale\" content=\"tr_TR\" \/>\n<meta property=\"og:type\" content=\"article\" \/>\n<meta property=\"og:title\" content=\"THERM 004 ASTAR - THERM ASTAR\" \/>\n<meta property=\"og:description\" content=\"Therm 004 astar; akrilik em\u00fclsiyon esasl\u0131, \u015feffaf yap\u0131l\u0131 d\u0131\u015f cephe y\u00fczey astar\u0131d\u0131r. Boya ve \u0131s\u0131 yal\u0131t\u0131m uygulamalar\u0131 \u00f6ncesi aderans\u0131 art\u0131r\u0131r, su emicili\u011fini azalt\u0131r ve uzun \u00f6m\u00fcrl\u00fc kaplama sa\u011flar.\" \/>\n<meta property=\"og:url\" content=\"https:\/\/dolphinfix.com.tr\/eticaret\/urun\/therm-004-seffaf-akrilik-yuzey-astari\/\" \/>\n<meta property=\"og:site_name\" content=\"Dolphinfix\" \/>\n<meta property=\"article:modified_time\" content=\"2026-03-12T20:34:51+00:00\" \/>\n<meta property=\"og:image\" content=\"https:\/\/dolphinfix.com.tr\/eticaret\/wp-content\/uploads\/2024\/10\/004.png\" \/>\n\t<meta property=\"og:image:width\" content=\"1000\" \/>\n\t<meta property=\"og:image:height\" content=\"1000\" \/>\n\t<meta property=\"og:image:type\" content=\"image\/png\" \/>\n<meta name=\"twitter:card\" content=\"summary_large_image\" \/>\n<meta name=\"twitter:label1\" content=\"Tahmini okuma s\u00fcresi\" \/>\n\t<meta name=\"twitter:data1\" content=\"2 dakika\" \/>\n<script type=\"application\/ld+json\" class=\"yoast-schema-graph\">{\"@context\":\"https:\/\/schema.org\",\"@graph\":[{\"@type\":\"WebPage\",\"@id\":\"https:\/\/dolphinfix.com.tr\/eticaret\/urun\/therm-004-seffaf-akrilik-yuzey-astari\/\",\"url\":\"https:\/\/dolphinfix.com.tr\/eticaret\/urun\/therm-004-seffaf-akrilik-yuzey-astari\/\",\"name\":\"Therm 004 Astar | \u015eeffaf Akrilik D\u0131\u015f Cephe ve Boya \u00d6ncesi Y\u00fczey Astar\u0131\",\"isPartOf\":{\"@id\":\"https:\/\/dolphinfix.com.tr\/eticaret\/#website\"},\"datePublished\":\"2024-10-25T12:50:13+00:00\",\"dateModified\":\"2026-03-12T20:34:51+00:00\",\"description\":\"Therm 004 astar; akrilik em\u00fclsiyon esasl\u0131, \u015feffaf yap\u0131l\u0131 d\u0131\u015f cephe y\u00fczey astar\u0131d\u0131r. Boya ve \u0131s\u0131 yal\u0131t\u0131m uygulamalar\u0131 \u00f6ncesi aderans\u0131 art\u0131r\u0131r, su emicili\u011fini azalt\u0131r ve uzun \u00f6m\u00fcrl\u00fc kaplama sa\u011flar.\",\"breadcrumb\":{\"@id\":\"https:\/\/dolphinfix.com.tr\/eticaret\/urun\/therm-004-seffaf-akrilik-yuzey-astari\/#breadcrumb\"},\"inLanguage\":\"tr\",\"potentialAction\":[{\"@type\":\"ReadAction\",\"target\":[\"https:\/\/dolphinfix.com.tr\/eticaret\/urun\/therm-004-seffaf-akrilik-yuzey-astari\/\"]}]},{\"@type\":\"BreadcrumbList\",\"@id\":\"https:\/\/dolphinfix.com.tr\/eticaret\/urun\/therm-004-seffaf-akrilik-yuzey-astari\/#breadcrumb\",\"itemListElement\":[{\"@type\":\"ListItem\",\"position\":1,\"name\":\"Home\",\"item\":\"https:\/\/dolphinfix.com.tr\/eticaret\/\"},{\"@type\":\"ListItem\",\"position\":2,\"name\":\"Market\",\"item\":\"https:\/\/dolphinfix.com.tr\/eticaret\/market\/\"},{\"@type\":\"ListItem\",\"position\":3,\"name\":\"THERM 004 ASTAR &#8211; THERM ASTAR\"}]},{\"@type\":\"WebSite\",\"@id\":\"https:\/\/dolphinfix.com.tr\/eticaret\/#website\",\"url\":\"https:\/\/dolphinfix.com.tr\/eticaret\/\",\"name\":\"Dolphinfix\",\"description\":\"\",\"potentialAction\":[{\"@type\":\"SearchAction\",\"target\":{\"@type\":\"EntryPoint\",\"urlTemplate\":\"https:\/\/dolphinfix.com.tr\/eticaret\/?s={search_term_string}\"},\"query-input\":\"required name=search_term_string\"}],\"inLanguage\":\"tr\"}]}<\/script>\n<!-- \/ Yoast SEO Premium plugin. -->","yoast_head_json":{"title":"Therm 004 Astar | \u015eeffaf Akrilik D\u0131\u015f Cephe ve Boya \u00d6ncesi Y\u00fczey Astar\u0131","description":"Therm 004 astar; akrilik em\u00fclsiyon esasl\u0131, \u015feffaf yap\u0131l\u0131 d\u0131\u015f cephe y\u00fczey astar\u0131d\u0131r. Boya ve \u0131s\u0131 yal\u0131t\u0131m uygulamalar\u0131 \u00f6ncesi aderans\u0131 art\u0131r\u0131r, su emicili\u011fini azalt\u0131r ve uzun \u00f6m\u00fcrl\u00fc kaplama sa\u011flar.","robots":{"index":"index","follow":"follow","max-snippet":"max-snippet:-1","max-image-preview":"max-image-preview:large","max-video-preview":"max-video-preview:-1"},"canonical":"https:\/\/dolphinfix.com.tr\/eticaret\/urun\/therm-004-seffaf-akrilik-yuzey-astari\/","og_locale":"tr_TR","og_type":"article","og_title":"THERM 004 ASTAR - THERM ASTAR","og_description":"Therm 004 astar; akrilik em\u00fclsiyon esasl\u0131, \u015feffaf yap\u0131l\u0131 d\u0131\u015f cephe y\u00fczey astar\u0131d\u0131r. Boya ve \u0131s\u0131 yal\u0131t\u0131m uygulamalar\u0131 \u00f6ncesi aderans\u0131 art\u0131r\u0131r, su emicili\u011fini azalt\u0131r ve uzun \u00f6m\u00fcrl\u00fc kaplama sa\u011flar.","og_url":"https:\/\/dolphinfix.com.tr\/eticaret\/urun\/therm-004-seffaf-akrilik-yuzey-astari\/","og_site_name":"Dolphinfix","article_modified_time":"2026-03-12T20:34:51+00:00","og_image":[{"width":1000,"height":1000,"url":"https:\/\/dolphinfix.com.tr\/eticaret\/wp-content\/uploads\/2024\/10\/004.png","type":"image\/png"}],"twitter_card":"summary_large_image","twitter_misc":{"Tahmini okuma s\u00fcresi":"2 dakika"},"schema":{"@context":"https:\/\/schema.org","@graph":[{"@type":"WebPage","@id":"https:\/\/dolphinfix.com.tr\/eticaret\/urun\/therm-004-seffaf-akrilik-yuzey-astari\/","url":"https:\/\/dolphinfix.com.tr\/eticaret\/urun\/therm-004-seffaf-akrilik-yuzey-astari\/","name":"Therm 004 Astar | \u015eeffaf Akrilik D\u0131\u015f Cephe ve Boya \u00d6ncesi Y\u00fczey Astar\u0131","isPartOf":{"@id":"https:\/\/dolphinfix.com.tr\/eticaret\/#website"},"datePublished":"2024-10-25T12:50:13+00:00","dateModified":"2026-03-12T20:34:51+00:00","description":"Therm 004 astar; akrilik em\u00fclsiyon esasl\u0131, \u015feffaf yap\u0131l\u0131 d\u0131\u015f cephe y\u00fczey astar\u0131d\u0131r. Boya ve \u0131s\u0131 yal\u0131t\u0131m uygulamalar\u0131 \u00f6ncesi aderans\u0131 art\u0131r\u0131r, su emicili\u011fini azalt\u0131r ve uzun \u00f6m\u00fcrl\u00fc kaplama sa\u011flar.","breadcrumb":{"@id":"https:\/\/dolphinfix.com.tr\/eticaret\/urun\/therm-004-seffaf-akrilik-yuzey-astari\/#breadcrumb"},"inLanguage":"tr","potentialAction":[{"@type":"ReadAction","target":["https:\/\/dolphinfix.com.tr\/eticaret\/urun\/therm-004-seffaf-akrilik-yuzey-astari\/"]}]},{"@type":"BreadcrumbList","@id":"https:\/\/dolphinfix.com.tr\/eticaret\/urun\/therm-004-seffaf-akrilik-yuzey-astari\/#breadcrumb","itemListElement":[{"@type":"ListItem","position":1,"name":"Home","item":"https:\/\/dolphinfix.com.tr\/eticaret\/"},{"@type":"ListItem","position":2,"name":"Market","item":"https:\/\/dolphinfix.com.tr\/eticaret\/market\/"},{"@type":"ListItem","position":3,"name":"THERM 004 ASTAR &#8211; THERM ASTAR"}]},{"@type":"WebSite","@id":"https:\/\/dolphinfix.com.tr\/eticaret\/#website","url":"https:\/\/dolphinfix.com.tr\/eticaret\/","name":"Dolphinfix","description":"","potentialAction":[{"@type":"SearchAction","target":{"@type":"EntryPoint","urlTemplate":"https:\/\/dolphinfix.com.tr\/eticaret\/?s={search_term_string}"},"query-input":"required name=search_term_string"}],"inLanguage":"tr"}]}},"_links":{"self":[{"href":"https:\/\/dolphinfix.com.tr\/eticaret\/wp-json\/wp\/v2\/product\/16237","targetHints":{"allow":["GET"]}}],"collection":[{"href":"https:\/\/dolphinfix.com.tr\/eticaret\/wp-json\/wp\/v2\/product"}],"about":[{"href":"https:\/\/dolphinfix.com.tr\/eticaret\/wp-json\/wp\/v2\/types\/product"}],"replies":[{"embeddable":true,"href":"https:\/\/dolphinfix.com.tr\/eticaret\/wp-json\/wp\/v2\/comments?post=16237"}],"version-history":[{"count":5,"href":"https:\/\/dolphinfix.com.tr\/eticaret\/wp-json\/wp\/v2\/product\/16237\/revisions"}],"predecessor-version":[{"id":18992,"href":"https:\/\/dolphinfix.com.tr\/eticaret\/wp-json\/wp\/v2\/product\/16237\/revisions\/18992"}],"wp:featuredmedia":[{"embeddable":true,"href":"https:\/\/dolphinfix.com.tr\/eticaret\/wp-json\/wp\/v2\/media\/16239"}],"wp:attachment":[{"href":"https:\/\/dolphinfix.com.tr\/eticaret\/wp-json\/wp\/v2\/media?parent=16237"}],"wp:term":[{"taxonomy":"product_cat","embeddable":true,"href":"https:\/\/dolphinfix.com.tr\/eticaret\/wp-json\/wp\/v2\/product_cat?post=16237"},{"taxonomy":"product_tag","embeddable":true,"href":"https:\/\/dolphinfix.com.tr\/eticaret\/wp-json\/wp\/v2\/product_tag?post=16237"}],"curies":[{"name":"wp","href":"https:\/\/api.w.org\/{rel}","templated":true}]}}