{"id":16366,"date":"2024-10-26T09:55:32","date_gmt":"2024-10-26T06:55:32","guid":{"rendered":"https:\/\/dolphinfix.com.tr\/eticaret?post_type=product&#038;p=16366"},"modified":"2026-03-12T23:12:02","modified_gmt":"2026-03-12T20:12:02","slug":"ogh-1122-tiksotropik-onarim-ve-guclendirme-harci","status":"publish","type":"product","link":"https:\/\/dolphinfix.com.tr\/eticaret\/urun\/ogh-1122-tiksotropik-onarim-ve-guclendirme-harci\/","title":{"rendered":"HORASAN 1122 OGH &#8211; PUZOLAN\u0130K K\u0130RE\u00c7 ESASLI ONARIM VE G\u00dc\u00c7LEND\u0130RME HARCI"},"content":{"rendered":"<h3><span style=\"color: #c61016;\">\u00dcR\u00dcN B\u0130LG\u0130LER\u0130 ;<\/span><\/h3>\n<p data-pm-slice=\"0 0 []\"><span style=\"color: #000000;\"><strong>TANIMI:<\/strong> OGH 1122, puzolanik kire\u00e7 esasl\u0131, \u00e7imento i\u00e7ermeyen, tarihi kargir yap\u0131lar\u0131n i\u00e7in geli\u015ftirilmi\u015f, y\u00fcksek mukavemetli Tiksotropik onar\u0131m ve g\u00fc\u00e7lendirme harc\u0131d\u0131r.<\/span><\/p>\n<p data-pm-slice=\"0 0 []\"><span style=\"color: #000000;\"><strong>KULLANIM ALANLARI<\/strong><\/span><br \/>\n<span style=\"color: #000000;\">\u2022Y\u0131\u011fma temel, duvar, s\u0131va, kubbe, kemer ve tonozlar\u0131n onar\u0131lmas\u0131nda ve g\u00fc\u00e7lendirilmesinde,<\/span><br \/>\n<span style=\"color: #000000;\">\u2022Duvar derzlerinde,<\/span><br \/>\n<span style=\"color: #000000;\">\u2022Karbon \u00e7ubuklar\u0131n yerle\u015ftirilmesinde,<\/span><br \/>\n<span style=\"color: #000000;\">\u2022Yeni temel ve duvar imalat\u0131nda,<\/span><br \/>\n<span style=\"color: #000000;\">\u2022Bo\u015fluklar\u0131n doldurulmas\u0131nda,<\/span><\/p>\n<p><span style=\"color: #000000;\"><strong>\u00a0\u00dcR\u00dcN \u00d6ZELL\u0130KLER\u0130 VE AVANTAJLARI<\/strong><\/span><br \/>\n<span style=\"color: #000000;\">\u2022\u00c7imento i\u00e7ermez,<\/span><br \/>\n<span style=\"color: #000000;\">\u2022Yap\u0131\u015fma dayan\u0131m\u0131 y\u00fcksektir,<\/span><br \/>\n<span style=\"color: #000000;\">\u2022Su buhar\u0131 ge\u00e7irimlili\u011fi y\u00fcksektir,<\/span><br \/>\n<span style=\"color: #000000;\">\u2022Nefes alma \u00f6zelli\u011fine sahip.<\/span><br \/>\n<span style=\"color: #000000;\">\u2022Haz\u0131rlanmas\u0131 ve uygulamas\u0131 \u00e7ok kolayd\u0131r,<\/span><br \/>\n<span style=\"color: #000000;\">\u2022S\u00fclfata dayan\u0131kl\u0131d\u0131r,<\/span><br \/>\n<span style=\"color: #000000;\">\u2022Asbest i\u00e7ermez, \u00e7evre dostudur,<\/span><br \/>\n<span style=\"color: #000000;\">\u2022\u00c7i\u00e7eklenme direnci y\u00fcksektir.<\/span><\/p>\n<p><span style=\"color: #000000;\"><strong>UYGULAMA Y\u00d6NTEM\u0130<\/strong><\/span><br \/>\n<span style=\"color: #000000;\">Y\u00fczey Haz\u0131rl\u0131\u011f\u0131: Yap\u0131lar\u0131n s\u0131va yap\u0131lacak y\u00fczeylerinin sa\u011flam, tozsuz ve temiz olmas\u0131na dikkat edilmelidir. Y\u00fczey, aderans\u0131 zay\u0131flatacak her t\u00fcrl\u00fc ya\u011f,pas, gres ve parafin kal\u0131nt\u0131lar\u0131ndan iyice temizlenmelidir. Uygulama yap\u0131lacak alan\u0131n aderans\u0131n\u0131 art\u0131rmak ve y\u00fczeye harc\u0131n yap\u0131\u015fma ve mukavemetini iyile\u015ftirmek i\u00e7in<\/span><br \/>\n<span style=\"color: #000000;\">y\u00fczey \u00f6nceden nemlendirilmelidir.<\/span><\/p>\n<p><span style=\"color: #000000;\"><strong>KARI\u015eTIRMA<\/strong><\/span><br \/>\n<span style=\"color: #000000;\">Uygun su miktar\u0131, bir \u00f6l\u00e7ek yard\u0131m\u0131yla temiz kar\u0131\u015ft\u0131rma kovas\u0131na bo\u015falt\u0131l\u0131r. OGH 1122, yava\u015f yava\u015f ilave edilerek 400-600 devirli bir kar\u0131\u015ft\u0131r\u0131c\u0131 ile homojen ve topaks\u0131z bir kar\u0131\u015f\u0131m elde edilinceye kadar 10 dakika kar\u0131\u015ft\u0131r\u0131l\u0131r. Yakla\u015f\u0131k 5 dakika dinlendirilip tekrar 2 dakika kar\u0131\u015ft\u0131r\u0131ld\u0131ktan sonra malzeme kullan\u0131ma haz\u0131r hale gelir.<\/span><\/p>\n<p><span style=\"color: #000000;\"><strong>KARI\u015eTIRMA ORANLARI<\/strong><\/span><br \/>\n<span style=\"color: #000000;\">OGH 1122\u00a0 \u00a0 \u00a0 \u00a0 \u00a0 \u00a0 \u00a0 \u00a0 \u00a0 \u00a0 \u00a0 \u00a0 \u00a0 \u00a0 \u00a0 \u00a0 \u00a0 \u00a0 \u00a0 \u00a0 \u00a0 \u00a0 1 KG TOZ \u0130\u00c7\u0130N\u00a0 \u00a0 \u00a0 \u00a0 20 KG TORBA \u0130\u00c7\u0130N<\/span><br \/>\n<span style=\"color: #000000;\">KARI\u015eIM SUYU M\u0130KTARI\u00a0 \u00a0 \u00a0 \u00a0 \u00a0 \u00a0 \u00a00,25 lt \u2013 0,30 lt\u00a0 \u00a0 \u00a0 \u00a0 5,0lt \u2013 6,0 lt<\/span><br \/>\n<span style=\"color: #000000;\">KARI\u015eIM YO\u011eUNLU\u011eU\u00a0 \u00a0 \u00a0 \u00a0 \u00a0 \u00a0 \u00a0 \u00a0 \u00a01,70 kg\/m3<\/span><\/p>\n<p><span style=\"color: #000000;\"><strong>UYGULAMA<\/strong><\/span><br \/>\n<span style=\"color: #000000;\">Haz\u0131rlanan har\u00e7 y\u00fczeye 2n fazla 2-3 mm kal\u0131nl\u0131kta mala ile uygulan\u0131r. D\u00fczg\u00fcn y\u00fczey biti\u015finin istendi\u011fi durumlarda, harc\u0131n suyunu \u00e7ekmesi beklenir ve s\u0131vac\u0131 f\u0131r\u00e7as\u0131 ile suyunu \u00e7ekmi\u015f harc\u0131n \u00fczerine su serpilerek, \u00e7elik veya ah\u015fap mala ile y\u00fczey tamamlan\u0131r. Atmosfere a\u00e7\u0131k geni\u015f y\u00fczeyler, \u00f6zellikle s\u0131cak, kuru veya r\u00fczg\u00e2rl\u0131 ortamlar, 24-48 saat s\u00fcreyle \u0131slak \u00e7uval, su ya da \u00f6zel k\u00fcr maddeleri ile h\u0131zl\u0131 buharla\u015fmaya kar\u015f\u0131 korunmal\u0131d\u0131r.<\/span><\/p>\n<p><span style=\"color: #000000;\"><strong>AMBALAJ<\/strong><\/span><br \/>\n<span style=\"color: #000000;\">20 KG KRAFT TORBA.<\/span><\/p>\n<p><span style=\"color: #000000;\"><strong>SARF\u0130YAT<\/strong><\/span><br \/>\n<span style=\"color: #000000;\">1 mm kal\u0131nl\u0131k i\u00e7in 1,8 kg\/m2 toz \u00fcr\u00fcn<\/span><\/p>\n<p><span style=\"color: #000000;\"><strong>RAF \u00d6MR\u00dc<\/strong><\/span><br \/>\n<span style=\"color: #000000;\">Uygun depolama ko\u015fullar\u0131nda \u00fcretim tarihinden itibaren 12 ayd\u0131r. A\u00e7\u0131lm\u0131\u015f ambalajlar uygun depolama ko\u015fullar\u0131nda saklanarak bir hafta i\u00e7inde kullan\u0131lmal\u0131d\u0131r.<\/span><\/p>\n","protected":false},"excerpt":{"rendered":"<p><span style=\"color: #000000;\"><a style=\"color: #000000;\" href=\"https:\/\/dolphinfix.com.tr\/eticaret\/wp-content\/uploads\/2025\/04\/HORASAN-PUZOLANIK-KIREC-ESASLI-ONARIM-VE-GUCLENDIRME-HARCI-OGH-1122-TDS.pdf\" target=\"_blank\" rel=\"noopener\">TDS Belgesini \u0130ndirmek \u0130\u00e7in T\u0131klay\u0131n\u0131z<br \/>\n<\/a><\/span><span style=\"color: #000000;\"><a style=\"color: #000000;\" href=\"#\" target=\"_blank\" rel=\"noopener\">CE Belgesini \u0130ndirmek \u0130\u00e7in T\u0131klay\u0131n\u0131z<\/a><\/span><\/p>\n","protected":false},"featured_media":16368,"comment_status":"open","ping_status":"closed","template":"","meta":{"_joinchat":[]},"product_cat":[84,109],"product_tag":[922,941,939,935,931,923,905,936,940,904,937,930,942,929,897,903,933,943,934,938,932],"class_list":{"0":"post-16366","1":"product","2":"type-product","3":"status-publish","4":"has-post-thumbnail","6":"product_cat-restorasyon-cozumleri","7":"product_cat-tarihi-yapi-onarim-ve-guclendirme-harci","8":"product_tag-cami","9":"product_tag-cevre-dostu-harc","10":"product_tag-dayanikli-guclendirme-harci","11":"product_tag-dis-cephe-onarim-harci","12":"product_tag-guclendirme-harci","13":"product_tag-hamam","14":"product_tag-han","15":"product_tag-ic-cephe-onarim-harci","16":"product_tag-kaliteli-onarim-harci","17":"product_tag-kervansaray","18":"product_tag-nefes-alan-harc","19":"product_tag-onarim-harci","20":"product_tag-profesyonel-yapi-harci","21":"product_tag-puzolanik-kirec-harci","22":"product_tag-restorasyon-harci","23":"product_tag-su-kemeri","24":"product_tag-tarihi-yapi-harci","25":"product_tag-tarihi-yapi-horasan-guclendirme-sivasi","26":"product_tag-tas-ve-tugla-onarim-harci","27":"product_tag-uzun-omurlu-onarim-harci","28":"product_tag-yapi-onarim-harci","30":"first","31":"instock","32":"taxable","33":"shipping-taxable","34":"purchasable","35":"product-type-variable"},"yoast_head":"<!-- This site is optimized with the Yoast SEO Premium plugin v20.2.1 (Yoast SEO v20.2.1) - https:\/\/yoast.com\/wordpress\/plugins\/seo\/ -->\n<title>OGH 1122 Puzolanik Onar\u0131m Harc\u0131 | Tarihi Yap\u0131lar \u0130\u00e7in G\u00fc\u00e7lendirme Harc\u0131<\/title>\n<meta name=\"description\" content=\"OGH 1122 puzolanik kire\u00e7 esasl\u0131, \u00e7imento i\u00e7ermeyen tiksotropik onar\u0131m ve g\u00fc\u00e7lendirme harc\u0131d\u0131r. Tarihi kargir yap\u0131larda y\u00fcksek aderans ve nefes alabilir yap\u0131 sa\u011flar.\" \/>\n<meta name=\"robots\" content=\"index, follow, max-snippet:-1, max-image-preview:large, max-video-preview:-1\" \/>\n<link rel=\"canonical\" href=\"https:\/\/dolphinfix.com.tr\/eticaret\/urun\/ogh-1122-tiksotropik-onarim-ve-guclendirme-harci\/\" \/>\n<meta property=\"og:locale\" content=\"tr_TR\" \/>\n<meta property=\"og:type\" content=\"article\" \/>\n<meta property=\"og:title\" content=\"HORASAN 1122 OGH - PUZOLAN\u0130K K\u0130RE\u00c7 ESASLI ONARIM VE G\u00dc\u00c7LEND\u0130RME HARCI\" \/>\n<meta property=\"og:description\" content=\"OGH 1122 puzolanik kire\u00e7 esasl\u0131, \u00e7imento i\u00e7ermeyen tiksotropik onar\u0131m ve g\u00fc\u00e7lendirme harc\u0131d\u0131r. Tarihi kargir yap\u0131larda y\u00fcksek aderans ve nefes alabilir yap\u0131 sa\u011flar.\" \/>\n<meta property=\"og:url\" content=\"https:\/\/dolphinfix.com.tr\/eticaret\/urun\/ogh-1122-tiksotropik-onarim-ve-guclendirme-harci\/\" \/>\n<meta property=\"og:site_name\" content=\"Dolphinfix\" \/>\n<meta property=\"article:modified_time\" content=\"2026-03-12T20:12:02+00:00\" \/>\n<meta property=\"og:image\" content=\"https:\/\/dolphinfix.com.tr\/eticaret\/wp-content\/uploads\/2024\/10\/1122.png\" \/>\n\t<meta property=\"og:image:width\" content=\"1000\" \/>\n\t<meta property=\"og:image:height\" content=\"1000\" \/>\n\t<meta property=\"og:image:type\" content=\"image\/png\" \/>\n<meta name=\"twitter:card\" content=\"summary_large_image\" \/>\n<meta name=\"twitter:label1\" content=\"Tahmini okuma s\u00fcresi\" \/>\n\t<meta name=\"twitter:data1\" content=\"2 dakika\" \/>\n<script type=\"application\/ld+json\" class=\"yoast-schema-graph\">{\"@context\":\"https:\/\/schema.org\",\"@graph\":[{\"@type\":\"WebPage\",\"@id\":\"https:\/\/dolphinfix.com.tr\/eticaret\/urun\/ogh-1122-tiksotropik-onarim-ve-guclendirme-harci\/\",\"url\":\"https:\/\/dolphinfix.com.tr\/eticaret\/urun\/ogh-1122-tiksotropik-onarim-ve-guclendirme-harci\/\",\"name\":\"OGH 1122 Puzolanik Onar\u0131m Harc\u0131 | Tarihi Yap\u0131lar \u0130\u00e7in G\u00fc\u00e7lendirme Harc\u0131\",\"isPartOf\":{\"@id\":\"https:\/\/dolphinfix.com.tr\/eticaret\/#website\"},\"datePublished\":\"2024-10-26T06:55:32+00:00\",\"dateModified\":\"2026-03-12T20:12:02+00:00\",\"description\":\"OGH 1122 puzolanik kire\u00e7 esasl\u0131, \u00e7imento i\u00e7ermeyen tiksotropik onar\u0131m ve g\u00fc\u00e7lendirme harc\u0131d\u0131r. Tarihi kargir yap\u0131larda y\u00fcksek aderans ve nefes alabilir yap\u0131 sa\u011flar.\",\"breadcrumb\":{\"@id\":\"https:\/\/dolphinfix.com.tr\/eticaret\/urun\/ogh-1122-tiksotropik-onarim-ve-guclendirme-harci\/#breadcrumb\"},\"inLanguage\":\"tr\",\"potentialAction\":[{\"@type\":\"ReadAction\",\"target\":[\"https:\/\/dolphinfix.com.tr\/eticaret\/urun\/ogh-1122-tiksotropik-onarim-ve-guclendirme-harci\/\"]}]},{\"@type\":\"BreadcrumbList\",\"@id\":\"https:\/\/dolphinfix.com.tr\/eticaret\/urun\/ogh-1122-tiksotropik-onarim-ve-guclendirme-harci\/#breadcrumb\",\"itemListElement\":[{\"@type\":\"ListItem\",\"position\":1,\"name\":\"Home\",\"item\":\"https:\/\/dolphinfix.com.tr\/eticaret\/\"},{\"@type\":\"ListItem\",\"position\":2,\"name\":\"Market\",\"item\":\"https:\/\/dolphinfix.com.tr\/eticaret\/market\/\"},{\"@type\":\"ListItem\",\"position\":3,\"name\":\"HORASAN 1122 OGH &#8211; PUZOLAN\u0130K K\u0130RE\u00c7 ESASLI ONARIM VE G\u00dc\u00c7LEND\u0130RME HARCI\"}]},{\"@type\":\"WebSite\",\"@id\":\"https:\/\/dolphinfix.com.tr\/eticaret\/#website\",\"url\":\"https:\/\/dolphinfix.com.tr\/eticaret\/\",\"name\":\"Dolphinfix\",\"description\":\"\",\"potentialAction\":[{\"@type\":\"SearchAction\",\"target\":{\"@type\":\"EntryPoint\",\"urlTemplate\":\"https:\/\/dolphinfix.com.tr\/eticaret\/?s={search_term_string}\"},\"query-input\":\"required name=search_term_string\"}],\"inLanguage\":\"tr\"}]}<\/script>\n<!-- \/ Yoast SEO Premium plugin. -->","yoast_head_json":{"title":"OGH 1122 Puzolanik Onar\u0131m Harc\u0131 | Tarihi Yap\u0131lar \u0130\u00e7in G\u00fc\u00e7lendirme Harc\u0131","description":"OGH 1122 puzolanik kire\u00e7 esasl\u0131, \u00e7imento i\u00e7ermeyen tiksotropik onar\u0131m ve g\u00fc\u00e7lendirme harc\u0131d\u0131r. Tarihi kargir yap\u0131larda y\u00fcksek aderans ve nefes alabilir yap\u0131 sa\u011flar.","robots":{"index":"index","follow":"follow","max-snippet":"max-snippet:-1","max-image-preview":"max-image-preview:large","max-video-preview":"max-video-preview:-1"},"canonical":"https:\/\/dolphinfix.com.tr\/eticaret\/urun\/ogh-1122-tiksotropik-onarim-ve-guclendirme-harci\/","og_locale":"tr_TR","og_type":"article","og_title":"HORASAN 1122 OGH - PUZOLAN\u0130K K\u0130RE\u00c7 ESASLI ONARIM VE G\u00dc\u00c7LEND\u0130RME HARCI","og_description":"OGH 1122 puzolanik kire\u00e7 esasl\u0131, \u00e7imento i\u00e7ermeyen tiksotropik onar\u0131m ve g\u00fc\u00e7lendirme harc\u0131d\u0131r. Tarihi kargir yap\u0131larda y\u00fcksek aderans ve nefes alabilir yap\u0131 sa\u011flar.","og_url":"https:\/\/dolphinfix.com.tr\/eticaret\/urun\/ogh-1122-tiksotropik-onarim-ve-guclendirme-harci\/","og_site_name":"Dolphinfix","article_modified_time":"2026-03-12T20:12:02+00:00","og_image":[{"width":1000,"height":1000,"url":"https:\/\/dolphinfix.com.tr\/eticaret\/wp-content\/uploads\/2024\/10\/1122.png","type":"image\/png"}],"twitter_card":"summary_large_image","twitter_misc":{"Tahmini okuma s\u00fcresi":"2 dakika"},"schema":{"@context":"https:\/\/schema.org","@graph":[{"@type":"WebPage","@id":"https:\/\/dolphinfix.com.tr\/eticaret\/urun\/ogh-1122-tiksotropik-onarim-ve-guclendirme-harci\/","url":"https:\/\/dolphinfix.com.tr\/eticaret\/urun\/ogh-1122-tiksotropik-onarim-ve-guclendirme-harci\/","name":"OGH 1122 Puzolanik Onar\u0131m Harc\u0131 | Tarihi Yap\u0131lar \u0130\u00e7in G\u00fc\u00e7lendirme Harc\u0131","isPartOf":{"@id":"https:\/\/dolphinfix.com.tr\/eticaret\/#website"},"datePublished":"2024-10-26T06:55:32+00:00","dateModified":"2026-03-12T20:12:02+00:00","description":"OGH 1122 puzolanik kire\u00e7 esasl\u0131, \u00e7imento i\u00e7ermeyen tiksotropik onar\u0131m ve g\u00fc\u00e7lendirme harc\u0131d\u0131r. Tarihi kargir yap\u0131larda y\u00fcksek aderans ve nefes alabilir yap\u0131 sa\u011flar.","breadcrumb":{"@id":"https:\/\/dolphinfix.com.tr\/eticaret\/urun\/ogh-1122-tiksotropik-onarim-ve-guclendirme-harci\/#breadcrumb"},"inLanguage":"tr","potentialAction":[{"@type":"ReadAction","target":["https:\/\/dolphinfix.com.tr\/eticaret\/urun\/ogh-1122-tiksotropik-onarim-ve-guclendirme-harci\/"]}]},{"@type":"BreadcrumbList","@id":"https:\/\/dolphinfix.com.tr\/eticaret\/urun\/ogh-1122-tiksotropik-onarim-ve-guclendirme-harci\/#breadcrumb","itemListElement":[{"@type":"ListItem","position":1,"name":"Home","item":"https:\/\/dolphinfix.com.tr\/eticaret\/"},{"@type":"ListItem","position":2,"name":"Market","item":"https:\/\/dolphinfix.com.tr\/eticaret\/market\/"},{"@type":"ListItem","position":3,"name":"HORASAN 1122 OGH &#8211; PUZOLAN\u0130K K\u0130RE\u00c7 ESASLI ONARIM VE G\u00dc\u00c7LEND\u0130RME HARCI"}]},{"@type":"WebSite","@id":"https:\/\/dolphinfix.com.tr\/eticaret\/#website","url":"https:\/\/dolphinfix.com.tr\/eticaret\/","name":"Dolphinfix","description":"","potentialAction":[{"@type":"SearchAction","target":{"@type":"EntryPoint","urlTemplate":"https:\/\/dolphinfix.com.tr\/eticaret\/?s={search_term_string}"},"query-input":"required name=search_term_string"}],"inLanguage":"tr"}]}},"_links":{"self":[{"href":"https:\/\/dolphinfix.com.tr\/eticaret\/wp-json\/wp\/v2\/product\/16366","targetHints":{"allow":["GET"]}}],"collection":[{"href":"https:\/\/dolphinfix.com.tr\/eticaret\/wp-json\/wp\/v2\/product"}],"about":[{"href":"https:\/\/dolphinfix.com.tr\/eticaret\/wp-json\/wp\/v2\/types\/product"}],"replies":[{"embeddable":true,"href":"https:\/\/dolphinfix.com.tr\/eticaret\/wp-json\/wp\/v2\/comments?post=16366"}],"version-history":[{"count":7,"href":"https:\/\/dolphinfix.com.tr\/eticaret\/wp-json\/wp\/v2\/product\/16366\/revisions"}],"predecessor-version":[{"id":19973,"href":"https:\/\/dolphinfix.com.tr\/eticaret\/wp-json\/wp\/v2\/product\/16366\/revisions\/19973"}],"wp:featuredmedia":[{"embeddable":true,"href":"https:\/\/dolphinfix.com.tr\/eticaret\/wp-json\/wp\/v2\/media\/16368"}],"wp:attachment":[{"href":"https:\/\/dolphinfix.com.tr\/eticaret\/wp-json\/wp\/v2\/media?parent=16366"}],"wp:term":[{"taxonomy":"product_cat","embeddable":true,"href":"https:\/\/dolphinfix.com.tr\/eticaret\/wp-json\/wp\/v2\/product_cat?post=16366"},{"taxonomy":"product_tag","embeddable":true,"href":"https:\/\/dolphinfix.com.tr\/eticaret\/wp-json\/wp\/v2\/product_tag?post=16366"}],"curies":[{"name":"wp","href":"https:\/\/api.w.org\/{rel}","templated":true}]}}