{"id":16377,"date":"2024-10-26T10:00:32","date_gmt":"2024-10-26T07:00:32","guid":{"rendered":"https:\/\/dolphinfix.com.tr\/eticaret?post_type=product&#038;p=16377"},"modified":"2026-03-12T23:12:02","modified_gmt":"2026-03-12T20:12:02","slug":"kavi-1124-kirecli-onarim-harci","status":"publish","type":"product","link":"https:\/\/dolphinfix.com.tr\/eticaret\/urun\/kavi-1124-kirecli-onarim-harci\/","title":{"rendered":"HORASAN 1124 KAV\u0130 &#8211; DO\u011eAL H\u0130DROL\u0130K K\u0130RE\u00c7 ESASLI ONARIM VE G\u00dc\u00c7LEND\u0130RME HARCI"},"content":{"rendered":"<h3><span style=\"color: #c61016;\">\u00dcR\u00dcN B\u0130LG\u0130LER\u0130 ;<\/span><\/h3>\n<p data-pm-slice=\"0 0 []\"><span style=\"color: #000000;\"><strong>TANIMI: <\/strong>KAV\u0130 1124, Do\u011fal hidrolik kire\u00e7 esasl\u0131, \u00e7imento i\u00e7ermeyen, tarihi kargir yap\u0131lar\u0131n i\u00e7in geli\u015ftirilmi\u015f, y\u00fcksek mukavemetli tiksotropik onar\u0131m ve g\u00fc\u00e7lendirme harc\u0131d\u0131r.<\/span><\/p>\n<p><span style=\"color: #000000;\"><strong>KULLANIM ALANLARI<\/strong><\/span><br \/>\n<span style=\"color: #000000;\">\u2022Y\u0131\u011fma temel, duvar, s\u0131va, kubbe, kemer ve tonozlar\u0131n onar\u0131lmas\u0131nda ve g\u00fc\u00e7lendirilmesinde,<\/span><br \/>\n<span style=\"color: #000000;\">\u2022Duvar derzlerinde,<\/span><br \/>\n<span style=\"color: #000000;\">\u2022Karbon \u00e7ubuklar\u0131n yerle\u015ftirilmesinde,<\/span><br \/>\n<span style=\"color: #000000;\">\u2022Yeni temel ve duvar imalat\u0131nda,<\/span><br \/>\n<span style=\"color: #000000;\">\u2022Bo\u015fluklar\u0131n doldurulmas\u0131nda,<\/span><\/p>\n<p><span style=\"color: #000000;\"><strong>\u00dcR\u00dcN \u00d6ZELL\u0130KLER\u0130 VE AVANTAJLARI<\/strong><\/span><br \/>\n<span style=\"color: #000000;\">\u2022\u00c7imento i\u00e7ermez,<\/span><br \/>\n<span style=\"color: #000000;\">\u2022Yap\u0131\u015fma dayan\u0131m\u0131 y\u00fcksektir,<\/span><br \/>\n<span style=\"color: #000000;\">\u2022Su buhar\u0131 ge\u00e7irimlili\u011fi y\u00fcksektir,<\/span><br \/>\n<span style=\"color: #000000;\">\u2022Nefes alma \u00f6zelli\u011fine sahip.<\/span><br \/>\n<span style=\"color: #000000;\">\u2022Haz\u0131rlanmas\u0131 ve uygulamas\u0131 \u00e7ok kolayd\u0131r,<\/span><br \/>\n<span style=\"color: #000000;\">\u2022S\u00fclfata dayan\u0131kl\u0131d\u0131r,<\/span><br \/>\n<span style=\"color: #000000;\">\u2022Asbest i\u00e7ermez, \u00e7evre dostudur,<\/span><br \/>\n<span style=\"color: #000000;\">\u2022\u00c7i\u00e7eklenme direnci y\u00fcksektir.<\/span><\/p>\n<p><span style=\"color: #000000;\"><strong>TEKN\u0130K \u00d6ZELL\u0130KLER<\/strong><\/span><br \/>\n<span style=\"color: #000000;\">Malzemenin Yap\u0131s\u0131: Puzolanik kire\u00e7, \u00f6zel silis agregalar, Mineral dolgular.<\/span><br \/>\n<span style=\"color: #000000;\">Renk: Kirli Beyaz, Bej<\/span><br \/>\n<span style=\"color: #000000;\">Bas\u0131n\u00e7 Dayan\u0131m\u0131: M10 (28 g\u00fcn)<\/span><br \/>\n<span style=\"color: #000000;\">Elastisite Mod\u00fcl\u00fc: 16,000 N\/mm\u00b2<\/span><br \/>\n<span style=\"color: #000000;\">Ba\u011f Dayan\u0131m\u0131: \u2265 0,15 N\/mm\u00b2<\/span><br \/>\n<span style=\"color: #000000;\">Kapiler Su Absorbsiyonu: \u22640,2 kg.m\u00af\u00b2.h\u00af\u2070\u2219\u2075<\/span><br \/>\n<span style=\"color: #000000;\">Su Buhar\u0131 Ge\u00e7irkenli\u011fi: 5&lt;20<\/span><br \/>\n<span style=\"color: #000000;\">Uygulama Kal\u0131nl\u0131\u011f\u0131: 0,5-30 mm<\/span><br \/>\n<span style=\"color: #000000;\">Uygulanacak Zeminin S\u0131cakl\u0131\u011f\u0131: +5\u00b0C +30\u00b0C<\/span><br \/>\n<span style=\"color: #000000;\">Servis S\u0131cakl\u0131\u011f\u0131: +5\u00b0C +40\u00b0C<\/span><br \/>\n<span style=\"color: #000000;\">Kullanma S\u00fcresi (+20\u00b0C): 60 dak.<\/span><br \/>\n<span style=\"color: #000000;\">Tipik de\u011ferler: +23\u00b0C\u2019de %50 ba\u011f\u0131l nem ko\u015fullar\u0131nda 4x4x16 cm har\u00e7 prizmas\u0131nda yap\u0131lan deneyler sonucunda elde edilmi\u015ftir. Y\u00fcksek s\u0131cakl\u0131klar s\u00fcreleri<\/span><br \/>\n<span style=\"color: #000000;\">k\u0131salt\u0131r, d\u00fc\u015f\u00fck s\u0131cakl\u0131klar uzat\u0131r.<\/span><\/p>\n<p><span style=\"color: #000000;\"><strong>UYGULAMA Y\u00d6NTEM\u0130<\/strong><\/span><br \/>\n<span style=\"color: #000000;\">Y\u00fczey Haz\u0131rl\u0131\u011f\u0131: Yap\u0131lar\u0131n s\u0131va yap\u0131lacak y\u00fczeylerinin sa\u011flam, tozsuz ve temiz olmas\u0131na dikkat edilmelidir. Y\u00fczey, aderans\u0131 zay\u0131flatacak her t\u00fcrl\u00fc ya\u011f,pas, gres ve parafin kal\u0131nt\u0131lar\u0131ndan iyice temizlenmelidir. Uygulama yap\u0131lacak alan\u0131n aderans\u0131n\u0131 art\u0131rmak ve y\u00fczeye harc\u0131n yap\u0131\u015fma ve mukavemetini iyile\u015ftirmek i\u00e7iny\u00fczey \u00f6nceden nemlendirilmelidir.<\/span><\/p>\n<p><span style=\"color: #000000;\"><strong>KARI\u015eTIRMA<\/strong><\/span><br \/>\n<span style=\"color: #000000;\">Uygun su miktar\u0131, bir \u00f6l\u00e7ek yard\u0131m\u0131yla temiz kar\u0131\u015ft\u0131rma kovas\u0131na bo\u015falt\u0131l\u0131r. KAV\u0130 1124, yava\u015f yava\u015f ilave edilerek 400-600 devirli bir kar\u0131\u015ft\u0131r\u0131c\u0131 ile homojen ve topaks\u0131z bir kar\u0131\u015f\u0131m elde edilinceye kadar 10 dakika kar\u0131\u015ft\u0131r\u0131l\u0131r. Yakla\u015f\u0131k 5 dakika dinlendirilip tekrar 2 dakika kar\u0131\u015ft\u0131r\u0131ld\u0131ktan sonra malzeme kullan\u0131ma haz\u0131r hale gelir.<\/span><\/p>\n<p><span style=\"color: #000000;\"><strong>KARI\u015eTIRMA ORANLARI<\/strong><\/span><br \/>\n<span style=\"color: #000000;\">KAV\u0130 1124 1 KG TOZ \u0130\u00c7\u0130N 20 KG TORBA \u0130\u00c7\u0130N KARI\u015eIM<\/span><br \/>\n<span style=\"color: #000000;\">SUYU M\u0130KTARI 0,25 lt \u2013 0,30 lt 5,0 lt \u2013 6,0 lt<\/span><br \/>\n<span style=\"color: #000000;\">KARI\u015eIM YO\u011eUNLU\u011eU 1,50 kg\/m3<\/span><\/p>\n<p><span style=\"color: #000000;\"><strong>UYGULAMA<\/strong><\/span><br \/>\n<span style=\"color: #000000;\">Haz\u0131rlanan har\u00e7 y\u00fczeye 2n fazla 2-3 mm kal\u0131nl\u0131kta mala ile uygulan\u0131r. D\u00fczg\u00fcn y\u00fczey biti\u015finin istendi\u011fi durumlarda, harc\u0131n suyunu \u00e7ekmesi beklenir ve s\u0131vac\u0131 f\u0131r\u00e7as\u0131 ile suyunu \u00e7ekmi\u015f harc\u0131n \u00fczerine su serpilerek, \u00e7elik veya ah\u015fap mala ile y\u00fczey tamamlan\u0131r. Atmosfere a\u00e7\u0131k geni\u015f y\u00fczeyler, \u00f6zellikle s\u0131cak, kuru veya r\u00fczg\u00e2rl\u0131 ortamlar, 24-48 saat s\u00fcreyle \u0131slak \u00e7uval, su ya da \u00f6zel k\u00fcr maddeleri ile h\u0131zl\u0131 buharla\u015fmaya kar\u015f\u0131 korunmal\u0131d\u0131r.<\/span><\/p>\n<p><span style=\"color: #000000;\"><strong>AMBALAJ<\/strong><\/span><br \/>\n<span style=\"color: #000000;\">20 KG KRAFT TORBA<\/span><\/p>\n<p><span style=\"color: #000000;\"><strong>SARF\u0130YAT<\/strong><\/span><br \/>\n<span style=\"color: #000000;\">1 m2 geni\u015fli\u011finde ve 10 mm kal\u0131nl\u0131\u011f\u0131nda s\u0131va yapmak i\u00e7in 17,0 kg toz \u00fcr\u00fcn gereklidir.<\/span><\/p>\n","protected":false},"excerpt":{"rendered":"<p><span style=\"color: #000000;\"><a style=\"color: #000000;\" href=\"https:\/\/dolphinfix.com.tr\/eticaret\/wp-content\/uploads\/2025\/04\/HORASAN-DOGAL-HIDROLIK-KIREC-ESASLI-ONARIM-VE-GUCLENDIRME-HARCI-KAVI-1124-TDS.pdf\" target=\"_blank\" rel=\"noopener\">TDS Belgesini \u0130ndirmek \u0130\u00e7in T\u0131klay\u0131n\u0131z<br \/>\n<\/a><\/span><span style=\"color: #000000;\"><a style=\"color: #000000;\" href=\"#\" target=\"_blank\" rel=\"noopener\">CE Belgesini \u0130ndirmek \u0130\u00e7in T\u0131klay\u0131n\u0131z<\/a><\/span><\/p>\n","protected":false},"featured_media":16369,"comment_status":"open","ping_status":"closed","template":"","meta":{"_joinchat":[]},"product_cat":[84,109],"product_tag":[922,941,939,935,961,870,958,931,923,905,963,936,956,904,962,937,930,942,897,903,933,943,957,934,959,938,932,960,964],"class_list":{"0":"post-16377","1":"product","2":"type-product","3":"status-publish","4":"has-post-thumbnail","6":"product_cat-restorasyon-cozumleri","7":"product_cat-tarihi-yapi-onarim-ve-guclendirme-harci","8":"product_tag-cami","9":"product_tag-cevre-dostu-harc","10":"product_tag-dayanikli-guclendirme-harci","11":"product_tag-dis-cephe-onarim-harci","12":"product_tag-dogal-hdrolik-kirec-esasli-horasan-onarim-ve-guclendirme-harci","13":"product_tag-dogal-hidrolik-kirec","14":"product_tag-dogal-tas","15":"product_tag-guclendirme-harci","16":"product_tag-hamam","17":"product_tag-han","18":"product_tag-horasan-onarim-ve-guclendirme-harci","19":"product_tag-ic-cephe-onarim-harci","20":"product_tag-kaliteli-harc","21":"product_tag-kervansaray","22":"product_tag-kubbe-ve-tonaz-onarim-ve-guclendirme-harci","23":"product_tag-nefes-alan-harc","24":"product_tag-onarim-harci","25":"product_tag-profesyonel-yapi-harci","26":"product_tag-restorasyon-harci","27":"product_tag-su-kemeri","28":"product_tag-tarihi-yapi-harci","29":"product_tag-tarihi-yapi-horasan-guclendirme-sivasi","30":"product_tag-tarihi-yapi-horasan-onarim-ve-guclendirme-harci-tarihi-yapi-onarim-ve-guclendirme-harci","31":"product_tag-tas-ve-tugla-onarim-harci","32":"product_tag-tuyla-ve-kiremit-baglayici-harc","33":"product_tag-uzun-omurlu-onarim-harci","34":"product_tag-yapi-onarim-harci","35":"product_tag-yuksek-basic-dayanimli-harc","36":"product_tag-yuksek-mukavemet-ve-dayanimli-horasan-harci","38":"first","39":"instock","40":"taxable","41":"shipping-taxable","42":"purchasable","43":"product-type-variable"},"yoast_head":"<!-- This site is optimized with the Yoast SEO Premium plugin v20.2.1 (Yoast SEO v20.2.1) - https:\/\/yoast.com\/wordpress\/plugins\/seo\/ -->\n<title>KAV\u0130 1124 Do\u011fal Hidrolik Kire\u00e7li Onar\u0131m ve G\u00fc\u00e7lendirme Harc\u0131 | Tarihi Yap\u0131lar \u0130\u00e7in<\/title>\n<meta name=\"description\" content=\"KAV\u0130 1124, do\u011fal hidrolik kire\u00e7 esasl\u0131, \u00e7imento i\u00e7ermeyen y\u00fcksek mukavemetli onar\u0131m ve g\u00fc\u00e7lendirme harc\u0131d\u0131r. Tarihi kargir yap\u0131larda duvar, kubbe, kemer ve tonoz onar\u0131mlar\u0131nda g\u00fcvenle kullan\u0131l\u0131r.\" \/>\n<meta name=\"robots\" content=\"index, follow, max-snippet:-1, max-image-preview:large, max-video-preview:-1\" \/>\n<link rel=\"canonical\" href=\"https:\/\/dolphinfix.com.tr\/eticaret\/urun\/kavi-1124-kirecli-onarim-harci\/\" \/>\n<meta property=\"og:locale\" content=\"tr_TR\" \/>\n<meta property=\"og:type\" content=\"article\" \/>\n<meta property=\"og:title\" content=\"HORASAN 1124 KAV\u0130 - DO\u011eAL H\u0130DROL\u0130K K\u0130RE\u00c7 ESASLI ONARIM VE G\u00dc\u00c7LEND\u0130RME HARCI\" \/>\n<meta property=\"og:description\" content=\"KAV\u0130 1124, do\u011fal hidrolik kire\u00e7 esasl\u0131, \u00e7imento i\u00e7ermeyen y\u00fcksek mukavemetli onar\u0131m ve g\u00fc\u00e7lendirme harc\u0131d\u0131r. Tarihi kargir yap\u0131larda duvar, kubbe, kemer ve tonoz onar\u0131mlar\u0131nda g\u00fcvenle kullan\u0131l\u0131r.\" \/>\n<meta property=\"og:url\" content=\"https:\/\/dolphinfix.com.tr\/eticaret\/urun\/kavi-1124-kirecli-onarim-harci\/\" \/>\n<meta property=\"og:site_name\" content=\"Dolphinfix\" \/>\n<meta property=\"article:modified_time\" content=\"2026-03-12T20:12:02+00:00\" \/>\n<meta property=\"og:image\" content=\"https:\/\/dolphinfix.com.tr\/eticaret\/wp-content\/uploads\/2024\/10\/1124.png\" \/>\n\t<meta property=\"og:image:width\" content=\"1000\" \/>\n\t<meta property=\"og:image:height\" content=\"1000\" \/>\n\t<meta property=\"og:image:type\" content=\"image\/png\" \/>\n<meta name=\"twitter:card\" content=\"summary_large_image\" \/>\n<meta name=\"twitter:label1\" content=\"Tahmini okuma s\u00fcresi\" \/>\n\t<meta name=\"twitter:data1\" content=\"3 dakika\" \/>\n<script type=\"application\/ld+json\" class=\"yoast-schema-graph\">{\"@context\":\"https:\/\/schema.org\",\"@graph\":[{\"@type\":\"WebPage\",\"@id\":\"https:\/\/dolphinfix.com.tr\/eticaret\/urun\/kavi-1124-kirecli-onarim-harci\/\",\"url\":\"https:\/\/dolphinfix.com.tr\/eticaret\/urun\/kavi-1124-kirecli-onarim-harci\/\",\"name\":\"KAV\u0130 1124 Do\u011fal Hidrolik Kire\u00e7li Onar\u0131m ve G\u00fc\u00e7lendirme Harc\u0131 | Tarihi Yap\u0131lar \u0130\u00e7in\",\"isPartOf\":{\"@id\":\"https:\/\/dolphinfix.com.tr\/eticaret\/#website\"},\"datePublished\":\"2024-10-26T07:00:32+00:00\",\"dateModified\":\"2026-03-12T20:12:02+00:00\",\"description\":\"KAV\u0130 1124, do\u011fal hidrolik kire\u00e7 esasl\u0131, \u00e7imento i\u00e7ermeyen y\u00fcksek mukavemetli onar\u0131m ve g\u00fc\u00e7lendirme harc\u0131d\u0131r. Tarihi kargir yap\u0131larda duvar, kubbe, kemer ve tonoz onar\u0131mlar\u0131nda g\u00fcvenle kullan\u0131l\u0131r.\",\"breadcrumb\":{\"@id\":\"https:\/\/dolphinfix.com.tr\/eticaret\/urun\/kavi-1124-kirecli-onarim-harci\/#breadcrumb\"},\"inLanguage\":\"tr\",\"potentialAction\":[{\"@type\":\"ReadAction\",\"target\":[\"https:\/\/dolphinfix.com.tr\/eticaret\/urun\/kavi-1124-kirecli-onarim-harci\/\"]}]},{\"@type\":\"BreadcrumbList\",\"@id\":\"https:\/\/dolphinfix.com.tr\/eticaret\/urun\/kavi-1124-kirecli-onarim-harci\/#breadcrumb\",\"itemListElement\":[{\"@type\":\"ListItem\",\"position\":1,\"name\":\"Home\",\"item\":\"https:\/\/dolphinfix.com.tr\/eticaret\/\"},{\"@type\":\"ListItem\",\"position\":2,\"name\":\"Market\",\"item\":\"https:\/\/dolphinfix.com.tr\/eticaret\/market\/\"},{\"@type\":\"ListItem\",\"position\":3,\"name\":\"HORASAN 1124 KAV\u0130 &#8211; DO\u011eAL H\u0130DROL\u0130K K\u0130RE\u00c7 ESASLI ONARIM VE G\u00dc\u00c7LEND\u0130RME HARCI\"}]},{\"@type\":\"WebSite\",\"@id\":\"https:\/\/dolphinfix.com.tr\/eticaret\/#website\",\"url\":\"https:\/\/dolphinfix.com.tr\/eticaret\/\",\"name\":\"Dolphinfix\",\"description\":\"\",\"potentialAction\":[{\"@type\":\"SearchAction\",\"target\":{\"@type\":\"EntryPoint\",\"urlTemplate\":\"https:\/\/dolphinfix.com.tr\/eticaret\/?s={search_term_string}\"},\"query-input\":\"required name=search_term_string\"}],\"inLanguage\":\"tr\"}]}<\/script>\n<!-- \/ Yoast SEO Premium plugin. -->","yoast_head_json":{"title":"KAV\u0130 1124 Do\u011fal Hidrolik Kire\u00e7li Onar\u0131m ve G\u00fc\u00e7lendirme Harc\u0131 | Tarihi Yap\u0131lar \u0130\u00e7in","description":"KAV\u0130 1124, do\u011fal hidrolik kire\u00e7 esasl\u0131, \u00e7imento i\u00e7ermeyen y\u00fcksek mukavemetli onar\u0131m ve g\u00fc\u00e7lendirme harc\u0131d\u0131r. Tarihi kargir yap\u0131larda duvar, kubbe, kemer ve tonoz onar\u0131mlar\u0131nda g\u00fcvenle kullan\u0131l\u0131r.","robots":{"index":"index","follow":"follow","max-snippet":"max-snippet:-1","max-image-preview":"max-image-preview:large","max-video-preview":"max-video-preview:-1"},"canonical":"https:\/\/dolphinfix.com.tr\/eticaret\/urun\/kavi-1124-kirecli-onarim-harci\/","og_locale":"tr_TR","og_type":"article","og_title":"HORASAN 1124 KAV\u0130 - DO\u011eAL H\u0130DROL\u0130K K\u0130RE\u00c7 ESASLI ONARIM VE G\u00dc\u00c7LEND\u0130RME HARCI","og_description":"KAV\u0130 1124, do\u011fal hidrolik kire\u00e7 esasl\u0131, \u00e7imento i\u00e7ermeyen y\u00fcksek mukavemetli onar\u0131m ve g\u00fc\u00e7lendirme harc\u0131d\u0131r. Tarihi kargir yap\u0131larda duvar, kubbe, kemer ve tonoz onar\u0131mlar\u0131nda g\u00fcvenle kullan\u0131l\u0131r.","og_url":"https:\/\/dolphinfix.com.tr\/eticaret\/urun\/kavi-1124-kirecli-onarim-harci\/","og_site_name":"Dolphinfix","article_modified_time":"2026-03-12T20:12:02+00:00","og_image":[{"width":1000,"height":1000,"url":"https:\/\/dolphinfix.com.tr\/eticaret\/wp-content\/uploads\/2024\/10\/1124.png","type":"image\/png"}],"twitter_card":"summary_large_image","twitter_misc":{"Tahmini okuma s\u00fcresi":"3 dakika"},"schema":{"@context":"https:\/\/schema.org","@graph":[{"@type":"WebPage","@id":"https:\/\/dolphinfix.com.tr\/eticaret\/urun\/kavi-1124-kirecli-onarim-harci\/","url":"https:\/\/dolphinfix.com.tr\/eticaret\/urun\/kavi-1124-kirecli-onarim-harci\/","name":"KAV\u0130 1124 Do\u011fal Hidrolik Kire\u00e7li Onar\u0131m ve G\u00fc\u00e7lendirme Harc\u0131 | Tarihi Yap\u0131lar \u0130\u00e7in","isPartOf":{"@id":"https:\/\/dolphinfix.com.tr\/eticaret\/#website"},"datePublished":"2024-10-26T07:00:32+00:00","dateModified":"2026-03-12T20:12:02+00:00","description":"KAV\u0130 1124, do\u011fal hidrolik kire\u00e7 esasl\u0131, \u00e7imento i\u00e7ermeyen y\u00fcksek mukavemetli onar\u0131m ve g\u00fc\u00e7lendirme harc\u0131d\u0131r. Tarihi kargir yap\u0131larda duvar, kubbe, kemer ve tonoz onar\u0131mlar\u0131nda g\u00fcvenle kullan\u0131l\u0131r.","breadcrumb":{"@id":"https:\/\/dolphinfix.com.tr\/eticaret\/urun\/kavi-1124-kirecli-onarim-harci\/#breadcrumb"},"inLanguage":"tr","potentialAction":[{"@type":"ReadAction","target":["https:\/\/dolphinfix.com.tr\/eticaret\/urun\/kavi-1124-kirecli-onarim-harci\/"]}]},{"@type":"BreadcrumbList","@id":"https:\/\/dolphinfix.com.tr\/eticaret\/urun\/kavi-1124-kirecli-onarim-harci\/#breadcrumb","itemListElement":[{"@type":"ListItem","position":1,"name":"Home","item":"https:\/\/dolphinfix.com.tr\/eticaret\/"},{"@type":"ListItem","position":2,"name":"Market","item":"https:\/\/dolphinfix.com.tr\/eticaret\/market\/"},{"@type":"ListItem","position":3,"name":"HORASAN 1124 KAV\u0130 &#8211; DO\u011eAL H\u0130DROL\u0130K K\u0130RE\u00c7 ESASLI ONARIM VE G\u00dc\u00c7LEND\u0130RME HARCI"}]},{"@type":"WebSite","@id":"https:\/\/dolphinfix.com.tr\/eticaret\/#website","url":"https:\/\/dolphinfix.com.tr\/eticaret\/","name":"Dolphinfix","description":"","potentialAction":[{"@type":"SearchAction","target":{"@type":"EntryPoint","urlTemplate":"https:\/\/dolphinfix.com.tr\/eticaret\/?s={search_term_string}"},"query-input":"required name=search_term_string"}],"inLanguage":"tr"}]}},"_links":{"self":[{"href":"https:\/\/dolphinfix.com.tr\/eticaret\/wp-json\/wp\/v2\/product\/16377","targetHints":{"allow":["GET"]}}],"collection":[{"href":"https:\/\/dolphinfix.com.tr\/eticaret\/wp-json\/wp\/v2\/product"}],"about":[{"href":"https:\/\/dolphinfix.com.tr\/eticaret\/wp-json\/wp\/v2\/types\/product"}],"replies":[{"embeddable":true,"href":"https:\/\/dolphinfix.com.tr\/eticaret\/wp-json\/wp\/v2\/comments?post=16377"}],"version-history":[{"count":6,"href":"https:\/\/dolphinfix.com.tr\/eticaret\/wp-json\/wp\/v2\/product\/16377\/revisions"}],"predecessor-version":[{"id":19416,"href":"https:\/\/dolphinfix.com.tr\/eticaret\/wp-json\/wp\/v2\/product\/16377\/revisions\/19416"}],"wp:featuredmedia":[{"embeddable":true,"href":"https:\/\/dolphinfix.com.tr\/eticaret\/wp-json\/wp\/v2\/media\/16369"}],"wp:attachment":[{"href":"https:\/\/dolphinfix.com.tr\/eticaret\/wp-json\/wp\/v2\/media?parent=16377"}],"wp:term":[{"taxonomy":"product_cat","embeddable":true,"href":"https:\/\/dolphinfix.com.tr\/eticaret\/wp-json\/wp\/v2\/product_cat?post=16377"},{"taxonomy":"product_tag","embeddable":true,"href":"https:\/\/dolphinfix.com.tr\/eticaret\/wp-json\/wp\/v2\/product_tag?post=16377"}],"curies":[{"name":"wp","href":"https:\/\/api.w.org\/{rel}","templated":true}]}}