{"id":16428,"date":"2024-10-28T17:07:04","date_gmt":"2024-10-28T14:07:04","guid":{"rendered":"https:\/\/dolphinfix.com.tr\/eticaret?post_type=product&#038;p=16428"},"modified":"2026-03-12T08:20:19","modified_gmt":"2026-03-12T05:20:19","slug":"tkc-100-su-tikaci","status":"publish","type":"product","link":"https:\/\/dolphinfix.com.tr\/eticaret\/urun\/tkc-100-su-tikaci\/","title":{"rendered":"\u015eOK TKC 100 &#8211; HIZLI PR\u0130Z ALAN SU TIKACI"},"content":{"rendered":"<h3><span style=\"color: #c61016;\">\u00dcR\u00dcN B\u0130LG\u0130LER\u0130 ;<\/span><\/h3>\n<p><span style=\"color: #000000;\"><strong>TANIMI :<\/strong> TKC 100, \u00d6zel \u00e7imentolar, kimyasal ve polimer katk\u0131larla motifiye edilmis, kullan\u0131ma haz\u0131r, toz halinde kullan\u0131lan, \u00e2ni priz alan su t\u0131kac\u0131d\u0131r.<\/span><\/p>\n<p><strong><span style=\"color: #000000;\">KULLANIM ALANLARI;<\/span><\/strong><br \/>\n<span style=\"color: #000000;\">\u2022Her t\u00fcrl\u00fc mineral esasl\u0131 y\u00fczeylerde,<\/span><br \/>\n<span style=\"color: #000000;\">\u2022\u00c7atlak ve bosluklardan gelen bas\u0131n\u00e7l\u0131 sular\u0131n h\u0131zl\u0131ca kesilmesinde,<\/span><br \/>\n<span style=\"color: #000000;\">\u2022Aktif su s\u0131z\u0131nt\u0131lar\u0131n\u0131n durdurulmas\u0131nda,<\/span><br \/>\n<span style=\"color: #000000;\">\u2022Y\u00fczey sular\u0131n\u0131n kurutulmas\u0131nda,<\/span><\/p>\n<p><strong><span style=\"color: #000000;\">\u00dcR\u00dcN \u00d6ZELL\u0130KLER\u0130;<\/span><\/strong><br \/>\n<span style=\"color: #000000;\">\u2022Suyla temastan sonra 2-3 saniye i\u00e7inde priz al\u0131r,<\/span><br \/>\n<span style=\"color: #000000;\">\u2022Suyun ak\u0131s istikametinin tersine ilerler ve genlesir.<\/span><br \/>\n<span style=\"color: #000000;\">\u2022Prizini tamamlad\u0131ktan sonra b\u00fcz\u00fclme yapmaz.<\/span><br \/>\n<span style=\"color: #000000;\">\u2022Klor ve soda i\u00e7ermez,<\/span><br \/>\n<span style=\"color: #000000;\">\u2022Betonda ki demir donat\u0131y\u0131 korozyona ugratmaz,<\/span><br \/>\n<span style=\"color: #000000;\">\u2022Mineral esasl\u0131 y\u00fczeylere m\u00fckemmel yap\u0131sma saglar,<\/span><\/p>\n<p><strong><span style=\"color: #000000;\">DIKKAT ED\u0130LMES\u0130 GEREKEN HUSUSLAR ;\u00a0<\/span><\/strong><br \/>\n<span style=\"color: #000000;\">\u2022Y\u00fczey her t\u00fcrl\u00fc kir, ya\u011f ve gresten, zay\u0131f ve oynak par\u00e7ac\u0131klardan, \u00e7imento serbeti kal\u0131nt\u0131lar\u0131ndan ar\u0131nd\u0131r\u0131lmal\u0131d\u0131r.<\/span><\/p>\n<p><strong><span style=\"color: #000000;\">DIKKAT ED\u0130LMES\u0130 GEREKEN HUSUSLAR ;\u00a0<\/span><\/strong><br \/>\n<span style=\"color: #000000;\">\u2022\u00dcr\u00fcn\u00fc, bu alanda egitim alm\u0131s uzmanlar uygulamal\u0131d\u0131r.<\/span><\/p>\n<p><span style=\"color: #000000;\"><strong>AMBALAJ :<\/strong> 5 kg Plastik Kova<\/span><\/p>\n<p><span style=\"color: #000000;\"><strong>SARF\u0130YAT :<\/strong> \u00dcr\u00fcn ihtiya\u00e7 dahilinde kullan\u0131ld\u0131\u011f\u0131 i\u00e7in sarfiyat miktar\u0131 belirtilmemi\u015ftir.<\/span><\/p>\n<p><span style=\"color: #000000;\"><strong>RAF \u00d6MR\u00dc :<\/strong> Havan\u0131n nemi ile reaksiyona girebilir, ambalajlar\u0131 kapal\u0131 tutunuz. Orijinal, hasar g\u00f6rmemis ve a\u00e7\u0131lmam\u0131s ambalaj\u0131nda \u00fcretim tarihi itibariyle 12 ay kullan\u0131labilir. <\/span><\/p>\n<p><span style=\"color: #000000;\"><strong>DEPOLAMA SARTLARI :<\/strong> +5 \u00b0C ve 30\u00b0C aral\u0131g\u0131nda muhafaza edilmelidir.Dondan, nemden ve direkt g\u00fcnes \u0131s\u0131ndan korunmal\u0131d\u0131r.<\/span><br \/>\n<span style=\"color: #000000;\">Palet \u00fcst\u00fcnde istif edilmelidir. \u00dcst \u00fcste en fazla 8 torba konulmal\u0131d\u0131r.<\/span><\/p>\n<p><span style=\"color: #000000;\"><em>\u00dcr\u00fcn Teknik \u00f6zellikleri ve di\u011fer bilgiler i\u00e7in tds belgesini indirmenizi rica ederiz.<\/em><\/span><\/p>\n","protected":false},"excerpt":{"rendered":"<p><span style=\"color: #000000;\"><a style=\"color: #000000;\" href=\"https:\/\/dolphinfix.com.tr\/eticaret\/wp-content\/uploads\/2026\/03\/SOK-TIKAC-100-TDS.pdf\" target=\"_blank\" rel=\"noopener\">TDS Belgesini \u0130ndirmek \u0130\u00e7in T\u0131klay\u0131n\u0131z<br \/>\n<\/a><\/span><span style=\"color: #000000;\"><a style=\"color: #000000;\" href=\"#\" target=\"_blank\" rel=\"noopener\">CE Belgesini \u0130ndirmek \u0130\u00e7in T\u0131klay\u0131n\u0131z<\/a><\/span><\/p>\n","protected":false},"featured_media":17514,"comment_status":"open","ping_status":"closed","template":"","meta":{"_joinchat":[]},"product_cat":[99,83],"product_tag":[983,992,982,986,984,980,985,675,988,989,990,991,981,662,987],"class_list":{"0":"post-16428","1":"product","2":"type-product","3":"status-publish","4":"has-post-thumbnail","6":"product_cat-cimento-esasli-negatif","7":"product_cat-su-yalitim-cozumleri","8":"product_tag-acil-su-durdurucu","9":"product_tag-beton-su-izolasyonu","10":"product_tag-beton-su-tikaci","11":"product_tag-beton-tamir-katkisi","12":"product_tag-dayanikli-su-tikaci","13":"product_tag-hizli-priz-alan-su-tikaci","14":"product_tag-hizli-sertlesen-katki","15":"product_tag-insaat-malzemesi","16":"product_tag-kisa-surede-priz-alan-malzeme","17":"product_tag-kolay-uygulanabilir-su-tikaci","18":"product_tag-profesyonel-insaat-urunu","19":"product_tag-su-sizintisi-onleyici","20":"product_tag-su-tikaci","21":"product_tag-yapi-malzemeleri","22":"product_tag-yuksek-performansli-su-tikaci","24":"first","25":"instock","26":"taxable","27":"shipping-taxable","28":"purchasable","29":"product-type-variable"},"yoast_head":"<!-- This site is optimized with the Yoast SEO Premium plugin v20.2.1 (Yoast SEO v20.2.1) - https:\/\/yoast.com\/wordpress\/plugins\/seo\/ -->\n<title>TKC 100 Ani Priz Alan Su T\u0131kac\u0131 | Bas\u0131n\u00e7l\u0131 Su S\u0131z\u0131nt\u0131 Durdurucu<\/title>\n<meta name=\"description\" content=\"TKC 100 ani priz alan su t\u0131kac\u0131; \u00e7atlak ve bo\u015fluklardan gelen bas\u0131n\u00e7l\u0131 suyu 2-3 saniyede durdurur. Aktif su s\u0131z\u0131nt\u0131lar\u0131nda y\u00fcksek yap\u0131\u015fma ve genle\u015fme \u00f6zelli\u011fi sunar.\" \/>\n<meta name=\"robots\" content=\"index, follow, max-snippet:-1, max-image-preview:large, max-video-preview:-1\" \/>\n<link rel=\"canonical\" href=\"https:\/\/dolphinfix.com.tr\/eticaret\/urun\/tkc-100-su-tikaci\/\" \/>\n<meta property=\"og:locale\" content=\"tr_TR\" \/>\n<meta property=\"og:type\" content=\"article\" \/>\n<meta property=\"og:title\" content=\"\u015eOK TKC 100 - HIZLI PR\u0130Z ALAN SU TIKACI\" \/>\n<meta property=\"og:description\" content=\"TKC 100 ani priz alan su t\u0131kac\u0131; \u00e7atlak ve bo\u015fluklardan gelen bas\u0131n\u00e7l\u0131 suyu 2-3 saniyede durdurur. Aktif su s\u0131z\u0131nt\u0131lar\u0131nda y\u00fcksek yap\u0131\u015fma ve genle\u015fme \u00f6zelli\u011fi sunar.\" \/>\n<meta property=\"og:url\" content=\"https:\/\/dolphinfix.com.tr\/eticaret\/urun\/tkc-100-su-tikaci\/\" \/>\n<meta property=\"og:site_name\" content=\"Dolphinfix\" \/>\n<meta property=\"article:modified_time\" content=\"2026-03-12T05:20:19+00:00\" \/>\n<meta property=\"og:image\" content=\"https:\/\/dolphinfix.com.tr\/eticaret\/wp-content\/uploads\/2024\/10\/100-1000X1000.png\" \/>\n\t<meta property=\"og:image:width\" content=\"1000\" \/>\n\t<meta property=\"og:image:height\" content=\"1000\" \/>\n\t<meta property=\"og:image:type\" content=\"image\/png\" \/>\n<meta name=\"twitter:card\" content=\"summary_large_image\" \/>\n<meta name=\"twitter:label1\" content=\"Tahmini okuma s\u00fcresi\" \/>\n\t<meta name=\"twitter:data1\" content=\"2 dakika\" \/>\n<script type=\"application\/ld+json\" class=\"yoast-schema-graph\">{\"@context\":\"https:\/\/schema.org\",\"@graph\":[{\"@type\":\"WebPage\",\"@id\":\"https:\/\/dolphinfix.com.tr\/eticaret\/urun\/tkc-100-su-tikaci\/\",\"url\":\"https:\/\/dolphinfix.com.tr\/eticaret\/urun\/tkc-100-su-tikaci\/\",\"name\":\"TKC 100 Ani Priz Alan Su T\u0131kac\u0131 | Bas\u0131n\u00e7l\u0131 Su S\u0131z\u0131nt\u0131 Durdurucu\",\"isPartOf\":{\"@id\":\"https:\/\/dolphinfix.com.tr\/eticaret\/#website\"},\"datePublished\":\"2024-10-28T14:07:04+00:00\",\"dateModified\":\"2026-03-12T05:20:19+00:00\",\"description\":\"TKC 100 ani priz alan su t\u0131kac\u0131; \u00e7atlak ve bo\u015fluklardan gelen bas\u0131n\u00e7l\u0131 suyu 2-3 saniyede durdurur. Aktif su s\u0131z\u0131nt\u0131lar\u0131nda y\u00fcksek yap\u0131\u015fma ve genle\u015fme \u00f6zelli\u011fi sunar.\",\"breadcrumb\":{\"@id\":\"https:\/\/dolphinfix.com.tr\/eticaret\/urun\/tkc-100-su-tikaci\/#breadcrumb\"},\"inLanguage\":\"tr\",\"potentialAction\":[{\"@type\":\"ReadAction\",\"target\":[\"https:\/\/dolphinfix.com.tr\/eticaret\/urun\/tkc-100-su-tikaci\/\"]}]},{\"@type\":\"BreadcrumbList\",\"@id\":\"https:\/\/dolphinfix.com.tr\/eticaret\/urun\/tkc-100-su-tikaci\/#breadcrumb\",\"itemListElement\":[{\"@type\":\"ListItem\",\"position\":1,\"name\":\"Home\",\"item\":\"https:\/\/dolphinfix.com.tr\/eticaret\/\"},{\"@type\":\"ListItem\",\"position\":2,\"name\":\"Market\",\"item\":\"https:\/\/dolphinfix.com.tr\/eticaret\/market\/\"},{\"@type\":\"ListItem\",\"position\":3,\"name\":\"\u015eOK TKC 100 &#8211; HIZLI PR\u0130Z ALAN SU TIKACI\"}]},{\"@type\":\"WebSite\",\"@id\":\"https:\/\/dolphinfix.com.tr\/eticaret\/#website\",\"url\":\"https:\/\/dolphinfix.com.tr\/eticaret\/\",\"name\":\"Dolphinfix\",\"description\":\"\",\"potentialAction\":[{\"@type\":\"SearchAction\",\"target\":{\"@type\":\"EntryPoint\",\"urlTemplate\":\"https:\/\/dolphinfix.com.tr\/eticaret\/?s={search_term_string}\"},\"query-input\":\"required name=search_term_string\"}],\"inLanguage\":\"tr\"}]}<\/script>\n<!-- \/ Yoast SEO Premium plugin. -->","yoast_head_json":{"title":"TKC 100 Ani Priz Alan Su T\u0131kac\u0131 | Bas\u0131n\u00e7l\u0131 Su S\u0131z\u0131nt\u0131 Durdurucu","description":"TKC 100 ani priz alan su t\u0131kac\u0131; \u00e7atlak ve bo\u015fluklardan gelen bas\u0131n\u00e7l\u0131 suyu 2-3 saniyede durdurur. Aktif su s\u0131z\u0131nt\u0131lar\u0131nda y\u00fcksek yap\u0131\u015fma ve genle\u015fme \u00f6zelli\u011fi sunar.","robots":{"index":"index","follow":"follow","max-snippet":"max-snippet:-1","max-image-preview":"max-image-preview:large","max-video-preview":"max-video-preview:-1"},"canonical":"https:\/\/dolphinfix.com.tr\/eticaret\/urun\/tkc-100-su-tikaci\/","og_locale":"tr_TR","og_type":"article","og_title":"\u015eOK TKC 100 - HIZLI PR\u0130Z ALAN SU TIKACI","og_description":"TKC 100 ani priz alan su t\u0131kac\u0131; \u00e7atlak ve bo\u015fluklardan gelen bas\u0131n\u00e7l\u0131 suyu 2-3 saniyede durdurur. Aktif su s\u0131z\u0131nt\u0131lar\u0131nda y\u00fcksek yap\u0131\u015fma ve genle\u015fme \u00f6zelli\u011fi sunar.","og_url":"https:\/\/dolphinfix.com.tr\/eticaret\/urun\/tkc-100-su-tikaci\/","og_site_name":"Dolphinfix","article_modified_time":"2026-03-12T05:20:19+00:00","og_image":[{"width":1000,"height":1000,"url":"https:\/\/dolphinfix.com.tr\/eticaret\/wp-content\/uploads\/2024\/10\/100-1000X1000.png","type":"image\/png"}],"twitter_card":"summary_large_image","twitter_misc":{"Tahmini okuma s\u00fcresi":"2 dakika"},"schema":{"@context":"https:\/\/schema.org","@graph":[{"@type":"WebPage","@id":"https:\/\/dolphinfix.com.tr\/eticaret\/urun\/tkc-100-su-tikaci\/","url":"https:\/\/dolphinfix.com.tr\/eticaret\/urun\/tkc-100-su-tikaci\/","name":"TKC 100 Ani Priz Alan Su T\u0131kac\u0131 | Bas\u0131n\u00e7l\u0131 Su S\u0131z\u0131nt\u0131 Durdurucu","isPartOf":{"@id":"https:\/\/dolphinfix.com.tr\/eticaret\/#website"},"datePublished":"2024-10-28T14:07:04+00:00","dateModified":"2026-03-12T05:20:19+00:00","description":"TKC 100 ani priz alan su t\u0131kac\u0131; \u00e7atlak ve bo\u015fluklardan gelen bas\u0131n\u00e7l\u0131 suyu 2-3 saniyede durdurur. Aktif su s\u0131z\u0131nt\u0131lar\u0131nda y\u00fcksek yap\u0131\u015fma ve genle\u015fme \u00f6zelli\u011fi sunar.","breadcrumb":{"@id":"https:\/\/dolphinfix.com.tr\/eticaret\/urun\/tkc-100-su-tikaci\/#breadcrumb"},"inLanguage":"tr","potentialAction":[{"@type":"ReadAction","target":["https:\/\/dolphinfix.com.tr\/eticaret\/urun\/tkc-100-su-tikaci\/"]}]},{"@type":"BreadcrumbList","@id":"https:\/\/dolphinfix.com.tr\/eticaret\/urun\/tkc-100-su-tikaci\/#breadcrumb","itemListElement":[{"@type":"ListItem","position":1,"name":"Home","item":"https:\/\/dolphinfix.com.tr\/eticaret\/"},{"@type":"ListItem","position":2,"name":"Market","item":"https:\/\/dolphinfix.com.tr\/eticaret\/market\/"},{"@type":"ListItem","position":3,"name":"\u015eOK TKC 100 &#8211; HIZLI PR\u0130Z ALAN SU TIKACI"}]},{"@type":"WebSite","@id":"https:\/\/dolphinfix.com.tr\/eticaret\/#website","url":"https:\/\/dolphinfix.com.tr\/eticaret\/","name":"Dolphinfix","description":"","potentialAction":[{"@type":"SearchAction","target":{"@type":"EntryPoint","urlTemplate":"https:\/\/dolphinfix.com.tr\/eticaret\/?s={search_term_string}"},"query-input":"required name=search_term_string"}],"inLanguage":"tr"}]}},"_links":{"self":[{"href":"https:\/\/dolphinfix.com.tr\/eticaret\/wp-json\/wp\/v2\/product\/16428","targetHints":{"allow":["GET"]}}],"collection":[{"href":"https:\/\/dolphinfix.com.tr\/eticaret\/wp-json\/wp\/v2\/product"}],"about":[{"href":"https:\/\/dolphinfix.com.tr\/eticaret\/wp-json\/wp\/v2\/types\/product"}],"replies":[{"embeddable":true,"href":"https:\/\/dolphinfix.com.tr\/eticaret\/wp-json\/wp\/v2\/comments?post=16428"}],"version-history":[{"count":11,"href":"https:\/\/dolphinfix.com.tr\/eticaret\/wp-json\/wp\/v2\/product\/16428\/revisions"}],"predecessor-version":[{"id":20185,"href":"https:\/\/dolphinfix.com.tr\/eticaret\/wp-json\/wp\/v2\/product\/16428\/revisions\/20185"}],"wp:featuredmedia":[{"embeddable":true,"href":"https:\/\/dolphinfix.com.tr\/eticaret\/wp-json\/wp\/v2\/media\/17514"}],"wp:attachment":[{"href":"https:\/\/dolphinfix.com.tr\/eticaret\/wp-json\/wp\/v2\/media?parent=16428"}],"wp:term":[{"taxonomy":"product_cat","embeddable":true,"href":"https:\/\/dolphinfix.com.tr\/eticaret\/wp-json\/wp\/v2\/product_cat?post=16428"},{"taxonomy":"product_tag","embeddable":true,"href":"https:\/\/dolphinfix.com.tr\/eticaret\/wp-json\/wp\/v2\/product_tag?post=16428"}],"curies":[{"name":"wp","href":"https:\/\/api.w.org\/{rel}","templated":true}]}}