{"id":16451,"date":"2024-10-28T18:12:15","date_gmt":"2024-10-28T15:12:15","guid":{"rendered":"https:\/\/dolphinfix.com.tr\/eticaret?post_type=product&#038;p=16451"},"modified":"2026-03-13T07:57:10","modified_gmt":"2026-03-13T04:57:10","slug":"dek-710-siva-alti-astar","status":"publish","type":"product","link":"https:\/\/dolphinfix.com.tr\/eticaret\/urun\/dek-710-siva-alti-astar\/","title":{"rendered":"PAR 710 &#8211; DEKORAT\u0130F SIVA ALT ASTAR AJANI"},"content":{"rendered":"<h3><span style=\"color: #c61016;\">\u00dcR\u00dcN B\u0130LG\u0130LER\u0130 ;<\/span><\/h3>\n<p><span style=\"color: #000000;\"><strong>TANIMI :<\/strong> DEK 710, Akrilik em\u00fclsiyon esasl\u0131 \u00fcst\u00fcn yap\u0131sma kabiliyetine sahip tek bilesenli dekoratif s\u0131va alt\u0131 ve \u00e7ok ama\u00e7l\u0131 kullan\u0131labilen astar ajan\u0131d\u0131r.<\/span><\/p>\n<p><span style=\"color: #000000;\"><strong>KULLANIM ALANLARI;<\/strong><\/span><br \/>\n<span style=\"color: #000000;\">\u2022Dekoratif s\u0131va \u00f6ncesi ge\u00e7is astar\u0131 olarak,<\/span><br \/>\n<span style=\"color: #000000;\">\u2022I\u00e7 ve d\u0131s cephelerde astar olarak kullan\u0131l\u0131r,<\/span><\/p>\n<p><span style=\"color: #000000;\"><strong>\u00dcR\u00dcN \u00d6ZELL\u0130KLER\u0130 ;<\/strong><\/span><br \/>\n<span style=\"color: #000000;\">\u2022Uygulamas\u0131 kolayd\u0131r ve kullan\u0131ma haz\u0131rd\u0131r,<\/span><br \/>\n<span style=\"color: #000000;\">\u2022Suya, dona ve ag\u0131r hava sartlar\u0131na dayan\u0131kl\u0131d\u0131r,<\/span><br \/>\n<span style=\"color: #000000;\">\u2022Yap\u0131sma performans\u0131 ve mukavemeti \u00e7ok y\u00fcksektir,<\/span><br \/>\n<span style=\"color: #000000;\">\u2022Dekoratif s\u0131va uygulamas\u0131nda desen vermeyi kolaylast\u0131r\u0131r,<\/span><br \/>\n<span style=\"color: #000000;\">\u2022Solvent i\u00e7ermez , \u00e7evre dostudur,<\/span><br \/>\n<span style=\"color: #000000;\">\u2022Su buhar\u0131 ge\u00e7irimlidir,<\/span><br \/>\n<span style=\"color: #000000;\">\u2022Nemli b\u00f6lgelere uygulanabilir.<\/span><\/p>\n<p><span style=\"color: #000000;\"><strong>UYGULAMA Y\u00d6NTEM\u0130<\/strong><\/span><br \/>\n<span style=\"color: #000000;\">Y\u00fczey Haz\u0131rl\u0131\u011f\u0131 : Y\u00fczeyin saglam olmas\u0131na, oynak ve zay\u0131f par\u00e7alar\u0131n bulunmamas\u0131na dikkat edilmelidir. Gerekli \u00f6nlemler al\u0131nmal\u0131d\u0131r. Uygulanacak y\u00fczeyde su birikintisi, yag,parafin, gres yag\u0131 \u00e7imento serbeti gibi yap\u0131smay\u0131 engelleyecek maddeler bulunmamal\u0131d\u0131r. Varsa<\/span><br \/>\n<span style=\"color: #000000;\">temizlenmelidir. Tozlu ortamlarda uygulamadan \u00f6nce y\u00fczey bas\u0131n\u00e7l\u0131 su ile y\u0131kanmal\u0131, yabanc\u0131 maddeler y\u00fczeyden uzaklast\u0131r\u0131lmal\u0131d\u0131r. Y\u00fczeyin kuru olmas\u0131na dikkat edilmelidir. Uygun bir aparat ile (rulo,f\u0131rca vs.) uygulama yap\u0131lmal\u0131d\u0131r.<\/span><\/p>\n<p><span style=\"color: #000000;\"><strong>D\u0130KKAT EDILMESI GEREKEN HUSUSLAR ;<\/strong><\/span><br \/>\n<span style=\"color: #000000;\">\u2022Perdah uygulama zaman\u0131 \u00e7ok iyi tespit edilmelidir.<\/span><br \/>\n<span style=\"color: #000000;\">\u2022Derz kesme islemi hemen ertesi g\u00fcn yap\u0131lmal\u0131d\u0131r.<\/span><br \/>\n<span style=\"color: #000000;\">\u2022D\u0131s y\u00fczey uygulamalar\u0131nda, y\u00fczeyin ilk 24 saat g\u00fcnesten, r\u00fczg\u00e2rdan, yagmurdan veya dondan korunmas\u0131 gerekir.<\/span><br \/>\n<span style=\"color: #000000;\">\u2022\u00c7imento esasl\u0131 sistemlerin \u00e7al\u0131sma ve reaksiyon s\u00fcreleri,ortam ve zemin s\u0131cakl\u0131g\u0131ndan ve havadaki bag\u0131l nemden etkilenir. D\u00fcs\u00fck s\u0131cakl\u0131klarda hidratasyon yavaslar, bu da tava \u00f6mr\u00fcn\u00fc ve \u00e7al\u0131sma s\u00fcresini uzat\u0131r. Y\u00fcksek s\u0131cakl\u0131klar, hidratasyonu h\u0131zland\u0131r\u0131r ve yukar\u0131da belirtilen zamanlar buna bagl\u0131 olarak k\u0131sal\u0131r. Malzemenin prizini tamamlamas\u0131 i\u00e7in, ortam ve zemin s\u0131cakl\u0131g\u0131 izin verilen minimum s\u0131cakl\u0131g\u0131n alt\u0131na d\u00fcsmemelidir. <\/span><\/p>\n<p><span style=\"color: #000000;\"><strong>SARFIYAT :<\/strong> T\u00fcketim, uygulanacak zeminin emiciligine g\u00f6re degiskenlik g\u00f6sterir. Yaklas\u0131k 200-400 gr\/m\u00b2<\/span><\/p>\n<p><span style=\"color: #000000;\"><strong>ALETLERIN TEMIZLENMESI :<\/strong> Uygulamadan sonra kullan\u0131lan alet ve ekipmanlar su ile temizlenmelidir. Sertlestikten sonra ancak mekanik olarak y\u00fczeyden temizlenebilir.<\/span><\/p>\n<p><span style=\"color: #000000;\"><strong>AMBALAJ<\/strong><\/span><br \/>\n<span style=\"color: #000000;\">20 KG BIDON<\/span><\/p>\n<p><span style=\"color: #000000;\"><strong>RAF \u00d6MR\u00dc :<\/strong> Uygun depolama kosullar\u0131nda \u00fcretim tarihinden itibaren 12 ayd\u0131r. A\u00e7\u0131lm\u0131s ambalajlar uygun depolama kosullar\u0131nda saklanarak bir hafta i\u00e7inde kullan\u0131lmal\u0131d\u0131r.<\/span><\/p>\n<p><span style=\"color: #000000;\"><strong>DEPOLAMA SARTLARI :<\/strong> A\u00e7\u0131lmam\u0131s orijinal ambalaj\u0131nda, serin ve kuru ortamda, dondan korunarak depolanmal\u0131d\u0131r. K\u0131sa s\u00fcreli depolamalarda, en fazla 3 palet \u00fcst \u00fcste konulmal\u0131 ve ilk giren ilk \u00e7\u0131kar sistemiyle sevkiyat yap\u0131lmal\u0131d\u0131r. Uzun s\u00fcreli depolamalarda ise,<\/span><br \/>\n<span style=\"color: #000000;\">paletler \u00fcst \u00fcste konulmamal\u0131d\u0131r.<\/span><\/p>\n<p><span style=\"color: #000000;\"><em>\u00dcr\u00fcn Teknik \u00f6zellikleri ve di\u011fer bilgiler i\u00e7in tds belgesini indirmenizi rica ederiz.<\/em><\/span><\/p>\n","protected":false},"excerpt":{"rendered":"<p><span style=\"color: #000000;\"><a style=\"color: #000000;\" href=\"https:\/\/dolphinfix.com.tr\/eticaret\/wp-content\/uploads\/2025\/04\/DEKORATIF-SIVA-ALT-ASTAR-AJANI-DEK-710-TDS.pdf\" target=\"_blank\" rel=\"noopener\">TDS Belgesini \u0130ndirmek \u0130\u00e7in T\u0131klay\u0131n\u0131z<\/a><\/span><br \/>\n<span style=\"color: #000000;\"><a style=\"color: #000000;\" href=\"https:\/\/dolphinfix.com.tr\/eticaret\/wp-content\/uploads\/2025\/03\/AKER-KIMYA-EN-1504-2-FUK-UYGUNLUK-BELGESI-REV06-TR.pdf\" target=\"_blank\" rel=\"noopener\">CE Belgesini \u0130ndirmek \u0130\u00e7in T\u0131klay\u0131n\u0131z<\/a><\/span><\/p>\n","protected":false},"featured_media":16877,"comment_status":"open","ping_status":"closed","template":"","meta":{"_joinchat":[]},"product_cat":[143,90],"product_tag":[774,1009,1011,1006,1010,776,675,778,775,1007,777,662,780,1012,1008],"class_list":{"0":"post-16451","1":"product","2":"type-product","3":"status-publish","4":"has-post-thumbnail","6":"product_cat-yuzey-koruyucu-ve-parlatici","7":"product_cat-zemin-cozumleri","8":"product_tag-dayanikli-astar","9":"product_tag-dekoratif-siva-hazirlik","10":"product_tag-dekoratif-yuzey-astari","11":"product_tag-dekortif-siva-alt-astar","12":"product_tag-duvar-hazirlik-malzemesi","13":"product_tag-hizli-kuruyan-astar","14":"product_tag-insaat-malzemesi","15":"product_tag-kolay-uygulanabilir-astar","16":"product_tag-profesyonel-uygulama-astari","17":"product_tag-siva-astar-ajani","18":"product_tag-uzun-omurlu-astar","19":"product_tag-yapi-malzemeleri","20":"product_tag-yuksek-performansli-astar","21":"product_tag-yuzey-guclendirici-astar","22":"product_tag-zemin-ve-duvar-astari","24":"first","25":"instock","26":"taxable","27":"shipping-taxable","28":"purchasable","29":"product-type-variable"},"yoast_head":"<!-- This site is optimized with the Yoast SEO Premium plugin v20.2.1 (Yoast SEO v20.2.1) - https:\/\/yoast.com\/wordpress\/plugins\/seo\/ -->\n<title>DEK 710 Dekoratif S\u0131va Astar\u0131 | Akrilik Em\u00fclsiyon Esasl\u0131 \u0130\u00e7 ve D\u0131\u015f Cephe<\/title>\n<meta name=\"description\" content=\"DEK 710, akrilik em\u00fclsiyon esasl\u0131 dekoratif s\u0131va alt\u0131 astard\u0131r. \u0130\u00e7 ve d\u0131\u015f cephelerde y\u00fcksek yap\u0131\u015fma, su buhar\u0131 ge\u00e7irgenli\u011fi ve dayan\u0131m sa\u011flar.\" \/>\n<meta name=\"robots\" content=\"index, follow, max-snippet:-1, max-image-preview:large, max-video-preview:-1\" \/>\n<link rel=\"canonical\" href=\"https:\/\/dolphinfix.com.tr\/eticaret\/urun\/dek-710-siva-alti-astar\/\" \/>\n<meta property=\"og:locale\" content=\"tr_TR\" \/>\n<meta property=\"og:type\" content=\"article\" \/>\n<meta property=\"og:title\" content=\"PAR 710 - DEKORAT\u0130F SIVA ALT ASTAR AJANI\" \/>\n<meta property=\"og:description\" content=\"DEK 710, akrilik em\u00fclsiyon esasl\u0131 dekoratif s\u0131va alt\u0131 astard\u0131r. \u0130\u00e7 ve d\u0131\u015f cephelerde y\u00fcksek yap\u0131\u015fma, su buhar\u0131 ge\u00e7irgenli\u011fi ve dayan\u0131m sa\u011flar.\" \/>\n<meta property=\"og:url\" content=\"https:\/\/dolphinfix.com.tr\/eticaret\/urun\/dek-710-siva-alti-astar\/\" \/>\n<meta property=\"og:site_name\" content=\"Dolphinfix\" \/>\n<meta property=\"article:modified_time\" content=\"2026-03-13T04:57:10+00:00\" \/>\n<meta property=\"og:image\" content=\"https:\/\/dolphinfix.com.tr\/eticaret\/wp-content\/uploads\/2024\/10\/710-DEK.png\" \/>\n\t<meta property=\"og:image:width\" content=\"1000\" \/>\n\t<meta property=\"og:image:height\" content=\"1000\" \/>\n\t<meta property=\"og:image:type\" content=\"image\/png\" \/>\n<meta name=\"twitter:card\" content=\"summary_large_image\" \/>\n<meta name=\"twitter:label1\" content=\"Tahmini okuma s\u00fcresi\" \/>\n\t<meta name=\"twitter:data1\" content=\"2 dakika\" \/>\n<script type=\"application\/ld+json\" class=\"yoast-schema-graph\">{\"@context\":\"https:\/\/schema.org\",\"@graph\":[{\"@type\":\"WebPage\",\"@id\":\"https:\/\/dolphinfix.com.tr\/eticaret\/urun\/dek-710-siva-alti-astar\/\",\"url\":\"https:\/\/dolphinfix.com.tr\/eticaret\/urun\/dek-710-siva-alti-astar\/\",\"name\":\"DEK 710 Dekoratif S\u0131va Astar\u0131 | Akrilik Em\u00fclsiyon Esasl\u0131 \u0130\u00e7 ve D\u0131\u015f Cephe\",\"isPartOf\":{\"@id\":\"https:\/\/dolphinfix.com.tr\/eticaret\/#website\"},\"datePublished\":\"2024-10-28T15:12:15+00:00\",\"dateModified\":\"2026-03-13T04:57:10+00:00\",\"description\":\"DEK 710, akrilik em\u00fclsiyon esasl\u0131 dekoratif s\u0131va alt\u0131 astard\u0131r. \u0130\u00e7 ve d\u0131\u015f cephelerde y\u00fcksek yap\u0131\u015fma, su buhar\u0131 ge\u00e7irgenli\u011fi ve dayan\u0131m sa\u011flar.\",\"breadcrumb\":{\"@id\":\"https:\/\/dolphinfix.com.tr\/eticaret\/urun\/dek-710-siva-alti-astar\/#breadcrumb\"},\"inLanguage\":\"tr\",\"potentialAction\":[{\"@type\":\"ReadAction\",\"target\":[\"https:\/\/dolphinfix.com.tr\/eticaret\/urun\/dek-710-siva-alti-astar\/\"]}]},{\"@type\":\"BreadcrumbList\",\"@id\":\"https:\/\/dolphinfix.com.tr\/eticaret\/urun\/dek-710-siva-alti-astar\/#breadcrumb\",\"itemListElement\":[{\"@type\":\"ListItem\",\"position\":1,\"name\":\"Home\",\"item\":\"https:\/\/dolphinfix.com.tr\/eticaret\/\"},{\"@type\":\"ListItem\",\"position\":2,\"name\":\"Market\",\"item\":\"https:\/\/dolphinfix.com.tr\/eticaret\/market\/\"},{\"@type\":\"ListItem\",\"position\":3,\"name\":\"PAR 710 &#8211; DEKORAT\u0130F SIVA ALT ASTAR AJANI\"}]},{\"@type\":\"WebSite\",\"@id\":\"https:\/\/dolphinfix.com.tr\/eticaret\/#website\",\"url\":\"https:\/\/dolphinfix.com.tr\/eticaret\/\",\"name\":\"Dolphinfix\",\"description\":\"\",\"potentialAction\":[{\"@type\":\"SearchAction\",\"target\":{\"@type\":\"EntryPoint\",\"urlTemplate\":\"https:\/\/dolphinfix.com.tr\/eticaret\/?s={search_term_string}\"},\"query-input\":\"required name=search_term_string\"}],\"inLanguage\":\"tr\"}]}<\/script>\n<!-- \/ Yoast SEO Premium plugin. -->","yoast_head_json":{"title":"DEK 710 Dekoratif S\u0131va Astar\u0131 | Akrilik Em\u00fclsiyon Esasl\u0131 \u0130\u00e7 ve D\u0131\u015f Cephe","description":"DEK 710, akrilik em\u00fclsiyon esasl\u0131 dekoratif s\u0131va alt\u0131 astard\u0131r. \u0130\u00e7 ve d\u0131\u015f cephelerde y\u00fcksek yap\u0131\u015fma, su buhar\u0131 ge\u00e7irgenli\u011fi ve dayan\u0131m sa\u011flar.","robots":{"index":"index","follow":"follow","max-snippet":"max-snippet:-1","max-image-preview":"max-image-preview:large","max-video-preview":"max-video-preview:-1"},"canonical":"https:\/\/dolphinfix.com.tr\/eticaret\/urun\/dek-710-siva-alti-astar\/","og_locale":"tr_TR","og_type":"article","og_title":"PAR 710 - DEKORAT\u0130F SIVA ALT ASTAR AJANI","og_description":"DEK 710, akrilik em\u00fclsiyon esasl\u0131 dekoratif s\u0131va alt\u0131 astard\u0131r. \u0130\u00e7 ve d\u0131\u015f cephelerde y\u00fcksek yap\u0131\u015fma, su buhar\u0131 ge\u00e7irgenli\u011fi ve dayan\u0131m sa\u011flar.","og_url":"https:\/\/dolphinfix.com.tr\/eticaret\/urun\/dek-710-siva-alti-astar\/","og_site_name":"Dolphinfix","article_modified_time":"2026-03-13T04:57:10+00:00","og_image":[{"width":1000,"height":1000,"url":"https:\/\/dolphinfix.com.tr\/eticaret\/wp-content\/uploads\/2024\/10\/710-DEK.png","type":"image\/png"}],"twitter_card":"summary_large_image","twitter_misc":{"Tahmini okuma s\u00fcresi":"2 dakika"},"schema":{"@context":"https:\/\/schema.org","@graph":[{"@type":"WebPage","@id":"https:\/\/dolphinfix.com.tr\/eticaret\/urun\/dek-710-siva-alti-astar\/","url":"https:\/\/dolphinfix.com.tr\/eticaret\/urun\/dek-710-siva-alti-astar\/","name":"DEK 710 Dekoratif S\u0131va Astar\u0131 | Akrilik Em\u00fclsiyon Esasl\u0131 \u0130\u00e7 ve D\u0131\u015f Cephe","isPartOf":{"@id":"https:\/\/dolphinfix.com.tr\/eticaret\/#website"},"datePublished":"2024-10-28T15:12:15+00:00","dateModified":"2026-03-13T04:57:10+00:00","description":"DEK 710, akrilik em\u00fclsiyon esasl\u0131 dekoratif s\u0131va alt\u0131 astard\u0131r. \u0130\u00e7 ve d\u0131\u015f cephelerde y\u00fcksek yap\u0131\u015fma, su buhar\u0131 ge\u00e7irgenli\u011fi ve dayan\u0131m sa\u011flar.","breadcrumb":{"@id":"https:\/\/dolphinfix.com.tr\/eticaret\/urun\/dek-710-siva-alti-astar\/#breadcrumb"},"inLanguage":"tr","potentialAction":[{"@type":"ReadAction","target":["https:\/\/dolphinfix.com.tr\/eticaret\/urun\/dek-710-siva-alti-astar\/"]}]},{"@type":"BreadcrumbList","@id":"https:\/\/dolphinfix.com.tr\/eticaret\/urun\/dek-710-siva-alti-astar\/#breadcrumb","itemListElement":[{"@type":"ListItem","position":1,"name":"Home","item":"https:\/\/dolphinfix.com.tr\/eticaret\/"},{"@type":"ListItem","position":2,"name":"Market","item":"https:\/\/dolphinfix.com.tr\/eticaret\/market\/"},{"@type":"ListItem","position":3,"name":"PAR 710 &#8211; DEKORAT\u0130F SIVA ALT ASTAR AJANI"}]},{"@type":"WebSite","@id":"https:\/\/dolphinfix.com.tr\/eticaret\/#website","url":"https:\/\/dolphinfix.com.tr\/eticaret\/","name":"Dolphinfix","description":"","potentialAction":[{"@type":"SearchAction","target":{"@type":"EntryPoint","urlTemplate":"https:\/\/dolphinfix.com.tr\/eticaret\/?s={search_term_string}"},"query-input":"required name=search_term_string"}],"inLanguage":"tr"}]}},"_links":{"self":[{"href":"https:\/\/dolphinfix.com.tr\/eticaret\/wp-json\/wp\/v2\/product\/16451","targetHints":{"allow":["GET"]}}],"collection":[{"href":"https:\/\/dolphinfix.com.tr\/eticaret\/wp-json\/wp\/v2\/product"}],"about":[{"href":"https:\/\/dolphinfix.com.tr\/eticaret\/wp-json\/wp\/v2\/types\/product"}],"replies":[{"embeddable":true,"href":"https:\/\/dolphinfix.com.tr\/eticaret\/wp-json\/wp\/v2\/comments?post=16451"}],"version-history":[{"count":11,"href":"https:\/\/dolphinfix.com.tr\/eticaret\/wp-json\/wp\/v2\/product\/16451\/revisions"}],"predecessor-version":[{"id":16454,"href":"https:\/\/dolphinfix.com.tr\/eticaret\/wp-json\/wp\/v2\/product\/16451\/revisions\/16454"}],"wp:featuredmedia":[{"embeddable":true,"href":"https:\/\/dolphinfix.com.tr\/eticaret\/wp-json\/wp\/v2\/media\/16877"}],"wp:attachment":[{"href":"https:\/\/dolphinfix.com.tr\/eticaret\/wp-json\/wp\/v2\/media?parent=16451"}],"wp:term":[{"taxonomy":"product_cat","embeddable":true,"href":"https:\/\/dolphinfix.com.tr\/eticaret\/wp-json\/wp\/v2\/product_cat?post=16451"},{"taxonomy":"product_tag","embeddable":true,"href":"https:\/\/dolphinfix.com.tr\/eticaret\/wp-json\/wp\/v2\/product_tag?post=16451"}],"curies":[{"name":"wp","href":"https:\/\/api.w.org\/{rel}","templated":true}]}}