{"id":16596,"date":"2024-10-30T15:43:59","date_gmt":"2024-10-30T12:43:59","guid":{"rendered":"https:\/\/dolphinfix.com.tr\/eticaret?post_type=product&#038;p=16596"},"modified":"2026-03-12T12:38:30","modified_gmt":"2026-03-12T09:38:30","slug":"2k-pur-202-poliuretan","status":"publish","type":"product","link":"https:\/\/dolphinfix.com.tr\/eticaret\/urun\/2k-pur-202-poliuretan\/","title":{"rendered":"COAT 2K PUR 202 &#8211; POL\u0130\u00dcRETAN ESASLI \u00c7\u0130FT KOMPENANTLI SU YALITIMI"},"content":{"rendered":"<h3><span style=\"color: #c61016;\">\u00dcR\u00dcN B\u0130LG\u0130LER\u0130 ;<\/span><\/h3>\n<p data-pm-slice=\"1 1 []\"><span style=\"color: #000000;\"><strong>TANIMI:<\/strong> COAT- 2K PUR 202, poli\u00fcretan esasl\u0131, bit\u00fcmle zenginle\u015ftirilmi\u015f, iki bile\u015fenli y\u00fczey kaplama malzemesidir.<\/span><\/p>\n<p><span style=\"color: #000000;\">\u00a0<strong>KULLANIM ALANLARI<\/strong><\/span><br \/>\n<span style=\"color: #000000;\">\u2022Temel ve perde yal\u0131t\u0131m\u0131nda,<\/span><br \/>\n<span style=\"color: #000000;\">\u2022Toprak alt\u0131nda kalan yap\u0131larda,<\/span><br \/>\n<span style=\"color: #000000;\">\u2022Balkon ve teraslarda,<\/span><br \/>\n<span style=\"color: #000000;\">\u2022\u0130stinat duvarlar\u0131nda,<\/span><br \/>\n<span style=\"color: #000000;\">\u2022K\u00f6pr\u00fclerde,<\/span><br \/>\n<span style=\"color: #000000;\">\u2022Ye\u015fil \u00e7at\u0131 uygulamalar\u0131nda,<\/span><br \/>\n<span style=\"color: #000000;\">\u2022Eski bit\u00fcml\u00fc \u00f6rt\u00fclerin \u00fcst\u00fcnde<\/span><\/p>\n<p><span style=\"color: #000000;\"><strong>\u00dcR\u00dcN \u00d6ZELL\u0130KLER\u0130<\/strong><\/span><br \/>\n<span style=\"color: #000000;\">\u2022Kal\u0131n kat uygulamas\u0131na uygundur ve kabarc\u0131k olu\u015fturmaz,<\/span><br \/>\n<span style=\"color: #000000;\">\u2022M\u00fckemmel bir \u00e7atlak k\u00f6pr\u00fcl\u00fcme \u00f6zelli\u011fine sahiptir.<\/span><br \/>\n<span style=\"color: #000000;\">\u2022Kar\u0131\u015ft\u0131r\u0131ld\u0131ktan sonra s\u00fcr\u00fclerek veya p\u00fcsk\u00fcrt\u00fclerek kullan\u0131labilir.<\/span><br \/>\n<span style=\"color: #000000;\">\u2022H\u0131zl\u0131 kuruyarak, bir b\u00fct\u00fcn halinde y\u00fcksek mukavemetli ve su ge\u00e7irimsiz bir katman olu\u015fturur.<\/span><br \/>\n<span style=\"color: #000000;\">\u2022Y\u00fcksek termal direnciyle \u00f6ne \u00e7\u0131kar.<\/span><\/p>\n<p><span style=\"color: #000000;\"><strong>\u00a0TEKN\u0130K \u00d6ZELL\u0130KLER<\/strong><\/span><br \/>\n<span style=\"color: #000000;\">Renk ve g\u00f6r\u00fcn\u00fcm :Siyah<\/span><br \/>\n<span style=\"color: #000000;\">Uygulanan y\u00fczeyin kullan\u0131ma alma s\u00fcresi :En az 36 saat<\/span><br \/>\n<span style=\"color: #000000;\">Uygulama S\u0131cakl\u0131\u011f\u0131 :(+5\u00b0C)-(+35)\u00b0C aras\u0131<\/span><br \/>\n<span style=\"color: #000000;\">Kuruma S\u00fcresi :4-8 saat<\/span><br \/>\n<span style=\"color: #000000;\">Yo\u011funluk (EN ISO 2811-1) :1,15 \u00b10,05 gr\/cm\u00b3 (A Bile\u015fen) 1,0 gr\/ cm\u00b3 (B Bile\u015fen)<\/span><br \/>\n<span style=\"color: #000000;\">Kopma Uzamas\u0131 (ASTM D 412 \/ DIN 52455) :20\u00b0C\u2019de min % 450<\/span><br \/>\n<span style=\"color: #000000;\">Su Buhar\u0131 Ge\u00e7irgenli\u011fi (TS EN ISO 7783:2011) :2,810 m<\/span><br \/>\n<span style=\"color: #000000;\">Kap \u00d6mr\u00fc :30\u201345 dak (200C\u2019de)<\/span><br \/>\n<span style=\"color: #000000;\">Gerilme Direnci(ASTM D 412 \/ DIN 52455) :1,5 MPa<\/span><br \/>\n<span style=\"color: #000000;\">Kar\u015f\u0131lad\u0131\u011f\u0131 Standart :TS EN 1504-2<\/span><br \/>\n<span style=\"color: #000000;\">Tehlikeli Maddeler :G\u00fcvelik bilgi f\u00f6y\u00fcne bak\u0131n\u0131z.<\/span><\/p>\n<p><span style=\"color: #000000;\">*Teknik Bilgiler: +20\u00b0C (\u00b12\u00baC) hava s\u0131cakl\u0131\u011f\u0131 ve %50 \u00b15 ba\u011f\u0131l nem ko\u015fullar\u0131nda elde edilmi\u015ftir. Y\u00fcksek s\u0131cakl\u0131klar s\u00fcreleri k\u0131salt\u0131r, d\u00fc\u015f\u00fck s\u0131cakl\u0131klar uzat\u0131r. Ger\u00e7ekte elde edilen de\u011ferler, bizim kontrollerimizin d\u0131\u015f\u0131ndaki \u015fartlar sebebiyle de\u011fi\u015fiklik g\u00f6sterebilir.<\/span><\/p>\n<p><span style=\"color: #000000;\"><strong>AMBALAJ<\/strong><\/span><br \/>\n<span style=\"color: #000000;\">40 KG SET<\/span><br \/>\n<span style=\"color: #000000;\">A KOMPONENT 20 KG TENEKE<\/span><br \/>\n<span style=\"color: #000000;\">B KOMPONENT 20 KG TENEKE<\/span><\/p>\n<p><span style=\"color: #000000;\"><strong>RAF \u00d6MR\u00dc<\/strong><\/span><br \/>\n<span style=\"color: #000000;\">Orijinal, hasar g\u00f6rmemi\u015f ve a\u00e7\u0131lmam\u0131\u015f ambalaj\u0131nda ve depolama \u015fartlar\u0131na uyulmas\u0131 durumunda \u00fcretim tarihi itibariyle 9 ayd\u0131r.<\/span><\/p>\n<p><span style=\"color: #000000;\"><strong>DEPOLAMA \u015eARTLARI<\/strong><\/span><br \/>\n<span style=\"color: #000000;\">+5 \u00b0C ve 35\u00b0C aral\u0131\u011f\u0131nda muhafaza edilmelidir. Dondan, nemden ve direkt g\u00fcne\u015f \u0131\u015f\u0131ndan korunmal\u0131d\u0131r.<\/span><\/p>\n<p>&nbsp;<\/p>\n","protected":false},"excerpt":{"rendered":"<p><span style=\"color: #000000;\"><a style=\"color: #000000;\" href=\"https:\/\/dolphinfix.com.tr\/eticaret\/wp-content\/uploads\/2025\/05\/COAT-2K-PUR-202-TDS.pdf\" target=\"_blank\" rel=\"noopener\">TDS Belgesini \u0130ndirmek \u0130\u00e7in T\u0131klay\u0131n\u0131z<br \/>\n<\/a><\/span><span style=\"color: #000000;\"><a style=\"color: #000000;\" href=\"#\" target=\"_blank\" rel=\"noopener\">CE Belgesini \u0130ndirmek \u0130\u00e7in T\u0131klay\u0131n\u0131z<\/a><\/span><\/p>\n","protected":false},"featured_media":16881,"comment_status":"open","ping_status":"closed","template":"","meta":{"_joinchat":[]},"product_cat":[145,92,101,83,144],"product_tag":[992,1000,1042,998,1044,1005,995,1004,1043,788,996,1001,1002,662,999],"class_list":{"0":"post-16596","1":"product","2":"type-product","3":"status-publish","4":"has-post-thumbnail","6":"product_cat-peyzaj-su-yalitim","7":"product_cat-peyzaj-yesil-cati","8":"product_cat-poliuretan-esasli","9":"product_cat-su-yalitim-cozumleri","10":"product_cat-yesil-cati-urunleri","11":"product_tag-beton-su-izolasyonu","12":"product_tag-catida-su-yalitim","13":"product_tag-cift-komponentli-poliuretan-su-yalitimi","14":"product_tag-dayanikli-su-yalitim","15":"product_tag-elastomerik-su-yalitim","16":"product_tag-endustriyel-su-yalitim","17":"product_tag-gri-su-yalitim-malzemesi","18":"product_tag-kolay-uygulanabilir-su-yalitim","19":"product_tag-poliuretan-su-yalitim-malzemesi","20":"product_tag-profesyonel-uygulama","21":"product_tag-su-yalitim-membrani","22":"product_tag-teras-su-yalitim","23":"product_tag-uzun-omurlu-su-yalitim","24":"product_tag-yapi-malzemeleri","25":"product_tag-yuksek-performansli-su-yalitim","27":"first","28":"instock","29":"taxable","30":"shipping-taxable","31":"purchasable","32":"product-type-variable"},"yoast_head":"<!-- This site is optimized with the Yoast SEO Premium plugin v20.2.1 (Yoast SEO v20.2.1) - https:\/\/yoast.com\/wordpress\/plugins\/seo\/ -->\n<title>COAT 2K PUR 202 | Bit\u00fcm Modifiyeli \u0130ki Bile\u015fenli Poli\u00fcretan<\/title>\n<meta name=\"description\" content=\"COAT 2K PUR 202, poli\u00fcretan esasl\u0131 ve bit\u00fcmle zenginle\u015ftirilmi\u015f iki bile\u015fenli su yal\u0131t\u0131m kaplamas\u0131d\u0131r. Temel, teras ve ye\u015fil \u00e7at\u0131 uygulamalar\u0131nda y\u00fcksek elastikiyet ve su ge\u00e7irimsizlik sa\u011flar.\" \/>\n<meta name=\"robots\" content=\"index, follow, max-snippet:-1, max-image-preview:large, max-video-preview:-1\" \/>\n<link rel=\"canonical\" href=\"https:\/\/dolphinfix.com.tr\/eticaret\/urun\/2k-pur-202-poliuretan\/\" \/>\n<meta property=\"og:locale\" content=\"tr_TR\" \/>\n<meta property=\"og:type\" content=\"article\" \/>\n<meta property=\"og:title\" content=\"COAT 2K PUR 202 - POL\u0130\u00dcRETAN ESASLI \u00c7\u0130FT KOMPENANTLI SU YALITIMI\" \/>\n<meta property=\"og:description\" content=\"COAT 2K PUR 202, poli\u00fcretan esasl\u0131 ve bit\u00fcmle zenginle\u015ftirilmi\u015f iki bile\u015fenli su yal\u0131t\u0131m kaplamas\u0131d\u0131r. Temel, teras ve ye\u015fil \u00e7at\u0131 uygulamalar\u0131nda y\u00fcksek elastikiyet ve su ge\u00e7irimsizlik sa\u011flar.\" \/>\n<meta property=\"og:url\" content=\"https:\/\/dolphinfix.com.tr\/eticaret\/urun\/2k-pur-202-poliuretan\/\" \/>\n<meta property=\"og:site_name\" content=\"Dolphinfix\" \/>\n<meta property=\"article:modified_time\" content=\"2026-03-12T09:38:30+00:00\" \/>\n<meta property=\"og:image\" content=\"https:\/\/dolphinfix.com.tr\/eticaret\/wp-content\/uploads\/2024\/10\/202.png\" \/>\n\t<meta property=\"og:image:width\" content=\"970\" \/>\n\t<meta property=\"og:image:height\" content=\"1000\" \/>\n\t<meta property=\"og:image:type\" content=\"image\/png\" \/>\n<meta name=\"twitter:card\" content=\"summary_large_image\" \/>\n<meta name=\"twitter:label1\" content=\"Tahmini okuma s\u00fcresi\" \/>\n\t<meta name=\"twitter:data1\" content=\"2 dakika\" \/>\n<script type=\"application\/ld+json\" class=\"yoast-schema-graph\">{\"@context\":\"https:\/\/schema.org\",\"@graph\":[{\"@type\":\"WebPage\",\"@id\":\"https:\/\/dolphinfix.com.tr\/eticaret\/urun\/2k-pur-202-poliuretan\/\",\"url\":\"https:\/\/dolphinfix.com.tr\/eticaret\/urun\/2k-pur-202-poliuretan\/\",\"name\":\"COAT 2K PUR 202 | Bit\u00fcm Modifiyeli \u0130ki Bile\u015fenli Poli\u00fcretan\",\"isPartOf\":{\"@id\":\"https:\/\/dolphinfix.com.tr\/eticaret\/#website\"},\"datePublished\":\"2024-10-30T12:43:59+00:00\",\"dateModified\":\"2026-03-12T09:38:30+00:00\",\"description\":\"COAT 2K PUR 202, poli\u00fcretan esasl\u0131 ve bit\u00fcmle zenginle\u015ftirilmi\u015f iki bile\u015fenli su yal\u0131t\u0131m kaplamas\u0131d\u0131r. Temel, teras ve ye\u015fil \u00e7at\u0131 uygulamalar\u0131nda y\u00fcksek elastikiyet ve su ge\u00e7irimsizlik sa\u011flar.\",\"breadcrumb\":{\"@id\":\"https:\/\/dolphinfix.com.tr\/eticaret\/urun\/2k-pur-202-poliuretan\/#breadcrumb\"},\"inLanguage\":\"tr\",\"potentialAction\":[{\"@type\":\"ReadAction\",\"target\":[\"https:\/\/dolphinfix.com.tr\/eticaret\/urun\/2k-pur-202-poliuretan\/\"]}]},{\"@type\":\"BreadcrumbList\",\"@id\":\"https:\/\/dolphinfix.com.tr\/eticaret\/urun\/2k-pur-202-poliuretan\/#breadcrumb\",\"itemListElement\":[{\"@type\":\"ListItem\",\"position\":1,\"name\":\"Home\",\"item\":\"https:\/\/dolphinfix.com.tr\/eticaret\/\"},{\"@type\":\"ListItem\",\"position\":2,\"name\":\"Market\",\"item\":\"https:\/\/dolphinfix.com.tr\/eticaret\/market\/\"},{\"@type\":\"ListItem\",\"position\":3,\"name\":\"COAT 2K PUR 202 &#8211; POL\u0130\u00dcRETAN ESASLI \u00c7\u0130FT KOMPENANTLI SU YALITIMI\"}]},{\"@type\":\"WebSite\",\"@id\":\"https:\/\/dolphinfix.com.tr\/eticaret\/#website\",\"url\":\"https:\/\/dolphinfix.com.tr\/eticaret\/\",\"name\":\"Dolphinfix\",\"description\":\"\",\"potentialAction\":[{\"@type\":\"SearchAction\",\"target\":{\"@type\":\"EntryPoint\",\"urlTemplate\":\"https:\/\/dolphinfix.com.tr\/eticaret\/?s={search_term_string}\"},\"query-input\":\"required name=search_term_string\"}],\"inLanguage\":\"tr\"}]}<\/script>\n<!-- \/ Yoast SEO Premium plugin. -->","yoast_head_json":{"title":"COAT 2K PUR 202 | Bit\u00fcm Modifiyeli \u0130ki Bile\u015fenli Poli\u00fcretan","description":"COAT 2K PUR 202, poli\u00fcretan esasl\u0131 ve bit\u00fcmle zenginle\u015ftirilmi\u015f iki bile\u015fenli su yal\u0131t\u0131m kaplamas\u0131d\u0131r. Temel, teras ve ye\u015fil \u00e7at\u0131 uygulamalar\u0131nda y\u00fcksek elastikiyet ve su ge\u00e7irimsizlik sa\u011flar.","robots":{"index":"index","follow":"follow","max-snippet":"max-snippet:-1","max-image-preview":"max-image-preview:large","max-video-preview":"max-video-preview:-1"},"canonical":"https:\/\/dolphinfix.com.tr\/eticaret\/urun\/2k-pur-202-poliuretan\/","og_locale":"tr_TR","og_type":"article","og_title":"COAT 2K PUR 202 - POL\u0130\u00dcRETAN ESASLI \u00c7\u0130FT KOMPENANTLI SU YALITIMI","og_description":"COAT 2K PUR 202, poli\u00fcretan esasl\u0131 ve bit\u00fcmle zenginle\u015ftirilmi\u015f iki bile\u015fenli su yal\u0131t\u0131m kaplamas\u0131d\u0131r. Temel, teras ve ye\u015fil \u00e7at\u0131 uygulamalar\u0131nda y\u00fcksek elastikiyet ve su ge\u00e7irimsizlik sa\u011flar.","og_url":"https:\/\/dolphinfix.com.tr\/eticaret\/urun\/2k-pur-202-poliuretan\/","og_site_name":"Dolphinfix","article_modified_time":"2026-03-12T09:38:30+00:00","og_image":[{"width":970,"height":1000,"url":"https:\/\/dolphinfix.com.tr\/eticaret\/wp-content\/uploads\/2024\/10\/202.png","type":"image\/png"}],"twitter_card":"summary_large_image","twitter_misc":{"Tahmini okuma s\u00fcresi":"2 dakika"},"schema":{"@context":"https:\/\/schema.org","@graph":[{"@type":"WebPage","@id":"https:\/\/dolphinfix.com.tr\/eticaret\/urun\/2k-pur-202-poliuretan\/","url":"https:\/\/dolphinfix.com.tr\/eticaret\/urun\/2k-pur-202-poliuretan\/","name":"COAT 2K PUR 202 | Bit\u00fcm Modifiyeli \u0130ki Bile\u015fenli Poli\u00fcretan","isPartOf":{"@id":"https:\/\/dolphinfix.com.tr\/eticaret\/#website"},"datePublished":"2024-10-30T12:43:59+00:00","dateModified":"2026-03-12T09:38:30+00:00","description":"COAT 2K PUR 202, poli\u00fcretan esasl\u0131 ve bit\u00fcmle zenginle\u015ftirilmi\u015f iki bile\u015fenli su yal\u0131t\u0131m kaplamas\u0131d\u0131r. Temel, teras ve ye\u015fil \u00e7at\u0131 uygulamalar\u0131nda y\u00fcksek elastikiyet ve su ge\u00e7irimsizlik sa\u011flar.","breadcrumb":{"@id":"https:\/\/dolphinfix.com.tr\/eticaret\/urun\/2k-pur-202-poliuretan\/#breadcrumb"},"inLanguage":"tr","potentialAction":[{"@type":"ReadAction","target":["https:\/\/dolphinfix.com.tr\/eticaret\/urun\/2k-pur-202-poliuretan\/"]}]},{"@type":"BreadcrumbList","@id":"https:\/\/dolphinfix.com.tr\/eticaret\/urun\/2k-pur-202-poliuretan\/#breadcrumb","itemListElement":[{"@type":"ListItem","position":1,"name":"Home","item":"https:\/\/dolphinfix.com.tr\/eticaret\/"},{"@type":"ListItem","position":2,"name":"Market","item":"https:\/\/dolphinfix.com.tr\/eticaret\/market\/"},{"@type":"ListItem","position":3,"name":"COAT 2K PUR 202 &#8211; POL\u0130\u00dcRETAN ESASLI \u00c7\u0130FT KOMPENANTLI SU YALITIMI"}]},{"@type":"WebSite","@id":"https:\/\/dolphinfix.com.tr\/eticaret\/#website","url":"https:\/\/dolphinfix.com.tr\/eticaret\/","name":"Dolphinfix","description":"","potentialAction":[{"@type":"SearchAction","target":{"@type":"EntryPoint","urlTemplate":"https:\/\/dolphinfix.com.tr\/eticaret\/?s={search_term_string}"},"query-input":"required name=search_term_string"}],"inLanguage":"tr"}]}},"_links":{"self":[{"href":"https:\/\/dolphinfix.com.tr\/eticaret\/wp-json\/wp\/v2\/product\/16596","targetHints":{"allow":["GET"]}}],"collection":[{"href":"https:\/\/dolphinfix.com.tr\/eticaret\/wp-json\/wp\/v2\/product"}],"about":[{"href":"https:\/\/dolphinfix.com.tr\/eticaret\/wp-json\/wp\/v2\/types\/product"}],"replies":[{"embeddable":true,"href":"https:\/\/dolphinfix.com.tr\/eticaret\/wp-json\/wp\/v2\/comments?post=16596"}],"version-history":[{"count":7,"href":"https:\/\/dolphinfix.com.tr\/eticaret\/wp-json\/wp\/v2\/product\/16596\/revisions"}],"predecessor-version":[{"id":19375,"href":"https:\/\/dolphinfix.com.tr\/eticaret\/wp-json\/wp\/v2\/product\/16596\/revisions\/19375"}],"wp:featuredmedia":[{"embeddable":true,"href":"https:\/\/dolphinfix.com.tr\/eticaret\/wp-json\/wp\/v2\/media\/16881"}],"wp:attachment":[{"href":"https:\/\/dolphinfix.com.tr\/eticaret\/wp-json\/wp\/v2\/media?parent=16596"}],"wp:term":[{"taxonomy":"product_cat","embeddable":true,"href":"https:\/\/dolphinfix.com.tr\/eticaret\/wp-json\/wp\/v2\/product_cat?post=16596"},{"taxonomy":"product_tag","embeddable":true,"href":"https:\/\/dolphinfix.com.tr\/eticaret\/wp-json\/wp\/v2\/product_tag?post=16596"}],"curies":[{"name":"wp","href":"https:\/\/api.w.org\/{rel}","templated":true}]}}