{"id":18938,"date":"2025-04-15T19:19:19","date_gmt":"2025-04-15T16:19:19","guid":{"rendered":"https:\/\/dolphinfix.com.tr\/eticaret\/?post_type=product&#038;p=18938"},"modified":"2026-03-12T10:19:38","modified_gmt":"2026-03-12T07:19:38","slug":"flex-seffaf-aqua","status":"publish","type":"product","link":"https:\/\/dolphinfix.com.tr\/eticaret\/urun\/flex-seffaf-aqua\/","title":{"rendered":"FLEX \u015eEFFAF &#8211; AQUA 174"},"content":{"rendered":"<p data-pm-slice=\"0 0 []\"><span style=\"color: #ff0000;\"><strong>** PALET F\u0130YATLARI \u0130\u00c7\u0130N \u0130LET\u0130\u015e\u0130ME GE\u00c7\u0130N\u0130Z.**<\/strong><\/span><\/p>\n<h3><span style=\"color: #c61016;\">\u00dcR\u00dcN B\u0130LG\u0130LER\u0130 ;<\/span><\/h3>\n<p data-pm-slice=\"0 0 []\"><span style=\"color: #000000;\"><strong>TANIMI:<\/strong> FLEX \u015eEFFAF \u2013 AQUA, Elastomerik re\u00e7ine esasl\u0131, su bazl\u0131, uyguland\u0131\u011f\u0131 y\u00fczeyde su ge\u00e7irimsiz elastik bir tabaka olu\u015fturan tek bile\u015fenli su yal\u0131t\u0131m malzemesidir.<\/span><\/p>\n<p><span style=\"color: #000000;\"><strong>KULLANIM ALANLARI<\/strong><\/span><br \/>\n<span style=\"color: #000000;\">\u2022Y\u00fczme ve s\u00fcs havuzu,<\/span><br \/>\n<span style=\"color: #000000;\">\u2022Banyo ve wc,<\/span><br \/>\n<span style=\"color: #000000;\">\u2022Balkon ve meyilli teraslarda,<\/span><br \/>\n<span style=\"color: #000000;\">\u2022Binalar\u0131n zeminle kesi\u015fti\u011fi alanlarda,<\/span><br \/>\n<span style=\"color: #000000;\">\u2022Su depolar\u0131nda,<\/span><br \/>\n<span style=\"color: #000000;\">\u2022Baca kenarlar\u0131, sa\u00e7ak ve gizli dere oluklar\u0131n\u0131n yal\u0131t\u0131m\u0131nda,<\/span><\/p>\n<p><span style=\"color: #000000;\"><strong>\u00dcR\u00dcN \u00d6ZELL\u0130KLER\u0130<\/strong><\/span><br \/>\n<span style=\"color: #000000;\">\u2022Kullan\u0131ma haz\u0131r,<\/span><br \/>\n<span style=\"color: #000000;\">\u2022Zor zeminlerde \u00e7ok iyi aderans sa\u011flar,<\/span><br \/>\n<span style=\"color: #000000;\">\u2022D\u00fc\u015f\u00fck s\u0131cakl\u0131klarda dahi y\u00fcksek esnekli\u011fe sahiptir.<\/span><br \/>\n<span style=\"color: #000000;\">\u2022Yo\u011fun su ge\u00e7i\u015flerine kar\u015f\u0131 y\u00fcksek diren\u00e7,<\/span><br \/>\n<span style=\"color: #000000;\">\u2022Uyguland\u0131\u011f\u0131 y\u00fczeyi karbonatla\u015fmaya kar\u015f\u0131 m\u00fckemmel korur.<\/span><br \/>\n<span style=\"color: #000000;\">\u2022F\u0131r\u00e7a ve rulo ile veya p\u00fcsk\u00fcrtme ekipman\u0131 ile direkt uygulanabilir.<\/span><br \/>\n<span style=\"color: #000000;\">\u2022\u00dczerine boya ve seramik kaplama yap\u0131labilir.<\/span><\/p>\n<p><span style=\"color: #000000;\"><strong>TEKN\u0130K \u00d6ZELL\u0130KLER<\/strong><\/span><br \/>\n<span style=\"color: #000000;\">Kimyasal Yap\u0131s\u0131 :Elastomerik akrilik re\u00e7ine<\/span><br \/>\n<span style=\"color: #000000;\">G\u00f6r\u00fcn\u00fcm\/Renk :Beyaz<\/span><br \/>\n<span style=\"color: #000000;\">Katlar Aras\u0131 Bekleme S\u00fcresi :4-5 saat<\/span><br \/>\n<span style=\"color: #000000;\">Kullan\u0131ma Alma S\u00fcresi :7 G\u00fcn<\/span><br \/>\n<span style=\"color: #000000;\">T\u00fcketim :1,0 kg\/m2 (1 mm kuru film kal\u0131nl\u0131\u011f\u0131 i\u00e7in)<\/span><br \/>\n<span style=\"color: #000000;\">Yap\u0131\u015fma Dayan\u0131m\u0131 :\u2265 1,0 (28 g\u00fcn) N\/mm2 (TS EN 1542)<\/span><br \/>\n<span style=\"color: #000000;\">Su Aktar\u0131m H\u0131z\u0131 :&lt;0,1 kg\/(m2.h0\u00b75) (TS EN 1062-3)<\/span><br \/>\n<span style=\"color: #000000;\">Su Buhar\u0131 Aktar\u0131m H\u0131z\u0131 :&lt;0,6 gr\/(h.cm2) (TS EN ISO 7783-2)<\/span><br \/>\n<span style=\"color: #000000;\">Sertle\u015fmi\u015f \u00dcr\u00fcn\u00fcn S\u0131cakl\u0131k Dayan\u0131m\u0131 :(-25 \u00b0C) \u2013 (+80 \u00b0C)<\/span><br \/>\n<span style=\"color: #000000;\">Son Mukavemete Ula\u015fma S\u00fcresi (G\u00fcn) :14 G\u00fcn<\/span><br \/>\n<span style=\"color: #000000;\">\u00c7atlak K\u00f6pr\u00fcleme (21\u00b0C, %50 ba\u011f\u0131l Nem) :&gt;2 mm (EN 1062-7)<\/span><br \/>\n<span style=\"color: #000000;\">Bas\u0131n\u00e7l\u0131 Su Dayan\u0131m\u0131 :5 Bar Pozitif<\/span><br \/>\n<span style=\"color: #000000;\">Elastikiyet :%500-700<\/span><br \/>\n<span style=\"color: #000000;\">Teknik Bilgiler: +20\u00b0C (\u00b12\u00baC) hava s\u0131cakl\u0131\u011f\u0131 ve %50 \u00b15 ba\u011f\u0131l nem ko\u015fullar\u0131nda elde edilmi\u015ftir. Y\u00fcksek s\u0131cakl\u0131klar s\u00fcreleri k\u0131salt\u0131r, d\u00fc\u015f\u00fck s\u0131cakl\u0131klar uzat\u0131r. Ger\u00e7ekte elde edilen de\u011ferler, bizim kontrollerimizin d\u0131\u015f\u0131ndaki \u015fartlar sebebiyle de\u011fi\u015fiklik g\u00f6sterebilir.<\/span><\/p>\n<p><span style=\"color: #000000;\"><strong>AMBALAJ<\/strong><\/span><br \/>\n<span style=\"color: #000000;\">16 Kg Plastik Kova<\/span><\/p>\n<p><span style=\"color: #000000;\"><strong>RAF \u00d6MR\u00dc<\/strong><\/span><br \/>\n<span style=\"color: #000000;\">Orijinal, hasar g\u00f6rmemi\u015f ve a\u00e7\u0131lmam\u0131\u015f ambalaj\u0131nda \u00fcretim tarihi itibariyle 12 ay kullan\u0131labilir.<\/span><\/p>\n<p><span style=\"color: #000000;\"><strong>DEPOLAMA \u015eARTLARI<\/strong><\/span><br \/>\n<span style=\"color: #000000;\">+5 \u00b0C ve 35\u00b0C aral\u0131\u011f\u0131nda muhafaza edilmelidir. Dondan, nemden ve direkt g\u00fcne\u015f \u0131\u015f\u0131ndan korunmal\u0131d\u0131r.<\/span><\/p>\n","protected":false},"excerpt":{"rendered":"<p><span style=\"color: #000000;\"><a style=\"color: #000000;\" href=\"https:\/\/dolphinfix.com.tr\/eticaret\/wp-content\/uploads\/2025\/05\/FLEX-SEFFAF-AQUA-174-TDS.pdf\" target=\"_blank\" rel=\"noopener\">TDS Belgesini \u0130ndirmek \u0130\u00e7in T\u0131klay\u0131n\u0131z<br \/>\n<\/a><\/span><span style=\"color: #000000;\"><a style=\"color: #000000;\" href=\"#\" target=\"_blank\" rel=\"noopener\">CE Belgesini \u0130ndirmek \u0130\u00e7in T\u0131klay\u0131n\u0131z<\/a><\/span><\/p>\n","protected":false},"featured_media":19528,"comment_status":"open","ping_status":"closed","template":"","meta":{"_joinchat":[]},"product_cat":[103,83],"product_tag":[1168,1167,1172,1171,1166,1173,1163,1176,1164,1174,1170,1165,1169,1177,1175],"class_list":{"0":"post-18938","1":"product","2":"type-product","3":"status-publish","4":"has-post-thumbnail","6":"product_cat-seffaf-yalitim","7":"product_cat-su-yalitim-cozumleri","8":"product_tag-balkon-seffaf-izolasyon","9":"product_tag-cati-su-yalitim-kaplama","10":"product_tag-dekoratif-seffaf-kaplama","11":"product_tag-dis-cephe-seffaf-izolasyon","12":"product_tag-esnek-seffaf-izolasyon","13":"product_tag-esnek-su-yalitimi","14":"product_tag-flex-seffaf-aqua","15":"product_tag-ic-ve-dis-mekan-su-yalitimi","16":"product_tag-seffaf-izolasyon-malzemesi","17":"product_tag-seffaf-koruyucu-kaplama","18":"product_tag-seffaf-su-gecirimsiz-kaplama","19":"product_tag-su-yalitim-seffaf-kaplama","20":"product_tag-teras-su-yalitimi","21":"product_tag-uv-dayanimli-seffaf-izolasyon","22":"product_tag-zemin-seffaf-izolasyon","24":"first","25":"instock","26":"taxable","27":"shipping-taxable","28":"purchasable","29":"product-type-variable"},"yoast_head":"<!-- This site is optimized with the Yoast SEO Premium plugin v20.2.1 (Yoast SEO v20.2.1) - https:\/\/yoast.com\/wordpress\/plugins\/seo\/ -->\n<title>Flex \u015eeffaf Aqua Elastomerik Akrilik Su Yal\u0131t\u0131m | \u015eeffaf S\u00fcrme \u0130zolasyon<\/title>\n<meta name=\"description\" content=\"Flex \u015eeffaf Aqua su bazl\u0131 elastomerik su yal\u0131t\u0131m malzemesi; banyo, balkon, teras ve havuzlarda su ge\u00e7irimsiz, esnek ve \u00e7atlak k\u00f6pr\u00fcleyici koruma sa\u011flar. \u00dczerine seramik ve boya uygulanabilen tek bile\u015fenli \u015feffaf izolasyon \u00e7\u00f6z\u00fcm\u00fc.\" \/>\n<meta name=\"robots\" content=\"index, follow, max-snippet:-1, max-image-preview:large, max-video-preview:-1\" \/>\n<link rel=\"canonical\" href=\"https:\/\/dolphinfix.com.tr\/eticaret\/urun\/flex-seffaf-aqua\/\" \/>\n<meta property=\"og:locale\" content=\"tr_TR\" \/>\n<meta property=\"og:type\" content=\"article\" \/>\n<meta property=\"og:title\" content=\"FLEX \u015eEFFAF - AQUA 174\" \/>\n<meta property=\"og:description\" content=\"Flex \u015eeffaf Aqua su bazl\u0131 elastomerik su yal\u0131t\u0131m malzemesi; banyo, balkon, teras ve havuzlarda su ge\u00e7irimsiz, esnek ve \u00e7atlak k\u00f6pr\u00fcleyici koruma sa\u011flar. \u00dczerine seramik ve boya uygulanabilen tek bile\u015fenli \u015feffaf izolasyon \u00e7\u00f6z\u00fcm\u00fc.\" \/>\n<meta property=\"og:url\" content=\"https:\/\/dolphinfix.com.tr\/eticaret\/urun\/flex-seffaf-aqua\/\" \/>\n<meta property=\"og:site_name\" content=\"Dolphinfix\" \/>\n<meta property=\"article:modified_time\" content=\"2026-03-12T07:19:38+00:00\" \/>\n<meta property=\"og:image\" content=\"https:\/\/dolphinfix.com.tr\/eticaret\/wp-content\/uploads\/2025\/04\/174-AQUA-1080x1080-1.png\" \/>\n\t<meta property=\"og:image:width\" content=\"1080\" \/>\n\t<meta property=\"og:image:height\" content=\"842\" \/>\n\t<meta property=\"og:image:type\" content=\"image\/png\" \/>\n<meta name=\"twitter:card\" content=\"summary_large_image\" \/>\n<meta name=\"twitter:label1\" content=\"Tahmini okuma s\u00fcresi\" \/>\n\t<meta name=\"twitter:data1\" content=\"2 dakika\" \/>\n<script type=\"application\/ld+json\" class=\"yoast-schema-graph\">{\"@context\":\"https:\/\/schema.org\",\"@graph\":[{\"@type\":\"WebPage\",\"@id\":\"https:\/\/dolphinfix.com.tr\/eticaret\/urun\/flex-seffaf-aqua\/\",\"url\":\"https:\/\/dolphinfix.com.tr\/eticaret\/urun\/flex-seffaf-aqua\/\",\"name\":\"Flex \u015eeffaf Aqua Elastomerik Akrilik Su Yal\u0131t\u0131m | \u015eeffaf S\u00fcrme \u0130zolasyon\",\"isPartOf\":{\"@id\":\"https:\/\/dolphinfix.com.tr\/eticaret\/#website\"},\"datePublished\":\"2025-04-15T16:19:19+00:00\",\"dateModified\":\"2026-03-12T07:19:38+00:00\",\"description\":\"Flex \u015eeffaf Aqua su bazl\u0131 elastomerik su yal\u0131t\u0131m malzemesi; banyo, balkon, teras ve havuzlarda su ge\u00e7irimsiz, esnek ve \u00e7atlak k\u00f6pr\u00fcleyici koruma sa\u011flar. \u00dczerine seramik ve boya uygulanabilen tek bile\u015fenli \u015feffaf izolasyon \u00e7\u00f6z\u00fcm\u00fc.\",\"breadcrumb\":{\"@id\":\"https:\/\/dolphinfix.com.tr\/eticaret\/urun\/flex-seffaf-aqua\/#breadcrumb\"},\"inLanguage\":\"tr\",\"potentialAction\":[{\"@type\":\"ReadAction\",\"target\":[\"https:\/\/dolphinfix.com.tr\/eticaret\/urun\/flex-seffaf-aqua\/\"]}]},{\"@type\":\"BreadcrumbList\",\"@id\":\"https:\/\/dolphinfix.com.tr\/eticaret\/urun\/flex-seffaf-aqua\/#breadcrumb\",\"itemListElement\":[{\"@type\":\"ListItem\",\"position\":1,\"name\":\"Home\",\"item\":\"https:\/\/dolphinfix.com.tr\/eticaret\/\"},{\"@type\":\"ListItem\",\"position\":2,\"name\":\"Market\",\"item\":\"https:\/\/dolphinfix.com.tr\/eticaret\/market\/\"},{\"@type\":\"ListItem\",\"position\":3,\"name\":\"FLEX \u015eEFFAF &#8211; AQUA 174\"}]},{\"@type\":\"WebSite\",\"@id\":\"https:\/\/dolphinfix.com.tr\/eticaret\/#website\",\"url\":\"https:\/\/dolphinfix.com.tr\/eticaret\/\",\"name\":\"Dolphinfix\",\"description\":\"\",\"potentialAction\":[{\"@type\":\"SearchAction\",\"target\":{\"@type\":\"EntryPoint\",\"urlTemplate\":\"https:\/\/dolphinfix.com.tr\/eticaret\/?s={search_term_string}\"},\"query-input\":\"required name=search_term_string\"}],\"inLanguage\":\"tr\"}]}<\/script>\n<!-- \/ Yoast SEO Premium plugin. -->","yoast_head_json":{"title":"Flex \u015eeffaf Aqua Elastomerik Akrilik Su Yal\u0131t\u0131m | \u015eeffaf S\u00fcrme \u0130zolasyon","description":"Flex \u015eeffaf Aqua su bazl\u0131 elastomerik su yal\u0131t\u0131m malzemesi; banyo, balkon, teras ve havuzlarda su ge\u00e7irimsiz, esnek ve \u00e7atlak k\u00f6pr\u00fcleyici koruma sa\u011flar. \u00dczerine seramik ve boya uygulanabilen tek bile\u015fenli \u015feffaf izolasyon \u00e7\u00f6z\u00fcm\u00fc.","robots":{"index":"index","follow":"follow","max-snippet":"max-snippet:-1","max-image-preview":"max-image-preview:large","max-video-preview":"max-video-preview:-1"},"canonical":"https:\/\/dolphinfix.com.tr\/eticaret\/urun\/flex-seffaf-aqua\/","og_locale":"tr_TR","og_type":"article","og_title":"FLEX \u015eEFFAF - AQUA 174","og_description":"Flex \u015eeffaf Aqua su bazl\u0131 elastomerik su yal\u0131t\u0131m malzemesi; banyo, balkon, teras ve havuzlarda su ge\u00e7irimsiz, esnek ve \u00e7atlak k\u00f6pr\u00fcleyici koruma sa\u011flar. \u00dczerine seramik ve boya uygulanabilen tek bile\u015fenli \u015feffaf izolasyon \u00e7\u00f6z\u00fcm\u00fc.","og_url":"https:\/\/dolphinfix.com.tr\/eticaret\/urun\/flex-seffaf-aqua\/","og_site_name":"Dolphinfix","article_modified_time":"2026-03-12T07:19:38+00:00","og_image":[{"width":1080,"height":842,"url":"https:\/\/dolphinfix.com.tr\/eticaret\/wp-content\/uploads\/2025\/04\/174-AQUA-1080x1080-1.png","type":"image\/png"}],"twitter_card":"summary_large_image","twitter_misc":{"Tahmini okuma s\u00fcresi":"2 dakika"},"schema":{"@context":"https:\/\/schema.org","@graph":[{"@type":"WebPage","@id":"https:\/\/dolphinfix.com.tr\/eticaret\/urun\/flex-seffaf-aqua\/","url":"https:\/\/dolphinfix.com.tr\/eticaret\/urun\/flex-seffaf-aqua\/","name":"Flex \u015eeffaf Aqua Elastomerik Akrilik Su Yal\u0131t\u0131m | \u015eeffaf S\u00fcrme \u0130zolasyon","isPartOf":{"@id":"https:\/\/dolphinfix.com.tr\/eticaret\/#website"},"datePublished":"2025-04-15T16:19:19+00:00","dateModified":"2026-03-12T07:19:38+00:00","description":"Flex \u015eeffaf Aqua su bazl\u0131 elastomerik su yal\u0131t\u0131m malzemesi; banyo, balkon, teras ve havuzlarda su ge\u00e7irimsiz, esnek ve \u00e7atlak k\u00f6pr\u00fcleyici koruma sa\u011flar. \u00dczerine seramik ve boya uygulanabilen tek bile\u015fenli \u015feffaf izolasyon \u00e7\u00f6z\u00fcm\u00fc.","breadcrumb":{"@id":"https:\/\/dolphinfix.com.tr\/eticaret\/urun\/flex-seffaf-aqua\/#breadcrumb"},"inLanguage":"tr","potentialAction":[{"@type":"ReadAction","target":["https:\/\/dolphinfix.com.tr\/eticaret\/urun\/flex-seffaf-aqua\/"]}]},{"@type":"BreadcrumbList","@id":"https:\/\/dolphinfix.com.tr\/eticaret\/urun\/flex-seffaf-aqua\/#breadcrumb","itemListElement":[{"@type":"ListItem","position":1,"name":"Home","item":"https:\/\/dolphinfix.com.tr\/eticaret\/"},{"@type":"ListItem","position":2,"name":"Market","item":"https:\/\/dolphinfix.com.tr\/eticaret\/market\/"},{"@type":"ListItem","position":3,"name":"FLEX \u015eEFFAF &#8211; AQUA 174"}]},{"@type":"WebSite","@id":"https:\/\/dolphinfix.com.tr\/eticaret\/#website","url":"https:\/\/dolphinfix.com.tr\/eticaret\/","name":"Dolphinfix","description":"","potentialAction":[{"@type":"SearchAction","target":{"@type":"EntryPoint","urlTemplate":"https:\/\/dolphinfix.com.tr\/eticaret\/?s={search_term_string}"},"query-input":"required name=search_term_string"}],"inLanguage":"tr"}]}},"_links":{"self":[{"href":"https:\/\/dolphinfix.com.tr\/eticaret\/wp-json\/wp\/v2\/product\/18938","targetHints":{"allow":["GET"]}}],"collection":[{"href":"https:\/\/dolphinfix.com.tr\/eticaret\/wp-json\/wp\/v2\/product"}],"about":[{"href":"https:\/\/dolphinfix.com.tr\/eticaret\/wp-json\/wp\/v2\/types\/product"}],"replies":[{"embeddable":true,"href":"https:\/\/dolphinfix.com.tr\/eticaret\/wp-json\/wp\/v2\/comments?post=18938"}],"version-history":[{"count":7,"href":"https:\/\/dolphinfix.com.tr\/eticaret\/wp-json\/wp\/v2\/product\/18938\/revisions"}],"predecessor-version":[{"id":19526,"href":"https:\/\/dolphinfix.com.tr\/eticaret\/wp-json\/wp\/v2\/product\/18938\/revisions\/19526"}],"wp:featuredmedia":[{"embeddable":true,"href":"https:\/\/dolphinfix.com.tr\/eticaret\/wp-json\/wp\/v2\/media\/19528"}],"wp:attachment":[{"href":"https:\/\/dolphinfix.com.tr\/eticaret\/wp-json\/wp\/v2\/media?parent=18938"}],"wp:term":[{"taxonomy":"product_cat","embeddable":true,"href":"https:\/\/dolphinfix.com.tr\/eticaret\/wp-json\/wp\/v2\/product_cat?post=18938"},{"taxonomy":"product_tag","embeddable":true,"href":"https:\/\/dolphinfix.com.tr\/eticaret\/wp-json\/wp\/v2\/product_tag?post=18938"}],"curies":[{"name":"wp","href":"https:\/\/api.w.org\/{rel}","templated":true}]}}