{"id":20502,"date":"2026-05-11T14:40:15","date_gmt":"2026-05-11T11:40:15","guid":{"rendered":"https:\/\/dolphinfix.com.tr\/eticaret\/?post_type=product&#038;p=20502"},"modified":"2026-05-11T14:46:45","modified_gmt":"2026-05-11T11:46:45","slug":"766-ak-boya","status":"publish","type":"product","link":"https:\/\/dolphinfix.com.tr\/eticaret\/urun\/766-ak-boya\/","title":{"rendered":"766 AK BOYA &#8211; AKR\u0130L\u0130K ZEM\u0130N BOYASI"},"content":{"rendered":"<p><span style=\"color: #ff0000;\"><strong>** PALET F\u0130YATLARI \u0130\u00c7\u0130N \u0130LET\u0130\u015e\u0130ME GE\u00c7\u0130N\u0130Z.**<\/strong><\/span><\/p>\n<h3><span style=\"color: #c61016;\">\u00dcR\u00dcN B\u0130LG\u0130LER\u0130 ;<\/span><\/h3>\n<p><span style=\"color: #000000;\"><strong>TANIMI<\/strong><\/span><br \/>\n<span style=\"color: #000000;\">766- AK BOYA, tek bilesenli, akrilik re\u00e7ine esasl\u0131, solvent bazl\u0131 zemin kaplama boyas\u0131d\u0131r. Soguk uygulamaya uygundur, h\u0131zl\u0131 k\u00fcrlenir ve UV \u0131s\u0131nlar\u0131na kars\u0131 dayan\u0131kl\u0131d\u0131r. Asfalt, beton<\/span><br \/>\n<span style=\"color: #000000;\">ve \u00e7esitli zeminlerde y\u00fcksek mekanik dayan\u0131m ve uzun \u00f6m\u00fcrl\u00fc kaplama saglar. Uygulamas\u0131 kolayd\u0131r; rulo, f\u0131r\u00e7a ve profesyonel ekipmanlarla uygulanabilir.<\/span><\/p>\n<p><span style=\"color: #000000;\"><strong>KULLANIM ALANLARI<\/strong><\/span><br \/>\n<span style=\"color: #000000;\">\u2022Otoyollar, sehir i\u00e7i yollar<\/span><br \/>\n<span style=\"color: #000000;\">\u2022Havaalanlar\u0131 ve pist \u00e7evre alanlar\u0131<\/span><br \/>\n<span style=\"color: #000000;\">\u2022K\u00f6pr\u00fcler<\/span><br \/>\n<span style=\"color: #000000;\">\u2022Konut ve AVM zeminleri<\/span><br \/>\n<span style=\"color: #000000;\">\u2022Parke tas\u0131 ve bord\u00fcr y\u00fczeyleri<\/span><\/p>\n<p><span style=\"color: #000000;\"><strong>\u00dcR\u00dcN \u00d6ZELL\u0130KLER\u0130<\/strong><\/span><br \/>\n<span style=\"color: #000000;\">\u2022Tek komponentlidir ve uygulamas\u0131 kolayd\u0131r.<\/span><br \/>\n<span style=\"color: #000000;\">\u2022UV \u0131s\u0131nlar\u0131na kars\u0131 y\u00fcksek dayan\u0131m g\u00f6sterir.<\/span><br \/>\n<span style=\"color: #000000;\">\u2022H\u0131zl\u0131 k\u00fcr alma \u00f6zelligine sahiptir.<\/span><br \/>\n<span style=\"color: #000000;\">\u2022Soguk olarak uygulanabilir.<\/span><br \/>\n<span style=\"color: #000000;\">\u2022Y\u00fczeye g\u00fc\u00e7l\u00fc yap\u0131sma saglar.<\/span><\/p>\n<p><span style=\"color: #000000;\"><strong>TEKN\u0130K \u00d6ZELL\u0130KLER<\/strong><\/span><br \/>\n<span style=\"color: #000000;\">Yap\u0131: Akrilik re\u00e7ine esasl\u0131, solventli<\/span><br \/>\n<span style=\"color: #000000;\">Renkler: (istege bagl\u0131 \u00f6zel renk \u00fcretilebilir)<\/span><br \/>\n<span style=\"color: #000000;\">G\u00f6r\u00fcn\u00fcm: Parlak<\/span><br \/>\n<span style=\"color: #000000;\">Yogunluk: 1.40\u20131.50 g\/cm\u00b3<\/span><br \/>\n<span style=\"color: #000000;\">Kat\u0131 Madde (Ag\u0131rl\u0131k\u00e7a): %55 \u2013 %65<\/span><br \/>\n<span style=\"color: #000000;\">Viskozite: 80\u201395 KU (25\u00b0C)<\/span><br \/>\n<span style=\"color: #000000;\">Kuru Film Kal\u0131nl\u0131g\u0131: 50\u201364 mikron\/kat<\/span><br \/>\n<span style=\"color: #000000;\">T\u00fcketim: 100 g\/m\u00b2 (tek katta)<\/span><br \/>\n<span style=\"color: #000000;\">Uygulama y\u00f6ntemi: Rulo, f\u0131r\u00e7a veya p\u00fcsk\u00fcrtme ekipman\u0131<\/span><\/p>\n<p><span style=\"color: #000000;\"><strong>UYGULAMA BILGISI<\/strong><\/span><br \/>\n<span style=\"color: #000000;\">\u00dcr\u00fcn kullan\u0131ma haz\u0131rd\u0131r.<\/span><br \/>\n<span style=\"color: #000000;\">Uygulama \u00f6ncesi iyice kar\u0131st\u0131r\u0131lmas\u0131 \u00f6nerilir.<\/span><br \/>\n<span style=\"color: #000000;\">Ek inceltme gerekmemektedir.<\/span><br \/>\n<span style=\"color: #000000;\">Uygulama ekipman\u0131na g\u00f6re ayarlama yap\u0131labilir.<\/span><br \/>\n<span style=\"color: #000000;\">Y\u00fczey temiz, kuru, yagdan ve tozdan ar\u0131nd\u0131r\u0131lm\u0131s olmal\u0131d\u0131r.<\/span><br \/>\n<span style=\"color: #000000;\">Hasarl\u0131 b\u00f6lgeler, \u00e7atlaklar ve bosluklar uygun tamir malzemeleri ile onar\u0131lmal\u0131d\u0131r.<\/span><br \/>\n<span style=\"color: #000000;\">Y\u00fczeydeki bozukluklar, \u00e7\u0131k\u0131nt\u0131lar ve kal\u0131nt\u0131lar temizlenmelidir.<\/span><br \/>\n<span style=\"color: #000000;\">Y\u00fczey ve ortam s\u0131cakl\u0131g\u0131 +5\u00b0C ile +30\u00b0C aras\u0131nda olmal\u0131d\u0131r.<\/span><br \/>\n<span style=\"color: #000000;\">Katlar aras\u0131nda 24 saat beklenmelidir.<\/span><br \/>\n<span style=\"color: #000000;\">Uygulama s\u0131ras\u0131nda da y\u00fczeyin temiz, kuru ve tozdan ar\u0131nd\u0131r\u0131lm\u0131s olmas\u0131na dikkat edilmelidir.<\/span><\/p>\n<p><span style=\"color: #000000;\"><strong>KURUMA S\u00dcRELERI 25\u00b0C \/ %50 Rh)<\/strong><\/span><br \/>\n<span style=\"color: #000000;\">\u2022Dokunma kurumas\u0131: 10 \u2013 15 dakika<\/span><br \/>\n<span style=\"color: #000000;\">\u2022Toz tutmama: 20 \u2013 30 dakika<\/span><br \/>\n<span style=\"color: #000000;\">\u2022Tam kuruma: 3 saat<\/span><br \/>\n<span style=\"color: #000000;\">D\u00fcs\u00fck s\u0131cakl\u0131k ve y\u00fcksek nemde s\u00fcreler uzayabilir.<\/span><\/p>\n<p><span style=\"color: #000000;\"><strong>DEPOLAMA SARTLARI<\/strong><\/span><br \/>\n<span style=\"color: #000000;\">Agz\u0131 kapal\u0131 orijinal ambalaj\u0131nda serin ve kuru ortamda 1 y\u0131l saklanabilir. Dogrudan g\u00fcnes \u0131s\u0131g\u0131na ve dondan koruyun.<\/span><\/p>\n<p><span style=\"color: #000000;\"><strong>AMBALAJ<\/strong><\/span><br \/>\n<span style=\"color: #000000;\">15 kg teneke<\/span><\/p>\n<p><span style=\"color: #000000;\"><strong>SARFIYAT<\/strong> : 200 &#8211; 300 gr.\/m2 \/kat<\/span><\/p>\n<p><span style=\"color: #000000;\"><strong>RAF \u00d6MR\u00dc<\/strong><\/span><br \/>\n<span style=\"color: #000000;\">6-12 ay (kuru, serin ve uygun kosullarda sakland\u0131g\u0131nda)<\/span><\/p>\n","protected":false},"excerpt":{"rendered":"<p><span style=\"color: #000000;\"><a style=\"color: #000000;\" href=\"https:\/\/dolphinfix.com.tr\/eticaret\/wp-content\/uploads\/2026\/05\/766-AKRILIK-ZEMIN-BOYASI-TDS-PDF.pdf\" target=\"_blank\" rel=\"noopener\">TDS Belgesini \u0130ndirmek \u0130\u00e7in T\u0131klay\u0131n\u0131z<br \/>\n<\/a><\/span><span style=\"color: #000000;\"><a style=\"color: #000000;\" href=\"#\" target=\"_blank\" rel=\"noopener\">CE Belgesini \u0130ndirmek \u0130\u00e7in T\u0131klay\u0131n\u0131z<\/a><\/span><\/p>\n<h4 data-pm-slice=\"0 0 []\"><span style=\"color: #666699;\">G\u00dcNCEL F\u0130YAT B\u0130LG\u0130S\u0130 \u0130\u00c7\u0130N L\u00dcTFEN \u0130LET\u0130\u015e\u0130ME GE\u00c7\u0130N\u0130Z.<\/span><\/h4>\n","protected":false},"featured_media":20506,"comment_status":"open","ping_status":"closed","template":"","meta":{"_joinchat":[]},"product_cat":[1901,238,83],"product_tag":[1917,1930,1919,1921,1577,1928,1931,1578,1926,1929,1932,1925,1924,1927,1934,1920,1933,1923,1922,1918],"class_list":{"0":"post-20502","1":"product","2":"type-product","3":"status-publish","4":"has-post-thumbnail","6":"product_cat-akrilik-esasli","7":"product_cat-genel-kategori","8":"product_cat-su-yalitim-cozumleri","9":"product_tag-766-ak-boya","10":"product_tag-akrilik-recine-boya","11":"product_tag-akrilik-zemin-boyasi","12":"product_tag-asfalt-boyasi","13":"product_tag-beton-zemin-boyasi","14":"product_tag-bordur-boyasi","15":"product_tag-dis-mekan-zemin-boyasi","16":"product_tag-endustriyel-zemin-boyasi","17":"product_tag-havaalani-zemin-boyasi","18":"product_tag-hizli-kuruyan-zemin-boyasi","19":"product_tag-ic-mekan-zemin-boyasi","20":"product_tag-kopru-boyasi","21":"product_tag-otopark-boyasi","22":"product_tag-parke-tasi-boyasi","23":"product_tag-profesyonel-zemin-kaplama-boyasi","24":"product_tag-solvent-bazli-boya","25":"product_tag-trafik-boyasi","26":"product_tag-uv-dayanimli-boya","27":"product_tag-yol-cizgi-boyasi","28":"product_tag-zemin-boyasi","30":"first","31":"instock","32":"taxable","33":"shipping-taxable","34":"product-type-variable"},"yoast_head":"<!-- This site is optimized with the Yoast SEO Premium plugin v20.2.1 (Yoast SEO v20.2.1) - https:\/\/yoast.com\/wordpress\/plugins\/seo\/ -->\n<title>766-AK Zemin Boyas\u0131 | Solvent Bazl\u0131 Akrilik Yol ve Beton Boyas\u0131<\/title>\n<meta name=\"description\" content=\"766-AK BOYA, solvent bazl\u0131 akrilik re\u00e7ine esasl\u0131 zemin kaplama boyas\u0131d\u0131r. Beton, asfalt ve \u00e7e\u015fitli y\u00fczeylerde UV dayan\u0131m\u0131, h\u0131zl\u0131 kuruma ve y\u00fcksek mekanik diren\u00e7 sa\u011flar.\" \/>\n<meta name=\"robots\" content=\"index, follow, max-snippet:-1, max-image-preview:large, max-video-preview:-1\" \/>\n<link rel=\"canonical\" href=\"https:\/\/dolphinfix.com.tr\/eticaret\/urun\/766-ak-boya\/\" \/>\n<meta property=\"og:locale\" content=\"tr_TR\" \/>\n<meta property=\"og:type\" content=\"article\" \/>\n<meta property=\"og:title\" content=\"766 AK BOYA - AKR\u0130L\u0130K ZEM\u0130N BOYASI\" \/>\n<meta property=\"og:description\" content=\"766-AK BOYA, solvent bazl\u0131 akrilik re\u00e7ine esasl\u0131 zemin kaplama boyas\u0131d\u0131r. Beton, asfalt ve \u00e7e\u015fitli y\u00fczeylerde UV dayan\u0131m\u0131, h\u0131zl\u0131 kuruma ve y\u00fcksek mekanik diren\u00e7 sa\u011flar.\" \/>\n<meta property=\"og:url\" content=\"https:\/\/dolphinfix.com.tr\/eticaret\/urun\/766-ak-boya\/\" \/>\n<meta property=\"og:site_name\" content=\"Dolphinfix\" \/>\n<meta property=\"article:modified_time\" content=\"2026-05-11T11:46:45+00:00\" \/>\n<meta property=\"og:image\" content=\"https:\/\/dolphinfix.com.tr\/eticaret\/wp-content\/uploads\/2026\/05\/766-AKRILIK-ZEMIN-BOYASI-TENEKE-1000X1000-PNG.png\" \/>\n\t<meta property=\"og:image:width\" content=\"1000\" \/>\n\t<meta property=\"og:image:height\" content=\"1000\" \/>\n\t<meta property=\"og:image:type\" content=\"image\/png\" \/>\n<meta name=\"twitter:card\" content=\"summary_large_image\" \/>\n<meta name=\"twitter:label1\" content=\"Tahmini okuma s\u00fcresi\" \/>\n\t<meta name=\"twitter:data1\" content=\"2 dakika\" \/>\n<script type=\"application\/ld+json\" class=\"yoast-schema-graph\">{\"@context\":\"https:\/\/schema.org\",\"@graph\":[{\"@type\":\"WebPage\",\"@id\":\"https:\/\/dolphinfix.com.tr\/eticaret\/urun\/766-ak-boya\/\",\"url\":\"https:\/\/dolphinfix.com.tr\/eticaret\/urun\/766-ak-boya\/\",\"name\":\"766-AK Zemin Boyas\u0131 | Solvent Bazl\u0131 Akrilik Yol ve Beton Boyas\u0131\",\"isPartOf\":{\"@id\":\"https:\/\/dolphinfix.com.tr\/eticaret\/#website\"},\"datePublished\":\"2026-05-11T11:40:15+00:00\",\"dateModified\":\"2026-05-11T11:46:45+00:00\",\"description\":\"766-AK BOYA, solvent bazl\u0131 akrilik re\u00e7ine esasl\u0131 zemin kaplama boyas\u0131d\u0131r. Beton, asfalt ve \u00e7e\u015fitli y\u00fczeylerde UV dayan\u0131m\u0131, h\u0131zl\u0131 kuruma ve y\u00fcksek mekanik diren\u00e7 sa\u011flar.\",\"breadcrumb\":{\"@id\":\"https:\/\/dolphinfix.com.tr\/eticaret\/urun\/766-ak-boya\/#breadcrumb\"},\"inLanguage\":\"tr\",\"potentialAction\":[{\"@type\":\"ReadAction\",\"target\":[\"https:\/\/dolphinfix.com.tr\/eticaret\/urun\/766-ak-boya\/\"]}]},{\"@type\":\"BreadcrumbList\",\"@id\":\"https:\/\/dolphinfix.com.tr\/eticaret\/urun\/766-ak-boya\/#breadcrumb\",\"itemListElement\":[{\"@type\":\"ListItem\",\"position\":1,\"name\":\"Home\",\"item\":\"https:\/\/dolphinfix.com.tr\/eticaret\/\"},{\"@type\":\"ListItem\",\"position\":2,\"name\":\"Market\",\"item\":\"https:\/\/dolphinfix.com.tr\/eticaret\/market\/\"},{\"@type\":\"ListItem\",\"position\":3,\"name\":\"766 AK BOYA &#8211; AKR\u0130L\u0130K ZEM\u0130N BOYASI\"}]},{\"@type\":\"WebSite\",\"@id\":\"https:\/\/dolphinfix.com.tr\/eticaret\/#website\",\"url\":\"https:\/\/dolphinfix.com.tr\/eticaret\/\",\"name\":\"Dolphinfix\",\"description\":\"\",\"potentialAction\":[{\"@type\":\"SearchAction\",\"target\":{\"@type\":\"EntryPoint\",\"urlTemplate\":\"https:\/\/dolphinfix.com.tr\/eticaret\/?s={search_term_string}\"},\"query-input\":\"required name=search_term_string\"}],\"inLanguage\":\"tr\"}]}<\/script>\n<!-- \/ Yoast SEO Premium plugin. -->","yoast_head_json":{"title":"766-AK Zemin Boyas\u0131 | Solvent Bazl\u0131 Akrilik Yol ve Beton Boyas\u0131","description":"766-AK BOYA, solvent bazl\u0131 akrilik re\u00e7ine esasl\u0131 zemin kaplama boyas\u0131d\u0131r. Beton, asfalt ve \u00e7e\u015fitli y\u00fczeylerde UV dayan\u0131m\u0131, h\u0131zl\u0131 kuruma ve y\u00fcksek mekanik diren\u00e7 sa\u011flar.","robots":{"index":"index","follow":"follow","max-snippet":"max-snippet:-1","max-image-preview":"max-image-preview:large","max-video-preview":"max-video-preview:-1"},"canonical":"https:\/\/dolphinfix.com.tr\/eticaret\/urun\/766-ak-boya\/","og_locale":"tr_TR","og_type":"article","og_title":"766 AK BOYA - AKR\u0130L\u0130K ZEM\u0130N BOYASI","og_description":"766-AK BOYA, solvent bazl\u0131 akrilik re\u00e7ine esasl\u0131 zemin kaplama boyas\u0131d\u0131r. Beton, asfalt ve \u00e7e\u015fitli y\u00fczeylerde UV dayan\u0131m\u0131, h\u0131zl\u0131 kuruma ve y\u00fcksek mekanik diren\u00e7 sa\u011flar.","og_url":"https:\/\/dolphinfix.com.tr\/eticaret\/urun\/766-ak-boya\/","og_site_name":"Dolphinfix","article_modified_time":"2026-05-11T11:46:45+00:00","og_image":[{"width":1000,"height":1000,"url":"https:\/\/dolphinfix.com.tr\/eticaret\/wp-content\/uploads\/2026\/05\/766-AKRILIK-ZEMIN-BOYASI-TENEKE-1000X1000-PNG.png","type":"image\/png"}],"twitter_card":"summary_large_image","twitter_misc":{"Tahmini okuma s\u00fcresi":"2 dakika"},"schema":{"@context":"https:\/\/schema.org","@graph":[{"@type":"WebPage","@id":"https:\/\/dolphinfix.com.tr\/eticaret\/urun\/766-ak-boya\/","url":"https:\/\/dolphinfix.com.tr\/eticaret\/urun\/766-ak-boya\/","name":"766-AK Zemin Boyas\u0131 | Solvent Bazl\u0131 Akrilik Yol ve Beton Boyas\u0131","isPartOf":{"@id":"https:\/\/dolphinfix.com.tr\/eticaret\/#website"},"datePublished":"2026-05-11T11:40:15+00:00","dateModified":"2026-05-11T11:46:45+00:00","description":"766-AK BOYA, solvent bazl\u0131 akrilik re\u00e7ine esasl\u0131 zemin kaplama boyas\u0131d\u0131r. Beton, asfalt ve \u00e7e\u015fitli y\u00fczeylerde UV dayan\u0131m\u0131, h\u0131zl\u0131 kuruma ve y\u00fcksek mekanik diren\u00e7 sa\u011flar.","breadcrumb":{"@id":"https:\/\/dolphinfix.com.tr\/eticaret\/urun\/766-ak-boya\/#breadcrumb"},"inLanguage":"tr","potentialAction":[{"@type":"ReadAction","target":["https:\/\/dolphinfix.com.tr\/eticaret\/urun\/766-ak-boya\/"]}]},{"@type":"BreadcrumbList","@id":"https:\/\/dolphinfix.com.tr\/eticaret\/urun\/766-ak-boya\/#breadcrumb","itemListElement":[{"@type":"ListItem","position":1,"name":"Home","item":"https:\/\/dolphinfix.com.tr\/eticaret\/"},{"@type":"ListItem","position":2,"name":"Market","item":"https:\/\/dolphinfix.com.tr\/eticaret\/market\/"},{"@type":"ListItem","position":3,"name":"766 AK BOYA &#8211; AKR\u0130L\u0130K ZEM\u0130N BOYASI"}]},{"@type":"WebSite","@id":"https:\/\/dolphinfix.com.tr\/eticaret\/#website","url":"https:\/\/dolphinfix.com.tr\/eticaret\/","name":"Dolphinfix","description":"","potentialAction":[{"@type":"SearchAction","target":{"@type":"EntryPoint","urlTemplate":"https:\/\/dolphinfix.com.tr\/eticaret\/?s={search_term_string}"},"query-input":"required name=search_term_string"}],"inLanguage":"tr"}]}},"_links":{"self":[{"href":"https:\/\/dolphinfix.com.tr\/eticaret\/wp-json\/wp\/v2\/product\/20502","targetHints":{"allow":["GET"]}}],"collection":[{"href":"https:\/\/dolphinfix.com.tr\/eticaret\/wp-json\/wp\/v2\/product"}],"about":[{"href":"https:\/\/dolphinfix.com.tr\/eticaret\/wp-json\/wp\/v2\/types\/product"}],"replies":[{"embeddable":true,"href":"https:\/\/dolphinfix.com.tr\/eticaret\/wp-json\/wp\/v2\/comments?post=20502"}],"version-history":[{"count":3,"href":"https:\/\/dolphinfix.com.tr\/eticaret\/wp-json\/wp\/v2\/product\/20502\/revisions"}],"predecessor-version":[{"id":20510,"href":"https:\/\/dolphinfix.com.tr\/eticaret\/wp-json\/wp\/v2\/product\/20502\/revisions\/20510"}],"wp:featuredmedia":[{"embeddable":true,"href":"https:\/\/dolphinfix.com.tr\/eticaret\/wp-json\/wp\/v2\/media\/20506"}],"wp:attachment":[{"href":"https:\/\/dolphinfix.com.tr\/eticaret\/wp-json\/wp\/v2\/media?parent=20502"}],"wp:term":[{"taxonomy":"product_cat","embeddable":true,"href":"https:\/\/dolphinfix.com.tr\/eticaret\/wp-json\/wp\/v2\/product_cat?post=20502"},{"taxonomy":"product_tag","embeddable":true,"href":"https:\/\/dolphinfix.com.tr\/eticaret\/wp-json\/wp\/v2\/product_tag?post=20502"}],"curies":[{"name":"wp","href":"https:\/\/api.w.org\/{rel}","templated":true}]}}